{"id":763,"date":"2019-07-02T18:10:44","date_gmt":"2019-07-02T16:10:44","guid":{"rendered":"http:\/\/gyneobs.com\/site\/?page_id=763"},"modified":"2019-07-02T18:10:44","modified_gmt":"2019-07-02T16:10:44","slug":"liposuccion-resultats","status":"publish","type":"page","link":"https:\/\/gyneobs.com\/site\/chirurgie-esthetique\/liposuccion-resultats\/","title":{"rendered":"Liposuccion: R\u00e9sultats"},"content":{"rendered":"\n<h2 class=\"wp-block-heading\"><strong>Face ant\u00e9rieure de l\u2019abdomen<\/strong>\u00a0<\/h2>\n\n\n\n<p>La liposuccion porte en g\u00e9n\u00e9ral plut\u00f4t dans la partie sous-ombilicale dont la graisse est plus souple au contraire de la r\u00e9gion sus-ombilicale dont la graisse plus dense se pr\u00eate moins \u00e0 la liposuccion.<\/p>\n\n\n\n<p>Photos extraites de la collection personnelle du Dr PETER (avant intervention \u00e0 gauche, apr\u00e8s intervention \u00e0 droite):<br><\/p>\n\n\n\n<figure class=\"wp-block-image\"><img loading=\"lazy\" decoding=\"async\" width=\"464\" height=\"703\" src=\"http:\/\/gyneobs.com\/site\/wp-content\/uploads\/2019\/07\/Capture-d\u2019\u00e9cran-2019-07-02-\u00e0-18.00.24.png\" alt=\"\" class=\"wp-image-764\" srcset=\"https:\/\/gyneobs.com\/site\/wp-content\/uploads\/2019\/07\/Capture-d\u2019\u00e9cran-2019-07-02-\u00e0-18.00.24.png 464w, https:\/\/gyneobs.com\/site\/wp-content\/uploads\/2019\/07\/Capture-d\u2019\u00e9cran-2019-07-02-\u00e0-18.00.24-198x300.png 198w\" sizes=\"auto, (max-width: 464px) 100vw, 464px\" \/><\/figure>\n\n\n\n<figure class=\"wp-block-image\"><img loading=\"lazy\" decoding=\"async\" width=\"455\" height=\"697\" src=\"http:\/\/gyneobs.com\/site\/wp-content\/uploads\/2019\/07\/Capture-d\u2019\u00e9cran-2019-07-02-\u00e0-18.00.34.png\" alt=\"\" class=\"wp-image-765\" srcset=\"https:\/\/gyneobs.com\/site\/wp-content\/uploads\/2019\/07\/Capture-d\u2019\u00e9cran-2019-07-02-\u00e0-18.00.34.png 455w, https:\/\/gyneobs.com\/site\/wp-content\/uploads\/2019\/07\/Capture-d\u2019\u00e9cran-2019-07-02-\u00e0-18.00.34-196x300.png 196w\" sizes=\"auto, (max-width: 455px) 100vw, 455px\" \/><\/figure>\n\n\n\n<figure class=\"wp-block-image\"><img loading=\"lazy\" decoding=\"async\" width=\"456\" height=\"529\" src=\"http:\/\/gyneobs.com\/site\/wp-content\/uploads\/2019\/07\/Capture-d\u2019\u00e9cran-2019-07-02-\u00e0-18.00.45.png\" alt=\"\" class=\"wp-image-766\" srcset=\"https:\/\/gyneobs.com\/site\/wp-content\/uploads\/2019\/07\/Capture-d\u2019\u00e9cran-2019-07-02-\u00e0-18.00.45.png 456w, https:\/\/gyneobs.com\/site\/wp-content\/uploads\/2019\/07\/Capture-d\u2019\u00e9cran-2019-07-02-\u00e0-18.00.45-259x300.png 259w\" sizes=\"auto, (max-width: 456px) 100vw, 456px\" \/><\/figure>\n\n\n\n<figure class=\"wp-block-image\"><img loading=\"lazy\" decoding=\"async\" width=\"453\" height=\"374\" src=\"http:\/\/gyneobs.com\/site\/wp-content\/uploads\/2019\/07\/Capture-d\u2019\u00e9cran-2019-07-02-\u00e0-18.00.53.png\" alt=\"\" class=\"wp-image-767\" srcset=\"https:\/\/gyneobs.com\/site\/wp-content\/uploads\/2019\/07\/Capture-d\u2019\u00e9cran-2019-07-02-\u00e0-18.00.53.png 453w, https:\/\/gyneobs.com\/site\/wp-content\/uploads\/2019\/07\/Capture-d\u2019\u00e9cran-2019-07-02-\u00e0-18.00.53-300x248.png 300w\" sizes=\"auto, (max-width: 453px) 100vw, 453px\" \/><\/figure>\n\n\n\n<h2 class=\"wp-block-heading\"><strong>Culotte de cheval et zone dite des \u00abpoign\u00e9es d\u2019amour\u00bb.<\/strong>\u00a0<\/h2>\n\n\n\n<p>Photos extraites de la collection personnelle du Dr PETER:<\/p>\n\n\n\n<figure class=\"wp-block-image\"><img loading=\"lazy\" decoding=\"async\" width=\"555\" height=\"1024\" src=\"http:\/\/gyneobs.com\/site\/wp-content\/uploads\/2019\/07\/Capture-d\u2019\u00e9cran-2019-07-02-\u00e0-18.07.35-555x1024.png\" alt=\"\" class=\"wp-image-768\" srcset=\"https:\/\/gyneobs.com\/site\/wp-content\/uploads\/2019\/07\/Capture-d\u2019\u00e9cran-2019-07-02-\u00e0-18.07.35-555x1024.png 555w, https:\/\/gyneobs.com\/site\/wp-content\/uploads\/2019\/07\/Capture-d\u2019\u00e9cran-2019-07-02-\u00e0-18.07.35-163x300.png 163w, https:\/\/gyneobs.com\/site\/wp-content\/uploads\/2019\/07\/Capture-d\u2019\u00e9cran-2019-07-02-\u00e0-18.07.35.png 651w\" sizes=\"auto, (max-width: 555px) 100vw, 555px\" \/><\/figure>\n\n\n\n<figure class=\"wp-block-image\"><img loading=\"lazy\" decoding=\"async\" width=\"633\" height=\"1024\" src=\"http:\/\/gyneobs.com\/site\/wp-content\/uploads\/2019\/07\/Capture-d\u2019\u00e9cran-2019-07-02-\u00e0-18.07.48-633x1024.png\" alt=\"\" class=\"wp-image-769\" srcset=\"https:\/\/gyneobs.com\/site\/wp-content\/uploads\/2019\/07\/Capture-d\u2019\u00e9cran-2019-07-02-\u00e0-18.07.48-633x1024.png 633w, https:\/\/gyneobs.com\/site\/wp-content\/uploads\/2019\/07\/Capture-d\u2019\u00e9cran-2019-07-02-\u00e0-18.07.48-186x300.png 186w, https:\/\/gyneobs.com\/site\/wp-content\/uploads\/2019\/07\/Capture-d\u2019\u00e9cran-2019-07-02-\u00e0-18.07.48.png 665w\" sizes=\"auto, (max-width: 633px) 100vw, 633px\" \/><\/figure>\n\n\n\n<h2 class=\"wp-block-heading\"><strong>Face interne des genoux<\/strong><\/h2>\n\n\n\n<p>\u00a0Photos extraites de la collection personnelle du Dr PETER<\/p>\n\n\n\n<figure class=\"wp-block-image\"><img loading=\"lazy\" decoding=\"async\" width=\"663\" height=\"770\" src=\"http:\/\/gyneobs.com\/site\/wp-content\/uploads\/2019\/07\/Capture-d\u2019\u00e9cran-2019-07-02-\u00e0-18.09.37.png\" alt=\"\" class=\"wp-image-770\" srcset=\"https:\/\/gyneobs.com\/site\/wp-content\/uploads\/2019\/07\/Capture-d\u2019\u00e9cran-2019-07-02-\u00e0-18.09.37.png 663w, https:\/\/gyneobs.com\/site\/wp-content\/uploads\/2019\/07\/Capture-d\u2019\u00e9cran-2019-07-02-\u00e0-18.09.37-258x300.png 258w\" sizes=\"auto, (max-width: 663px) 100vw, 663px\" \/><\/figure>\n\n\n\n<h2 class=\"wp-block-heading\">Bras<\/h2>\n\n\n\n<figure class=\"wp-block-image\"><img loading=\"lazy\" decoding=\"async\" width=\"651\" height=\"248\" src=\"http:\/\/gyneobs.com\/site\/wp-content\/uploads\/2019\/07\/Capture-d\u2019\u00e9cran-2019-07-02-\u00e0-18.09.50.png\" alt=\"\" class=\"wp-image-771\" srcset=\"https:\/\/gyneobs.com\/site\/wp-content\/uploads\/2019\/07\/Capture-d\u2019\u00e9cran-2019-07-02-\u00e0-18.09.50.png 651w, https:\/\/gyneobs.com\/site\/wp-content\/uploads\/2019\/07\/Capture-d\u2019\u00e9cran-2019-07-02-\u00e0-18.09.50-300x114.png 300w\" sizes=\"auto, (max-width: 651px) 100vw, 651px\" \/><\/figure>\n","protected":false},"excerpt":{"rendered":"<p>Face ant\u00e9rieure de l\u2019abdomen\u00a0 La liposuccion porte en g\u00e9n\u00e9ral plut\u00f4t dans la partie sous-ombilicale dont la graisse est plus souple au contraire de la r\u00e9gion sus-ombilicale dont la graisse plus dense se pr\u00eate moins \u00e0 la liposuccion. Photos extraites de la collection personnelle du Dr PETER (avant intervention \u00e0 gauche, apr\u00e8s intervention \u00e0 droite): Culotte [&hellip;]<\/p>\n","protected":false},"author":1,"featured_media":0,"parent":696,"menu_order":6,"comment_status":"closed","ping_status":"closed","template":"","meta":{"_exactmetrics_skip_tracking":false,"_exactmetrics_sitenote_active":false,"_exactmetrics_sitenote_note":"","_exactmetrics_sitenote_category":0,"footnotes":""},"class_list":["post-763","page","type-page","status-publish","hentry","post"],"_links":{"self":[{"href":"https:\/\/gyneobs.com\/site\/wp-json\/wp\/v2\/pages\/763","targetHints":{"allow":["GET"]}}],"collection":[{"href":"https:\/\/gyneobs.com\/site\/wp-json\/wp\/v2\/pages"}],"about":[{"href":"https:\/\/gyneobs.com\/site\/wp-json\/wp\/v2\/types\/page"}],"author":[{"embeddable":true,"href":"https:\/\/gyneobs.com\/site\/wp-json\/wp\/v2\/users\/1"}],"replies":[{"embeddable":true,"href":"https:\/\/gyneobs.com\/site\/wp-json\/wp\/v2\/comments?post=763"}],"version-history":[{"count":1,"href":"https:\/\/gyneobs.com\/site\/wp-json\/wp\/v2\/pages\/763\/revisions"}],"predecessor-version":[{"id":772,"href":"https:\/\/gyneobs.com\/site\/wp-json\/wp\/v2\/pages\/763\/revisions\/772"}],"up":[{"embeddable":true,"href":"https:\/\/gyneobs.com\/site\/wp-json\/wp\/v2\/pages\/696"}],"wp:attachment":[{"href":"https:\/\/gyneobs.com\/site\/wp-json\/wp\/v2\/media?parent=763"}],"curies":[{"name":"wp","href":"https:\/\/api.w.org\/{rel}","templated":true}]}}