{"id":739,"date":"2019-07-02T17:41:32","date_gmt":"2019-07-02T15:41:32","guid":{"rendered":"http:\/\/gyneobs.com\/site\/?page_id=739"},"modified":"2019-07-02T17:41:32","modified_gmt":"2019-07-02T15:41:32","slug":"les-seins-tubereux","status":"publish","type":"page","link":"https:\/\/gyneobs.com\/site\/chirurgie-esthetique\/les-seins-tubereux\/","title":{"rendered":"Les seins tub\u00e9reux"},"content":{"rendered":"\n<div class=\"wp-block-image\"><figure class=\"alignright\"><img loading=\"lazy\" decoding=\"async\" width=\"384\" height=\"289\" src=\"http:\/\/gyneobs.com\/site\/wp-content\/uploads\/2019\/07\/image-74.png\" alt=\"\" class=\"wp-image-740\" srcset=\"https:\/\/gyneobs.com\/site\/wp-content\/uploads\/2019\/07\/image-74.png 384w, https:\/\/gyneobs.com\/site\/wp-content\/uploads\/2019\/07\/image-74-300x226.png 300w\" sizes=\"auto, (max-width: 384px) 100vw, 384px\" \/><\/figure><\/div>\n\n\n\n<p class=\"has-drop-cap\">Les seins tub\u00e9reux sont des malformations du sein qui apparaissent lors de la croissance de la poitrine chez les femmes \u00e0 la pubert\u00e9. Ces malformations sont psychologiquement invalidantes chez des jeunes filles en pleine adolescence. Aucune origine n&rsquo;a \u00e9t\u00e9 retrouv\u00e9e \u00e0 ces malformations.&nbsp;<\/p>\n\n\n\n<p><strong>L&rsquo;anomalie princeps et commune \u00e0 tous les seins tub\u00e9reux est une anomalie de la base d&rsquo;implantation du sein sous la forme d\u2019un anneau fibreux qui emp\u00eache l&rsquo;expansion mammaire de se faire vers la p\u00e9riph\u00e9rie du sein mais seulement vers l&rsquo;avant. Le sein prend une forme de tubercule.<\/strong><\/p>\n\n\n\n<p>Cela s\u2019accompagne de:<\/p>\n\n\n\n<p>&nbsp; &nbsp; -Une position trop haute du sillon sous-mammaire, de fa\u00e7on quasi constante.<\/p>\n\n\n\n<p>&nbsp; &nbsp; -Une anomalie de la plaque ar\u00e9olo-mamelonnaire, toujours trop large par rapport au volume du sein. Cette plaque ar\u00e9olo-mamelonnaire peut m\u00eame pr\u00e9senter une protrusion ar\u00e9olaire, v\u00e9ritable hernie de la glande \u00e0 travers le muscle mamillaire.<\/p>\n\n\n\n<p>&nbsp; &nbsp; -Des anomalies du volume mammaire. Les seins tub\u00e9reux sont le plus souvent hypotrophiques mais peuvent \u00eatre de volume normal ou parfois m\u00eame hypertrophiques.<\/p>\n\n\n\n<p>&nbsp; &nbsp; -Une asym\u00e9trie mammaire est pr\u00e9sente dans plus de 2\/3 des cas.<\/p>\n\n\n\n<p>&nbsp; &nbsp; -Et un \u00e9largissement de l\u2019espace intermammaire.<\/p>\n\n\n\n<figure class=\"wp-block-image is-resized\"><img loading=\"lazy\" decoding=\"async\" src=\"http:\/\/gyneobs.com\/site\/wp-content\/uploads\/2019\/07\/image-75.png\" alt=\"\" class=\"wp-image-741\" width=\"546\" height=\"441\" srcset=\"https:\/\/gyneobs.com\/site\/wp-content\/uploads\/2019\/07\/image-75.png 383w, https:\/\/gyneobs.com\/site\/wp-content\/uploads\/2019\/07\/image-75-300x242.png 300w\" sizes=\"auto, (max-width: 546px) 100vw, 546px\" \/><figcaption><strong>Seins tub\u00e9reux<\/strong><\/figcaption><\/figure>\n\n\n\n<p>Une classification en 3 grades a \u00e9t\u00e9 \u00e9tablie par Grolleau en fonction des anomalies pr\u00e9sent\u00e9es par les 4 quadrants de la base mammaire (quadrant sup\u00e9ro-interne, sup\u00e9ro-externe, inf\u00e9ro-externe et inf\u00e9ro-interne).<\/p>\n\n\n\n<p>&nbsp; &nbsp; -Grade I (55%):&nbsp; seul le segment inf\u00e9ro-interne est d\u00e9ficient et l&rsquo;ar\u00e9ole regarde alors vers le bas et le dedans. Le sillon sous-mammaire pr\u00e9sente alors une forme de S italique. Le volume mammaire peut \u00eatre hypotrophique, hypertrophique ou normal.<\/p>\n\n\n\n<p>&nbsp; &nbsp; -Grade II (25%): les 2 segments inf\u00e9rieurs (inf\u00e9ro-interne et inf\u00e9ro-externe) sont d\u00e9ficients et l&rsquo;ar\u00e9ole regarde alors vers le bas car la croissance mammaire ne se fait que dans les segments sup\u00e9rieurs.<\/p>\n\n\n\n<p>&nbsp; &nbsp; -Grade III (20%): les segments sup\u00e9rieurs et inf\u00e9rieurs sont d\u00e9ficients, la base mammaire est enti\u00e8rement r\u00e9tr\u00e9cie et la croissance se fait sous forme de tubercule. Le sein est g\u00e9n\u00e9ralement hypotrophique.<\/p>\n\n\n\n<p>Les 2 seins sont souvent tub\u00e9reux mais peuvent \u00eatre de grades diff\u00e9rents.<\/p>\n\n\n\n<p>le diagnostic est la plupart du temps pos\u00e9 lors de l\u2019adolescence par un trouble dans la croissance mammaire. L\u2019intervention de correction des seins tub\u00e9reux s\u2019adresse souvent \u00e0 des patientes jeunes, qui ont mal v\u00e9cu leur croissance mammaire. Ces patientes peuvent \u00eatre op\u00e9r\u00e9es d\u00e8s la fin de la pubert\u00e9 (17 ans).<\/p>\n\n\n\n<p>Le traitement est donc chirurgical et vise \u00e0 corriger diff\u00e9rents \u00e9l\u00e9ments:<\/p>\n\n\n\n<p>&nbsp; &nbsp; -\u00e9largir la base mammaire;<\/p>\n\n\n\n<p>&nbsp; &nbsp; -abaisser le sillon sous mammaire;<\/p>\n\n\n\n<p>&nbsp; &nbsp; -redistribuer le volume mammaire dans les zones o\u00f9 il manque; Parfois un compl\u00e9ment d\u2019augmentation du volume est n\u00e9cessaire, soit pas proth\u00e8se, soit par lipofilling;<\/p>\n\n\n\n<p>&nbsp; &nbsp; -r\u00e9duire&nbsp; le diam\u00e8tre de la plaque ar\u00e9olo-mamelonnaire et traiter une \u00e9ventuelle protrusion ar\u00e9olaire. Une incision p\u00e9ri-ar\u00e9olaire est donc la r\u00e8gle.<br><\/p>\n","protected":false},"excerpt":{"rendered":"<p>Les seins tub\u00e9reux sont des malformations du sein qui apparaissent lors de la croissance de la poitrine chez les femmes \u00e0 la pubert\u00e9. Ces malformations sont psychologiquement invalidantes chez des jeunes filles en pleine adolescence. Aucune origine n&rsquo;a \u00e9t\u00e9 retrouv\u00e9e \u00e0 ces malformations.&nbsp; L&rsquo;anomalie princeps et commune \u00e0 tous les seins tub\u00e9reux est une anomalie [&hellip;]<\/p>\n","protected":false},"author":1,"featured_media":0,"parent":696,"menu_order":4,"comment_status":"closed","ping_status":"closed","template":"","meta":{"_exactmetrics_skip_tracking":false,"_exactmetrics_sitenote_active":false,"_exactmetrics_sitenote_note":"","_exactmetrics_sitenote_category":0,"footnotes":""},"class_list":["post-739","page","type-page","status-publish","hentry","post"],"_links":{"self":[{"href":"https:\/\/gyneobs.com\/site\/wp-json\/wp\/v2\/pages\/739","targetHints":{"allow":["GET"]}}],"collection":[{"href":"https:\/\/gyneobs.com\/site\/wp-json\/wp\/v2\/pages"}],"about":[{"href":"https:\/\/gyneobs.com\/site\/wp-json\/wp\/v2\/types\/page"}],"author":[{"embeddable":true,"href":"https:\/\/gyneobs.com\/site\/wp-json\/wp\/v2\/users\/1"}],"replies":[{"embeddable":true,"href":"https:\/\/gyneobs.com\/site\/wp-json\/wp\/v2\/comments?post=739"}],"version-history":[{"count":1,"href":"https:\/\/gyneobs.com\/site\/wp-json\/wp\/v2\/pages\/739\/revisions"}],"predecessor-version":[{"id":742,"href":"https:\/\/gyneobs.com\/site\/wp-json\/wp\/v2\/pages\/739\/revisions\/742"}],"up":[{"embeddable":true,"href":"https:\/\/gyneobs.com\/site\/wp-json\/wp\/v2\/pages\/696"}],"wp:attachment":[{"href":"https:\/\/gyneobs.com\/site\/wp-json\/wp\/v2\/media?parent=739"}],"curies":[{"name":"wp","href":"https:\/\/api.w.org\/{rel}","templated":true}]}}