{"id":1383,"date":"2019-07-05T09:04:56","date_gmt":"2019-07-05T07:04:56","guid":{"rendered":"http:\/\/gyneobs.com\/site\/?page_id=1383"},"modified":"2019-07-06T19:41:51","modified_gmt":"2019-07-06T17:41:51","slug":"cryoconservation","status":"publish","type":"page","link":"https:\/\/gyneobs.com\/site\/infertilite-et-procreation-medicalement-assistee\/cryoconservation\/","title":{"rendered":"CRYOCONSERVATION"},"content":{"rendered":"<p><div id=\"ccchildpages-1\" class=\"ccchildpages  simple ccclearfix\"><ul class=\"ccchildpages_list ccclearfix\"><li class=\"page_item page-item-997\"><a href=\"https:\/\/gyneobs.com\/site\/infertilite-et-procreation-medicalement-assistee\/cryoconservation\/la-cryoconservations-des-embryons\/\">La cryoconservations des embryons<\/a><\/li>\n<li class=\"page_item page-item-1006\"><a href=\"https:\/\/gyneobs.com\/site\/infertilite-et-procreation-medicalement-assistee\/cryoconservation\/la-vitrification\/\">La vitrification<\/a><\/li>\n<li class=\"page_item page-item-1002\"><a href=\"https:\/\/gyneobs.com\/site\/infertilite-et-procreation-medicalement-assistee\/cryoconservation\/vitrification-et-transfert-differe\/\">Vitrification et transfert diff\u00e9r\u00e9<\/a><\/li>\n<li class=\"page_item page-item-1055\"><a href=\"https:\/\/gyneobs.com\/site\/infertilite-et-procreation-medicalement-assistee\/cryoconservation\/la-preservation-de-la-fertilite\/\">La pr\u00e9servation de la fertilit\u00e9<\/a><\/li>\n<li class=\"page_item page-item-1057\"><a href=\"https:\/\/gyneobs.com\/site\/infertilite-et-procreation-medicalement-assistee\/cryoconservation\/la-vitrification-ovocytaire-de-convenance\/\">La vitrification ovocytaire de convenance<\/a><\/li><\/ul><\/div><br \/>\n<div id=\"ccchildpages-2\" class=\"ccchildpages threecol simple ccclearfix\"><div class=\"ccchildpage  ccfirst ccodd ccpage-count-1 ccpage-id-997 ccpage-la-cryoconservations-des-embryons ccpage-has-parent ccpage-pid-1383 ccpage-parent-cryoconservation\"><h3>La cryoconservations des embryons<\/h3><div class=\"ccpages_excerpt\">La cong\u00e9lation du sperme humain a connu ses premiers succ\u00e8s d\u00e8s les ann\u00e9es 1950. Suivant les travaux chez l\u2019animal men\u00e9s dans les ann\u00e9es 1970, c\u2019est peu apr\u00e8s l\u2019av\u00e8nement de la FIV que la cryoconservation des embryons humains a \u00e9t\u00e9 d\u00e9velopp\u00e9e, pour pallier le probl\u00e8me des embryons surnum\u00e9raires non transf\u00e9r\u00e9s in utero. La possibilit\u00e9 de congeler...<\/div><p class=\"ccpages_more\"><a href=\"https:\/\/gyneobs.com\/site\/infertilite-et-procreation-medicalement-assistee\/cryoconservation\/la-cryoconservations-des-embryons\/\"  title=\"Plus ...\">Plus ...<\/a><\/p><\/div><div class=\"ccchildpage  cceven ccpage-count-2 ccpage-id-1006 ccpage-la-vitrification ccpage-has-parent ccpage-pid-1383 ccpage-parent-cryoconservation\"><h3>La vitrification<\/h3><div class=\"ccpages_excerpt\">D\u00e9finition-Technique La cryoconservation est devenue indispensable en biologie de la reproduction. Si la cong\u00e9lation du sperme et des embryons est utilis\u00e9e en routine depuis des ann\u00e9es dans les laboratoires d\u2019Assistance m\u00e9dicale \u00e0 la procr\u00e9ation (AMP), celle des ovocytes n\u2019est pas aussi d\u00e9velopp\u00e9e et pose encore des probl\u00e8mes d\u2019efficacit\u00e9 et d\u2019innocuit\u00e9. La cong\u00e9lation lente utilise une...<\/div><p class=\"ccpages_more\"><a href=\"https:\/\/gyneobs.com\/site\/infertilite-et-procreation-medicalement-assistee\/cryoconservation\/la-vitrification\/\"  title=\"Plus ...\">Plus ...<\/a><\/p><\/div><div class=\"ccchildpage  cclast ccodd ccpage-count-3 ccpage-id-1002 ccpage-vitrification-et-transfert-differe ccpage-has-parent ccpage-pid-1383 ccpage-parent-cryoconservation\"><h3>Vitrification et transfert diff\u00e9r\u00e9<\/h3><div class=\"ccpages_excerpt\">En FIV le transfert de l\u2019embryon se fait habituellement dans les 5 premiers jours apr\u00e8s la f\u00e9condation. Cependant un certain nombre d\u2019\u00e9chec d\u2019implantation peuvent s\u2019expliquer par la mauvaise r\u00e9ceptivit\u00e9 endom\u00e9triale due \u00e0 l\u2019hyperstimulation ovarienne et des taux supraphysiologiques d\u2019estradiol et de progest\u00e9rone qu\u2019elle provoque. Il apparait que&nbsp; ces hyperstimulations entrainent&nbsp; &nbsp;&nbsp;&nbsp; -une alt\u00e9ration de la...<\/div><p class=\"ccpages_more\"><a href=\"https:\/\/gyneobs.com\/site\/infertilite-et-procreation-medicalement-assistee\/cryoconservation\/vitrification-et-transfert-differe\/\"  title=\"Plus ...\">Plus ...<\/a><\/p><\/div><div class=\"ccchildpage  ccfirst cceven ccpage-count-4 ccpage-id-1055 ccpage-la-preservation-de-la-fertilite ccpage-has-parent ccpage-pid-1383 ccpage-parent-cryoconservation\"><h3>La pr\u00e9servation de la fertilit\u00e9<\/h3><div class=\"ccpages_excerpt\">La pr\u00e9servation de la fertilit\u00e9 s\u2019adresse \u00e0 des hommes ou des femmes devant subir des traitements lourds, g\u00e9n\u00e9ralement pour cancers, et qui risquent de d\u00e9truire le fonctionnement des organes reproducteurs, ovaires ou testicules, ou Hors cancer, lorsqu\u2019un traitement ou une pathologie peuvent alt\u00e9rer la r\u00e9serve ovarienne (endom\u00e9triose, chirurgie des ovaires, kystes des ovaires\u2026). Pr\u00e9servation de...<\/div><p class=\"ccpages_more\"><a href=\"https:\/\/gyneobs.com\/site\/infertilite-et-procreation-medicalement-assistee\/cryoconservation\/la-preservation-de-la-fertilite\/\"  title=\"Plus ...\">Plus ...<\/a><\/p><\/div><div class=\"ccchildpage  ccodd ccpage-count-5 ccpage-id-1057 ccpage-la-vitrification-ovocytaire-de-convenance ccpage-has-parent ccpage-pid-1383 ccpage-parent-cryoconservation\"><h3>La vitrification ovocytaire de convenance<\/h3><div class=\"ccpages_excerpt\">Ce sujet concerne la pr\u00e9servation de la fertilit\u00e9 pour convenance personnelle. L\u2019\u00e2ge moyen de la premi\u00e8re grossesse augmente r\u00e9guli\u00e8rement dans tous les pays occidentaux. Il est en France d\u2019un peu plus de 30 ans. Ce report de la grossesse s\u2019explique par des raisons soci\u00e9tales bien connues: d\u00e9sir de privil\u00e9gier une carri\u00e8re professionnelle, acquisition d\u2019une s\u00e9curit\u00e9...<\/div><p class=\"ccpages_more\"><a href=\"https:\/\/gyneobs.com\/site\/infertilite-et-procreation-medicalement-assistee\/cryoconservation\/la-vitrification-ovocytaire-de-convenance\/\"  title=\"Plus ...\">Plus ...<\/a><\/p><\/div><\/div><\/p>\n","protected":false},"excerpt":{"rendered":"","protected":false},"author":1,"featured_media":0,"parent":833,"menu_order":2,"comment_status":"closed","ping_status":"closed","template":"","meta":{"_exactmetrics_skip_tracking":false,"_exactmetrics_sitenote_active":false,"_exactmetrics_sitenote_note":"","_exactmetrics_sitenote_category":0,"footnotes":""},"class_list":["post-1383","page","type-page","status-publish","hentry","post"],"_links":{"self":[{"href":"https:\/\/gyneobs.com\/site\/wp-json\/wp\/v2\/pages\/1383","targetHints":{"allow":["GET"]}}],"collection":[{"href":"https:\/\/gyneobs.com\/site\/wp-json\/wp\/v2\/pages"}],"about":[{"href":"https:\/\/gyneobs.com\/site\/wp-json\/wp\/v2\/types\/page"}],"author":[{"embeddable":true,"href":"https:\/\/gyneobs.com\/site\/wp-json\/wp\/v2\/users\/1"}],"replies":[{"embeddable":true,"href":"https:\/\/gyneobs.com\/site\/wp-json\/wp\/v2\/comments?post=1383"}],"version-history":[{"count":2,"href":"https:\/\/gyneobs.com\/site\/wp-json\/wp\/v2\/pages\/1383\/revisions"}],"predecessor-version":[{"id":1891,"href":"https:\/\/gyneobs.com\/site\/wp-json\/wp\/v2\/pages\/1383\/revisions\/1891"}],"up":[{"embeddable":true,"href":"https:\/\/gyneobs.com\/site\/wp-json\/wp\/v2\/pages\/833"}],"wp:attachment":[{"href":"https:\/\/gyneobs.com\/site\/wp-json\/wp\/v2\/media?parent=1383"}],"curies":[{"name":"wp","href":"https:\/\/api.w.org\/{rel}","templated":true}]}}