{"id":1271,"date":"2019-07-04T08:36:19","date_gmt":"2019-07-04T06:36:19","guid":{"rendered":"http:\/\/gyneobs.com\/site\/?page_id=1271"},"modified":"2019-07-07T09:03:43","modified_gmt":"2019-07-07T07:03:43","slug":"lanalgesie-peridurale","status":"publish","type":"page","link":"https:\/\/gyneobs.com\/site\/obstetrique\/la-grossesse\/lanalgesie-peridurale\/","title":{"rendered":"L&rsquo;analg\u00e9sie p\u00e9ridurale"},"content":{"rendered":"\n<p>La p\u00e9ridurale est une technique d&rsquo;anesth\u00e9sie locale et r\u00e9gionale. C&rsquo;est la plus utilis\u00e9e en ce qui concerne les accouchements.<\/p>\n\n\n\n<h2 class=\"wp-block-heading\"><br>\n<strong>Le principe&nbsp;<\/strong><\/h2>\n\n\n\n<p><br>\nL&rsquo;anesth\u00e9sie par p\u00e9ridurale permet de bloquer la transmission des sensations douloureuses au niveau des nerfs de la moelle \u00e9pini\u00e8re. Ce blocage est tr\u00e8s localis\u00e9, puisque l&rsquo;anesth\u00e9sie se pratique au niveau de la 3e et 4e lombaire.<br>\nElle fait dispara\u00eetre les sensations de la douleur, mais pas la sensibilit\u00e9, ni la motricit\u00e9, bien que l&rsquo;on se sente engourdie&#8230;<\/p>\n\n\n\n<figure class=\"wp-block-image\"><img loading=\"lazy\" decoding=\"async\" width=\"579\" height=\"399\" src=\"http:\/\/gyneobs.com\/site\/wp-content\/uploads\/2019\/07\/Capture-d\u2019\u00e9cran-2019-07-07-\u00e0-09.00.48.png\" alt=\"\" class=\"wp-image-2017\" srcset=\"https:\/\/gyneobs.com\/site\/wp-content\/uploads\/2019\/07\/Capture-d\u2019\u00e9cran-2019-07-07-\u00e0-09.00.48.png 579w, https:\/\/gyneobs.com\/site\/wp-content\/uploads\/2019\/07\/Capture-d\u2019\u00e9cran-2019-07-07-\u00e0-09.00.48-300x207.png 300w\" sizes=\"auto, (max-width: 579px) 100vw, 579px\" \/><figcaption>Principe de la p\u00e9ridurale<\/figcaption><\/figure>\n\n\n\n<p><br>\n<strong>Le moment de la pose <\/strong><br>\nTout d\u00e9pend de la rapidit\u00e9 de l&rsquo;accouchement. Si vous accouchez en 2 heures, vous risquez de ne pas b\u00e9n\u00e9ficier de la p\u00e9ridurale: sa mise en \u0153uvre ( et surtout les soins qui y sont associ\u00e9s) n\u00e9cessite un peu de temps.<br>\nEn g\u00e9n\u00e9ral, la pose de la p\u00e9ridurale se fait lorsque la dilatation du col a atteint 3 centim\u00e8tres. Mais tout d\u00e9pend de la disponibilit\u00e9 de l&rsquo;anesth\u00e9siste, et de votre r\u00e9action face \u00e0 la douleur\u2026 Dans le cas d\u2019un accouchement d\u00e9clench\u00e9 (programm\u00e9), la p\u00e9ridurale est pos\u00e9e d\u00e8s le d\u00e9but du d\u00e9clenchement, avant que les cntractions soient perceptibles.<\/p>\n\n\n\n<p><strong>La technique<\/strong> <br> L&rsquo;anesth\u00e9siste va introduire un cath\u00e9ter dans l&rsquo;espace p\u00e9ridural de la moelle \u00e9pini\u00e8re. (Un cath\u00e9ter est un petit tuyau souple et tr\u00e8s fin qui permet de faire passer le produit anesth\u00e9siant. L&rsquo;espace p\u00e9ridural est l&rsquo;enveloppe externe de la moelle \u00e9pini\u00e8re.) C&rsquo;est un moment important. Vous serez assise, et vous devrez faire le dos rond. <br> Le cath\u00e9ter pos\u00e9, il n&rsquo;a plus qu&rsquo;\u00e0 le fixer et diffuser le produit anesth\u00e9siant. Au bout de 10 \u00e0 15 minutes, vous ne sentirez plus que la sensation des contractions, plus la douleur.\u00a0<\/p>\n\n\n\n<figure class=\"wp-block-image\"><img loading=\"lazy\" decoding=\"async\" width=\"617\" height=\"535\" src=\"http:\/\/gyneobs.com\/site\/wp-content\/uploads\/2019\/07\/Capture-d\u2019\u00e9cran-2019-07-07-\u00e0-09.01.03.png\" alt=\"\" class=\"wp-image-2018\" srcset=\"https:\/\/gyneobs.com\/site\/wp-content\/uploads\/2019\/07\/Capture-d\u2019\u00e9cran-2019-07-07-\u00e0-09.01.03.png 617w, https:\/\/gyneobs.com\/site\/wp-content\/uploads\/2019\/07\/Capture-d\u2019\u00e9cran-2019-07-07-\u00e0-09.01.03-300x260.png 300w\" sizes=\"auto, (max-width: 617px) 100vw, 617px\" \/><figcaption>La pose de la p\u00e9ridurale<\/figcaption><\/figure>\n\n\n\n<div class=\"wp-block-image\"><figure class=\"alignright\"><img loading=\"lazy\" decoding=\"async\" width=\"318\" height=\"310\" src=\"http:\/\/gyneobs.com\/site\/wp-content\/uploads\/2019\/07\/Capture-d\u2019\u00e9cran-2019-07-07-\u00e0-09.01.11.png\" alt=\"\" class=\"wp-image-2019\" srcset=\"https:\/\/gyneobs.com\/site\/wp-content\/uploads\/2019\/07\/Capture-d\u2019\u00e9cran-2019-07-07-\u00e0-09.01.11.png 318w, https:\/\/gyneobs.com\/site\/wp-content\/uploads\/2019\/07\/Capture-d\u2019\u00e9cran-2019-07-07-\u00e0-09.01.11-300x292.png 300w\" sizes=\"auto, (max-width: 318px) 100vw, 318px\" \/><figcaption>Le cath\u00e9ter est en place<\/figcaption><\/figure><\/div>\n\n\n\n<p><br>\n<strong>Sa dur\u00e9e<\/strong><br>\nTout d\u00e9pend des habitudes de l&rsquo;h\u00f4pital ou de la clinique o\u00f9 vous accouchez.<br>\nCertains font une injection unique, assez importante qui est cens\u00e9e durer jusqu&rsquo;au bout, d&rsquo;autres font plusieurs petites injections.<\/p>\n\n\n\n<p>La consultation avec l\u2019anesth\u00e9siste<br>\nIl est important d&rsquo;avoir effectu\u00e9 une consultation avec l&rsquo;anesth\u00e9siste dans les derni\u00e8res semaines de votre grossesse. <br>\nPendant cette consultation, votre m\u00e9decin prendra en compte un certain nombre de caract\u00e9ristiques d&rsquo;ordre morphologiques (poids, taille&#8230;), vos ant\u00e9c\u00e9dents, d&rsquo;\u00e9ventuelles allergies connues. Cette consultation sera habituellement compl\u00e9t\u00e9e par un bilan sanguin.<br>\n&nbsp;<br>\n<strong>Les contre-indications<\/strong><\/p>\n\n\n\n<p>Il est impossible d&rsquo;effectuer une anesth\u00e9sie p\u00e9ridurale dans un certains nombres de cas:<br>\n&#8211; Si vous avez des troubles de la coagulation.<br>\n&#8211; Si vous pr\u00e9sentez une allergie au produit anesth\u00e9siant.<br>\n&#8211; Si vous avez une maladie neurologique en cours d&rsquo;\u00e9volution.<br>\n&#8211; Si vous avez subi une op\u00e9ration \u00e0 la colonne vert\u00e9brale il y a peu de temps.<br>\nOu,<br>\n&#8211; Si le jour de l&rsquo;accouchement, vous pr\u00e9sentez une infection cutan\u00e9e dans la zone de la piq\u00fbre.<br>\n&#8211; Si le jour de l&rsquo;accouchement vous avez une fi\u00e8vre sup\u00e9rieure \u00e0 38\u00b0.<br>\n&#8211; Si vous arrivez trop tard \u00e0 la maternit\u00e9, et que l\u2019accouchement est imminent.&nbsp;<\/p>\n\n\n\n<h2 class=\"wp-block-heading\"><strong>Les avantages de la p\u00e9ridurale<\/strong><\/h2>\n\n\n\n<p>L&rsquo;anesth\u00e9sie p\u00e9ridurale permet d\u2019\u00e9viter une anesth\u00e9sie g\u00e9n\u00e9rale et les risques qui y sont associ\u00e9s en cas de c\u00e9sarienne en urgence, d\u2019accouchement difficile, de complication au moment de la d\u00e9livrance. De plus en cas de p\u00e9ridurale dans ces situations, vous restez consciente conscientes et fortement pr\u00e9sentes \u00e0 la naissance du b\u00e9b\u00e9, ce qui n\u2019est pas n\u00e9gligeable.<\/p>\n\n\n\n<p>L&rsquo;avantage majeur de la p\u00e9ridurale est qu&rsquo;elle permet de maintenir constantes les fonctions vitales, la pression art\u00e9rielle, l&rsquo;influence hormonale, donc, elle permet de maintenir un climat calme et favorable pour l&rsquo;accouchement.<br>\nElle a aussi un effet b\u00e9n\u00e9fique dans certaines situations \u00e0 risque telles que l\u2019hypertension art\u00e9rielle, le diab\u00e8te,&nbsp; une maladie cardiaque, l\u2019\u00e9pilepsie, la myopie, etc.&nbsp;<\/p>\n\n\n\n<p>Enfin, elle est largement privil\u00e9gi\u00e9e (ou sa variante la rachie-anesth\u00e9sie) en cas de c\u00e9sarienne par rapport \u00e0 l\u2019anesth\u00e9sie g\u00e9n\u00e9rale.<br>\nEn dehors des indications de la p\u00e9ridurale pour les grossesse dites \u00ab\u00a0\u00e0 risques\u00a0\u00bb, la p\u00e9ridurale apporte des gros avantages pour les accouchements plus classiques:<br>\n&#8211; lorsque l&rsquo;accouchement est long et douloureux, la p\u00e9ridurale permet \u00e0 la future maman de se reposer, et de ne pas \u00eatre \u00e9puis\u00e9e au moment de l&rsquo;expulsion.<br>\n&#8211; lorsque la dilatation ne se fait pas facilement, la p\u00e9ridurale a un effet antispasmodique sur le col, permettant de le rendre plus souple et donc d&rsquo;acc\u00e9l\u00e9rer la dilatation.<\/p>\n\n\n\n<figure class=\"wp-block-image\"><img loading=\"lazy\" decoding=\"async\" width=\"655\" height=\"418\" src=\"http:\/\/gyneobs.com\/site\/wp-content\/uploads\/2019\/07\/Capture-d\u2019\u00e9cran-2019-07-07-\u00e0-09.03.03.png\" alt=\"\" class=\"wp-image-2020\" srcset=\"https:\/\/gyneobs.com\/site\/wp-content\/uploads\/2019\/07\/Capture-d\u2019\u00e9cran-2019-07-07-\u00e0-09.03.03.png 655w, https:\/\/gyneobs.com\/site\/wp-content\/uploads\/2019\/07\/Capture-d\u2019\u00e9cran-2019-07-07-\u00e0-09.03.03-300x191.png 300w\" sizes=\"auto, (max-width: 655px) 100vw, 655px\" \/><\/figure>\n\n\n\n<h2 class=\"wp-block-heading\"><strong>&nbsp;Existe-t-il des dangers&nbsp;?<\/strong><\/h2>\n\n\n\n<p>Beaucoup de choses ont \u00e9t\u00e9 dites et il est n\u00e9cessaire d&rsquo;\u00eatre clair sur cette question. Il faut tout d&rsquo;abord faire la diff\u00e9rence entre les accidents et les incidents de la p\u00e9ridurale. Les accidents correspondent \u00e0 des complications graves, les incidents pouvant \u00eatre source de m\u00e9contentement mais n&rsquo;\u00e9tant jamais source de pr\u00e9judice \u00e0 long terme.<\/p>\n\n\n\n<p>De simples&nbsp; incidents se produisent effectivement parfois; il faut le savoir et le dire honn\u00eatement. Mais ils ont d&rsquo;autant moins de chances de se produire que l&rsquo;anesth\u00e9siste est plus exp\u00e9riment\u00e9. Il peut s&rsquo;agir d&rsquo;une p\u00e9ridurale qui procure un soulagement insuffisant de la douleur ou qui n&rsquo;agit que d&rsquo;un c\u00f4t\u00e9. Il faut alors savoir reposer la p\u00e9ridurale d\u00e8s que l&rsquo;on constate son inefficacit\u00e9 et g\u00e9n\u00e9ralement, tout doit alors bien se passer. Il peut \u00e9galement survenir ce qu&rsquo;on appelle une br\u00e8che dure-m\u00e9rienne, c&rsquo;est-\u00e0-dire que l&rsquo;aiguille servant \u00e0 mettre en place la p\u00e9ridurale va un peu au-del\u00e0 de l&rsquo;espace vis\u00e9 et r\u00e9alise donc une v\u00e9ritable ponction lombaire. Un tel incident, outre le fait qu&rsquo;il peut \u00eatre \u00e0&nbsp; l&rsquo;origine d&rsquo;une chute de la tension art\u00e9rielle, peut exposer au risque ult\u00e9rieur de maux de t\u00eate li\u00e9s \u00e0 la fuite de liquide c\u00e9phalo-rachidien par le trou de ponction.&nbsp; &nbsp; Enfin quelques complications neurologiques peuvent exceptionnellement survenir, en rapport avec la formation d&rsquo;un h\u00e9matome ou d&rsquo;un abc\u00e8s au point de ponction. Ces cas sont tout \u00e0 fait rarissimes et une \u00e9tude r\u00e9cente concernant 27000 anesth\u00e9sies p\u00e9ridurales n&rsquo;a d\u00e9nombr\u00e9 que 9 accidents mettant potentiellement en jeu la vie de la patiente, mais n&rsquo;ayant entra\u00een\u00e9 aucune s\u00e9quelle.<\/p>\n\n\n\n<p>Les v\u00e9ritables accidents, s&rsquo;accompagnant de s\u00e9quelles d\u00e9finitives \u00e0 type de paralysies, se sont certes produits mais ne repr\u00e9sentent que quelques rares cas isol\u00e9s par rapport aux dizaines de milliers de p\u00e9ridurales qui ont \u00e9t\u00e9 pratiqu\u00e9es \u00e0 ce jour.<\/p>\n\n\n\n<p>En derni\u00e8re analyse, il appara\u00eet que les avantages de la p\u00e9ridurale sont tr\u00e8s sup\u00e9rieurs \u00e0 ses \u00ab&nbsp;inconv\u00e9nients&nbsp;\u00bb.<\/p>\n","protected":false},"excerpt":{"rendered":"<p>La p\u00e9ridurale est une technique d&rsquo;anesth\u00e9sie locale et r\u00e9gionale. C&rsquo;est la plus utilis\u00e9e en ce qui concerne les accouchements. Le principe&nbsp; L&rsquo;anesth\u00e9sie par p\u00e9ridurale permet de bloquer la transmission des sensations douloureuses au niveau des nerfs de la moelle \u00e9pini\u00e8re. Ce blocage est tr\u00e8s localis\u00e9, puisque l&rsquo;anesth\u00e9sie se pratique au niveau de la 3e et [&hellip;]<\/p>\n","protected":false},"author":1,"featured_media":0,"parent":1067,"menu_order":18,"comment_status":"closed","ping_status":"closed","template":"","meta":{"_exactmetrics_skip_tracking":false,"_exactmetrics_sitenote_active":false,"_exactmetrics_sitenote_note":"","_exactmetrics_sitenote_category":0,"footnotes":""},"class_list":["post-1271","page","type-page","status-publish","hentry","post"],"_links":{"self":[{"href":"https:\/\/gyneobs.com\/site\/wp-json\/wp\/v2\/pages\/1271","targetHints":{"allow":["GET"]}}],"collection":[{"href":"https:\/\/gyneobs.com\/site\/wp-json\/wp\/v2\/pages"}],"about":[{"href":"https:\/\/gyneobs.com\/site\/wp-json\/wp\/v2\/types\/page"}],"author":[{"embeddable":true,"href":"https:\/\/gyneobs.com\/site\/wp-json\/wp\/v2\/users\/1"}],"replies":[{"embeddable":true,"href":"https:\/\/gyneobs.com\/site\/wp-json\/wp\/v2\/comments?post=1271"}],"version-history":[{"count":2,"href":"https:\/\/gyneobs.com\/site\/wp-json\/wp\/v2\/pages\/1271\/revisions"}],"predecessor-version":[{"id":2021,"href":"https:\/\/gyneobs.com\/site\/wp-json\/wp\/v2\/pages\/1271\/revisions\/2021"}],"up":[{"embeddable":true,"href":"https:\/\/gyneobs.com\/site\/wp-json\/wp\/v2\/pages\/1067"}],"wp:attachment":[{"href":"https:\/\/gyneobs.com\/site\/wp-json\/wp\/v2\/media?parent=1271"}],"curies":[{"name":"wp","href":"https:\/\/api.w.org\/{rel}","templated":true}]}}