{"id":1217,"date":"2019-07-04T07:28:55","date_gmt":"2019-07-04T05:28:55","guid":{"rendered":"http:\/\/gyneobs.com\/site\/?page_id=1217"},"modified":"2019-07-07T10:53:37","modified_gmt":"2019-07-07T08:53:37","slug":"maladie-de-crohn-et-grossesse","status":"publish","type":"page","link":"https:\/\/gyneobs.com\/site\/obstetrique\/pathologies-et-grossesse\/maladie-de-crohn-et-grossesse\/","title":{"rendered":"Maladie de Crohn et grossesse"},"content":{"rendered":"\n<p class=\"has-drop-cap\">La maladie de Crohn est une maladie&nbsp; inflammatoire chronique pouvant toucher tous les segments du tube digestif. L&rsquo;il\u00e9on, le c\u00f4lon et l&rsquo;anus sont les segments les plus fr\u00e8quemment atteints.&nbsp;Les l\u00e9sions sont segmentaires, asym\u00e9triques, g\u00e9n\u00e9ralement profondes, s\u00e9par\u00e9es par des zones saines, et peuvent parfois \u00eatre \u00e0 l&rsquo;origine de fissures, de&nbsp; fistules et de&nbsp; st\u00e9noses.&nbsp;La maladie&nbsp;\u00e9volue par pouss\u00e9es entrecoup\u00e9es de p\u00e8riodes de r\u00e9missions (p\u00e9riodes calmes, sans sympt\u00f4mes).<\/p>\n\n\n\n<h2 class=\"wp-block-heading\"><strong>I-G\u00e9n\u00e9ralit\u00e9s sut la maladie de Crohn<\/strong><\/h2>\n\n\n\n<h3 class=\"wp-block-heading\"><strong>&nbsp; &nbsp; A-Les causes&nbsp;<\/strong><\/h3>\n\n\n\n<p>La maladie de Crohn fait partie des maladies auto-immunes.Il s\u2019agit d\u2019une anomalie de la r\u00e9ponse immunitaire de l&rsquo;intestin vis-\u00e0-vis de composants de la flore intestinale survenant chez des sujets g\u00e9n\u00e9tiquement pr\u00e9dispos\u00e9s et sous l&rsquo;influence de facteurs environnementaux.<br>\nDepuis 2001, o\u00f9 le premier g\u00eane de susceptibilit\u00e9 \u00e0 la maladie a \u00e9t\u00e9 identifi\u00e9&nbsp; sur le chromosome 16, pr\u00e8s d&rsquo;une centaine d&rsquo;autres g\u00e8nes ont \u00e9t\u00e9 mis en \u00e9vidence. N\u00e9anmoins, il n&rsquo;y a \u00e0 ce jour aucune indication \u00e0 effectuer une enqu\u00eate g\u00e9n\u00e9tique car la maladie n\u2019est pas class\u00e9e dans les maladies h\u00e9r\u00e9ditaires. Les parents de sujets atteints de maladie de Crohn peuvent simplement \u00eatre pr\u00e9venus du faible sur risque qu&rsquo;ils courent afin d&rsquo;\u00e9viter de fumer (le tabac est le seul facteur de risque clairement identifi\u00e9) et de consulter pr\u00e9cocement en cas de sympt\u00f4mes digestifs \u00e9vocateurs.<br>\nLes facteurs&nbsp; environnementaux qui y contribuent semblent li\u00e9s au mode de vie dans le pays industrialis\u00e9s (alimentation, type de la flore intestinale, stress, tabac\u2026)<\/p>\n\n\n\n<p>Parmi tous les facteurs de risque le seul qui est clairement \u00e9tabli est le tabac, par des m\u00e9canismes encore inconnus. Mais aussi est \u00e9voqu\u00e9 le r\u00f4le \u00e9ventuel d\u2019une infection par un virus ou une bact\u00e9rie (salmonella, campylobacter) dans le d\u00e9clenchement de la maladie. Outre une infection par un microbe \u00ab&nbsp;ext\u00e9rieur&nbsp;\u00bb, un d\u00e9s\u00e9quilibre de la flore intestinale (c\u2019est-\u00e0-dire des bact\u00e9ries naturellement pr\u00e9sentes dans le tube digestif) pourrait aussi \u00eatre en cause.<\/p>\n\n\n\n<h3 class=\"wp-block-heading\">&nbsp; &nbsp;<strong> B-Les signes de la maladie<\/strong><\/h3>\n\n\n\n<p>Ce sont des douleurs abdominales, une diarrh\u00e9e chronique (rarement glairo-sanglante) et l&rsquo;amaigrissement. Il y a une carence nutritive par malabsorbtion. Le transit peut aussi \u00eatre normal si la maladie ne touche pas le colon. Peuvent s&rsquo;y associer une fi\u00e8vre mod\u00e9r\u00e9e et de la fatigue. Vomissements et constipations peuvent s\u2019expliquer en cas d\u2019obstruction partielle de l\u2019intestin. L\u2019apparition de fistules, l\u00e9sions qui perforent le tractus gastro-intestinal jusqu&rsquo;\u00e0 atteindre un autre organe ou la surface de la peau est possible; Les l\u00e9sions anop\u00e9rin\u00e9ales sont fr\u00e9quentes et touchent plus d&rsquo;1 malade sur 2 au cours de sa vie (fissures anales). Pr\u00e8s d&rsquo;un tiers des malades auront au cours de leur suivi, des sympt\u00f4mes ext\u00e9rieurs au tube digestif : aphtes, eryth\u00e8mes, rhumatismes, atteintes h\u00e9patiques, oculaires, urologiques&#8230;Il y a enfin un risque accru de cancer colorectal.<\/p>\n\n\n\n<p>La maladie de Crohn \u00e9volue par pouss\u00e9es entrecoup\u00e9es de p\u00e9riodes de r\u00e9mission qui peuvent durer&nbsp;plusieurs mois. Les crises se succ\u00e8dent de fa\u00e7on assez impr\u00e9visible et sont d&rsquo;intensit\u00e9 variable. Il arrive parfois que les sympt\u00f4mes soient tellement intenses (incapacit\u00e9 \u00e0 s&rsquo;alimenter, h\u00e9morragies, diarrh\u00e9es, etc.) qu&rsquo;une hospitalisation devient n\u00e9cessaire.<\/p>\n\n\n\n<h3 class=\"wp-block-heading\">&nbsp; &nbsp; <strong>C-Le diagnostic<\/strong><\/h3>\n\n\n\n<p>S\u2019il peut \u00eatre suspect\u00e9 cliniquement, le diagnostic se fait sur la visualisation des l\u00e9sions et\/ou des biopsies du c\u00f4lon (ou gros intestin) et de l&rsquo;il\u00e9on (partie extr\u00eame de l&rsquo;intestin gr\u00eale). Pour cela, plusieurs techniques d&rsquo;imagerie du tube digestif sont utilis\u00e9es pour mettre en \u00e9vidence les l\u00e9sions&nbsp;:<\/p>\n\n\n\n<p><strong>1-La coloscopie <\/strong>est principalement pratiqu\u00e9e devant des diarrh\u00e9es chroniques. Elle permet d&rsquo;examiner le colon, l&rsquo;il\u00e9on terminal et de pratiquer des biopsies pour un examen anatomo-pathologique \u00e0 la recherche de l\u00e9sions \u00e9vocatrices (granulome inflammatoire). En cas d&rsquo;atteinte colique, le risque de&nbsp;<a href=\"http:\/\/www.doctissimo.fr\/html\/dossiers\/cancer_colon.htm%22%20%5Ct%20%22_self\">cancer du c\u00f4lon<\/a>, plus \u00e9lev\u00e9 que dans la population g\u00e9n\u00e9rale, justifie une surveillance coloscopique r\u00e9guli\u00e8re.<\/p>\n\n\n\n<p><strong>2-L&rsquo;ent\u00e9roscanner <\/strong>et surtout maintenant&nbsp; l&rsquo;ent\u00e9ro-IRM qui est la technique de choix.<\/p>\n\n\n\n<p><strong>3-L&rsquo;ent\u00e9rocapsule&nbsp;<\/strong>(ou capsule endoscopique ou <a href=\"http:\/\/www.doctissimo.fr\/html\/sante\/mag_2000\/mag0901\/sa_2236_gelule_endo.htm%22%20%5Ct%20%22_self\">vid\u00e9o-capsule<\/a>) de l&rsquo;intestin gr\u00eale est indiqu\u00e9e en cas de suspicion de maladie de Crohn lorsque la coloscopie et l&rsquo;ent\u00e9ro-IRM n&rsquo;ont pas montr\u00e9 de l\u00e9sion et que l&rsquo;ent\u00e9ro-IRM a \u00e9limin\u00e9 toute st\u00e9nose de l&rsquo;intestin gr\u00eale qui contre-indiquerait la vid\u00e9o-capsule&nbsp;: un r\u00e9sultat normal \u00e0 la vid\u00e9ocapsule \u00e9limine le diagnostic de maladie de Crohn.<\/p>\n\n\n\n<h3 class=\"wp-block-heading\"><strong>&nbsp; &nbsp; D-L\u2019\u00e9volution par pouss\u00e9es<\/strong><\/h3>\n\n\n\n<p>La maladie de Crohn \u00e9volue par pouss\u00e9es entrecoup\u00e9es de p\u00e9riodes de r\u00e9mission qui peuvent durer&nbsp;plusieurs mois. Les crises se succ\u00e8dent de fa\u00e7on assez impr\u00e9visible et sont d&rsquo;intensit\u00e9 variable. Il arrive parfois que les sympt\u00f4mes soient tellement intenses (incapacit\u00e9 \u00e0 s&rsquo;alimenter, h\u00e9morragies, diarrh\u00e9es, etc.) qu&rsquo;une hospitalisation devient n\u00e9cessaire.<\/p>\n\n\n\n<p>Bien pris en charge, les patients m\u00e8nent une vie quasi-normale. Mais avec le temps, certaines complications peuvent appara\u00eetre&nbsp;:<\/p>\n\n\n\n<p>&nbsp; &nbsp; &nbsp; &nbsp; -Des complications digestives&nbsp;: st\u00e9nose intestinale (r\u00e9duction du diam\u00e8tre de l\u2019intestin), fistules, fissures anales, d\u00e9nutrition, an\u00e9mie\u2026<\/p>\n\n\n\n<p>&nbsp; &nbsp; &nbsp; &nbsp; -Des r\u00e9percussions psychologiques et professionnelles sont possibles du fait du caract\u00e8re tabou et invalidant pendant certaines pouss\u00e9es.<\/p>\n\n\n\n<p>&nbsp; &nbsp; &nbsp; &nbsp; -Chez les plus jeunes&nbsp;: des retards de croissance, de pubert\u00e9 et des difficult\u00e9s scolaires ont \u00e9galement \u00e9t\u00e9 rapport\u00e9es.<\/p>\n\n\n\n<p>&nbsp; &nbsp; &nbsp; &nbsp; -Enfin, on sait que ces patients pr\u00e9sentent un risque de cancer colorectal plus important que la population g\u00e9n\u00e9rale. Des coloscopies r\u00e9guli\u00e8res sont ainsi pr\u00e9vues pour d\u00e9tecter pr\u00e9cocement un possible d\u00e9veloppement tumoral.<\/p>\n\n\n\n<h3 class=\"wp-block-heading\"><strong>&nbsp; &nbsp; E-Les traitements<\/strong><\/h3>\n\n\n\n<p>Les traitements actuellement disponibles ont pour objectif le contr\u00f4le rapide des pouss\u00e9es et la pr\u00e9vention des r\u00e9cidives. Ils visent aussi \u00e0 maintenir la qualit\u00e9 de vie des malades. Aucun traitement n&rsquo;est en mesure de gu\u00e9rir compl\u00e8tement la maladie.<\/p>\n\n\n\n<p>&nbsp; &nbsp; -La premi\u00e8re d\u00e9marche th\u00e9rapeutique \u00e0 mettre en \u0153uvre est l&rsquo;arr\u00eat d\u00e9finitif et complet du tabagisme, dont les effets nocifs sur la gravit\u00e9 et l&rsquo;\u00e9volution de la maladie sont importants.<\/p>\n\n\n\n<p>&nbsp; &nbsp; -Sur le plan alimentaire, les patients ne sont pas astreints \u00e0 un r\u00e9gime particulier en p\u00e9riode de r\u00e9mission, les recommandations \u00e9tant d&rsquo;avoir une alimentation \u00e9quilibr\u00e9e. Pendant les pouss\u00e9es en revanche, les m\u00e9decins conseillent un r\u00e9gime sans fibres (\u00e9viter les fruits et l\u00e9gumes, la farine\u2026), sans lait&nbsp;(mais avec yaourts et fromages) et sans polyols&nbsp;(tels que le sorbitol et autres \u00e9dulcorants pr\u00e9sents dans les sodas, g\u00e2teaux, bonbons, confitures\u2026 dits \u00ab\u00a0sans sucre\u00a0\u00bb) afin de limiter les douleurs, la diarrh\u00e9e et le risque d&rsquo;occlusion. Les pouss\u00e9es s\u00e9v\u00e8res avec d\u00e9nutrition peuvent n\u00e9cessiter une alimentation assist\u00e9e.<\/p>\n\n\n\n<p>&nbsp; &nbsp; -Les d\u00e9riv\u00e9s aminosalicyl\u00e9s sont peu efficaces pour le traitement des pouss\u00e9es de maladie de Crohn. Leur r\u00f4le est important dans la diminution du risque de survenue de cancer colorectal en cas de forme colique.<\/p>\n\n\n\n<p>&nbsp; &nbsp; -Les cortico\u00efdes constituent le traitement de base des pouss\u00e9es d&rsquo;intensit\u00e9 moyenne ou s\u00e9v\u00e8res. Ils sont utilis\u00e9s sur de courtes p\u00e8riodes, afin de limiter les effets secondaires. Les cortico\u00efdes ne sont pas efficaces pour pr\u00e9venir le risque de r\u00e9cidive. Ils ne doivent pas \u00eatre utilis\u00e9s en traitement d&rsquo;entretien.<\/p>\n\n\n\n<p>&nbsp; &nbsp; -Les immunosuppresseurs se sont largement d\u00e9velopp\u00e9s. Ils agissent de mani\u00e8re tr\u00e8s cibl\u00e9e sur certains composants du syst\u00e8me immunitaire : l&rsquo;azathioprine, le 6-mercaptopurine et le methotrexate sont les plus souvent prescrits en traitement d&rsquo;entretien. Leur d\u00e9lai d&rsquo;action \u00e9tant de quelques mois, ils ne peuvent \u00eatre utilis\u00e9s seuls pour le traitement des pouss\u00e9es. Ils sont utilis\u00e9s pour les formes \u00e9volutives ou de traitement difficile.<\/p>\n\n\n\n<p>&nbsp; &nbsp; -Les&nbsp; inhibiteurs du facteur de n\u00e9crose tumorale (TNF) ou bioth\u00e9rapies. Ce sont&nbsp; l&rsquo;infliximab (appel\u00e9 R\u00e8micade en Europe) et l&rsquo;adalimubab (Humira) sont des anticorps monoclonaux qui neutralisent le TNFalpha, une mol\u00e9cule inflammatoire produite en exc\u00e8s au cours de la maladie de Crohn. Le traitement peut \u00eatre utilis\u00e9 pour les pouss\u00e9es r\u00e9fractaires, les formes fistulisantes et comme traitement d&rsquo;entretien.&nbsp;<\/p>\n\n\n\n<p>&nbsp; &nbsp; -Les antibiotiques comme le m\u00e9tronidazole et la ciprofloxacine sont prescrits pour traiter la prolif\u00e9ration de bact\u00e9ries dans l&rsquo;intestin gr\u00eale, provoqu\u00e9e par la st\u00e9nose ou les fistules.<\/p>\n\n\n\n<p>&nbsp; &nbsp; -Les antidiarrh\u00e9iques ralentissent la travers\u00e9e des aliments dans l&rsquo;intestin.<\/p>\n\n\n\n<p>&nbsp; &nbsp; -Les antispasmodiques combattent les douleurs abdominales. Leur action contre les spasmes peut s&rsquo;exercer au niveau des fibres nerveuses, des fibres musculaires, ou des deux.<\/p>\n\n\n\n<p>&nbsp; &nbsp; -Le traitement chirurgical est n\u00e9cessaire en cas d&rsquo;\u00e9volution d\u00e9favorable de la maladie ou de la survenue de complications (st\u00e9noses, fistules, etc.) Elle ne constitue malheureusement pas un traitement d\u00e9finitif.<\/p>\n\n\n\n<h2 class=\"wp-block-heading\"><strong>II-Maladie de Crohn et grossesse<\/strong><\/h2>\n\n\n\n<h3 class=\"wp-block-heading\"><strong>A-Pendant la grossesse<\/strong><\/h3>\n\n\n\n<h4 class=\"wp-block-heading\"><br> \u00a0 <strong>\u00a0 1-Les risques<\/strong>\u00a0<\/h4>\n\n\n\n<p>Si la Maladie inflammatoire Chronique) est en pouss\u00e9 au moment de la conception, il semble exister un risque que la maladie persiste pendant la grossesse. Ainsi, le risque de rechute de la rectocolite h\u00e9morragique ou de la Maladie de Crohn au cours de la grossesse est d\u2019environ 25% si elles sont inactives au moment de la conception mais est d\u2019au moins 50 % si au contraire elles sont actives. <br>\n<br>\nLes femmes atteintes de cette affection doivent donc \u00eatre inform\u00e9es d\u2019\u00e9viter si possible une conception pendant une phase active de leur maladie. <br>\n<br>\nLes risques&nbsp; sur la grossesse, quelque soit l\u2019\u00e9volutivit\u00e9 de la maladie sont&nbsp;les suivants, sachant qu\u2019une chirurgie de r\u00e9section ant\u00e9rieure et une atteinte il\u00e9ale sont des facteurs pr\u00e9dictifs de complications durant la grossesse.:<\/p>\n\n\n\n<p>\t-Risque de fausses couches spontan\u00e9es,<\/p>\n\n\n\n<p>-la pr\u00e9maturit\u00e9,<\/p>\n\n\n\n<p>-de petits poids \u00e0 la naissance (poids &lt; 2 500 g),&nbsp;<\/p>\n\n\n\n<p>-des retard de croissance intra-ut\u00e9rin&nbsp;<\/p>\n\n\n\n<p>.<\/p>\n\n\n\n<p><br> Il s\u2019agit donc de grossesses \u00e0 risques dont le suivi doit \u00eatre multidisciplinaire (gastro-ent\u00e9rologue, obst\u00e9tricien, chirurgien colorectal).<\/p>\n\n\n\n<p><br> <br> <strong>2&#8211;les m\u00e9dicaments<\/strong><br> <br> Il est maintenant admis que les traitements m\u00e9dicamenteux en cours devraient \u00eatre en g\u00e9n\u00e9ral poursuivis pendant la grossesse, \u00e9tant donn\u00e9 que les b\u00e9n\u00e9fices pour la m\u00e8re et le f\u0153tus d\u2019un maintien en r\u00e9mission d\u00e9passent largement les risques li\u00e9s aux traitements. <br> <br> \u00a0 \u00a0 a-Les Corticost\u00e9ro\u00efdes<br> <br> La Prednisone (Cortancyl\u00ae) et la Prednisolone (Hydrocortancyl\u00ae, Solupred\u00ae) peuvent \u00eatre utilis\u00e9es sans restriction particuli\u00e8re. Ces produits sont pr\u00e9f\u00e9r\u00e9s aux formes \u00e0 longue dur\u00e9e de vie comme la b\u00e9tam\u00e9thasone et la d\u00e9xam\u00e9thasone.\u00a0<\/p>\n\n\n\n<p>&nbsp; &nbsp; b-La sulfasalazine (Salazopirine\u00ae) et le 5-ASA (Pentasa\u00ae, Rowasa\u00ae et Fivasa\u00ae) administr\u00e9s \u00e0 des doses inf\u00e9rieures \u00e0 3 g\/j n\u2019ont aucun effet ind\u00e9sirable sp\u00e9cifique au cours de la grossesse. <br>\nLa sulfasalazine majore le risque de d\u00e9ficit en folates et compte tenu des besoins accrus en folates au cours de la grossesse et du risque d\u2019anomalie du tube neural en cas de d\u00e9ficit en folates, une suppl\u00e9mentation en acide folique (1 mg x 2\/j) est n\u00e9cessaire chez les femmes trait\u00e9es par sulfasalazine d\u00e9sireuses d\u2019avoir un enfant et pendant la grossesse. <br>\n<\/p>\n\n\n\n<p>&nbsp; &nbsp; &nbsp; &nbsp; &nbsp; &nbsp; c-L&rsquo;azathioprine (Imurel\u00ae) et la 6-mercaptopurine (Purinethol\u00ae) sont responsables de l\u00e9sions chromosomiques, de malformations et de pertes foetales chez l\u2019animal. Ces risques n\u2019ont pas \u00e9t\u00e9 confirm\u00e9s chez la femme aussi l&rsquo;azathioprine est-il utilis\u00e9.<br>\n<br>\n&nbsp; &nbsp; &nbsp; &nbsp; &nbsp; &nbsp; d-Le M\u00e9thotrexate<br>\n<br>\nLe m\u00e9thotrexate est t\u00e9ratog\u00e8ne et responsable d\u2019anomalies chromosomiques et d&rsquo;avortements. Des malformations s\u00e9v\u00e8res ont \u00e9t\u00e9 rapport\u00e9es chez des nouveaux n\u00e9s expos\u00e9s pendant le 1er trimestre de grossesse. Il est donc contre-indiqu\u00e9 pendant la grossesse.<br>\n<br>\n&nbsp; &nbsp; &nbsp; &nbsp; &nbsp; &nbsp; e-La thalidomide (Thalidomid \u00ae)&nbsp; est hautement t\u00e9ratog\u00e9ne et formellement contre-indiqu\u00e9 pendant la grossesse et l\u2019allaitement.<br>\n<br>\n&nbsp; &nbsp; &nbsp; &nbsp; &nbsp; &nbsp; f-La Ciclosporine (Neoral\u00ae, Sandimmun\u00ae) :<br>\n<br>\nLa ciclosporine n&rsquo;est pas t\u00e9ratog\u00e8ne mais elle expose \u00e0 un risque de n\u00e9phropathie tubulaire chez le foetus comme chez sa m\u00e8re. <br>\n<br>\n&nbsp; &nbsp; &nbsp; &nbsp; &nbsp; &nbsp; g-L&rsquo;infliximab (Remicade\u00ae) et l&rsquo;adalimumab (Humira\u00ae)<br>\n<br>\nIls n\u2019entra\u00eenent pas de risques particuliers de complications materno-foetales, Ce sont des anticorps monoclonaux qui traversent la barri\u00e8re placentaire et peuvent rester dans le sang du nouveau-n\u00e9 jusque 6 mois apr\u00e8s la naissance.<br>\nTout vaccin \u00e0 base de microorganismes vivants ou att\u00e9nu\u00e9s, tels que la rougeole, la rub\u00e9ole, les oreillons, la varicelle et le BCG sont donc contre-indiqu\u00e9s formellement. Il est donc recommand\u00e9 dans ces cas d\u2019attendre au moins 6 mois avant de vacciner l&rsquo;enfant ou apr\u00e8s un dosage n\u00e9gatif d\u2019anticorps dans le sang du nouveau-n\u00e9. <br>\n<br>\nIl est recommand\u00e9 pendant la grossesse de suspendre ces m\u00e9dicaments \u00e0 la 30e semaine d\u2019am\u00e9norrh\u00e9e si et seulement si la patiente est en r\u00e9mission. Dans le cas contraire, le traitement peut \u00eatre poursuivi jusqu\u2019\u00e0 l\u2019accouchement, avec les pr\u00e9cautions qui s\u2019imposent concernant la vaccination de l\u2019enfant.<br>\n<br>\n<br>\n&nbsp; &nbsp; &nbsp; &nbsp; &nbsp; &nbsp; h-Le certolizumab (Cimzia\u00ae) est un fragment P\u00e9gyl\u00e9 d\u2019un anti-corps monoclonal humanis\u00e9, il ne peut donc traverser le placenta que par diffusion passive. Son utilisation peut donc \u00eatre en theorie poursuivie pendant toute la grossesse. M\u00eame si aucune grossesse d&rsquo;\u00e9volution defavorable ou d&rsquo;effet teratog\u00e8ne n\u2019ont \u00e9t\u00e9 rapport\u00e9s \u00e0 ce jour, l\u2019exp\u00e9rience avec cette mol\u00e9cule reste limit\u00e9e. <br>\n<\/p>\n\n\n\n<h3 class=\"wp-block-heading\">\u00a0 \u00a0 <strong>B-L\u2019accouchement<\/strong><\/h3>\n\n\n\n<p><br> <br> L\u2019\u00e9pisiotomie peut \u00eatre dangereuse chez des patientes atteintes de maladie de Crohn car elle expose particuli\u00e8rement au risque de fistule recto-vaginales mais aussi de l\u00e9sions ano-p\u00e9rin\u00e9ales.<br> <br> La pr\u00e9sence de l\u00e9sions ano-p\u00e9rin\u00e9ales actives au moment de l\u2019accouchement est une indication \u00e0 un accouchement par c\u00e9sarienne, car ces l\u00e9sions risquent d\u2019\u00eatre aggrav\u00e9es lors d\u2019un accouchement par voie basse.\u00a0<\/p>\n\n\n\n<p>L\u2019existence d\u2019une anastomose il\u00e9o-anale repr\u00e9sente une contre-indication \u00e0 un accouchement par voie basse, devant le risque de survenue de l\u00e9sions au niveau du sphincter anal, qui peuvent alors entra\u00eener une incontinence du r\u00e9servoir. <br> <br> Dans les autres cas, l\u2019accouchement par voie basse est possible m\u00eame s\u2019il existe une colostomie ou une il\u00e9ostomie.<\/p>\n\n\n\n<h3 class=\"wp-block-heading\"><br> <br> \u00a0 \u00a0 <strong>C-En cas d\u2019allaitement maternel<\/strong><br> <br> <\/h3>\n\n\n\n<p><br> Presque tous les m\u00e9dicaments utilis\u00e9s pour traiter le Crohn passent dans le lait maternel. La d\u00e9cision d&rsquo;autoriser l&rsquo;allaitement maternel ou de conseiller un allaitement artificiel d\u00e9pend de risques sp\u00e9cifiques. <br> <\/p>\n\n\n\n<p>Les aminosalicyl\u00e9s \u00e0 base de 5 ASA M\u00e9salazine (Pentasa\u00ae, Rowasa\u00ae et Fivasa\u00ae) et la Sulfasalazine (Salazopyrine\u00ae) sont compatibles avec l\u2019allaitement. Ils peuvent entra\u00eener tr\u00e8s rarement une diarrh\u00e9e chez le nourrisson. Dans ce cas, un arr\u00eat du traitement est n\u00e9cessaire pendant la p\u00e9riode d&rsquo;allaitement.<br>\n<br>\nLa Prednisone (Cortancyl\u00ae) et la Prednisolone (Hydrocortancyl\u00ae, Solupred\u00ae) sont compatibles avec l\u2019allaitement. Certains recommandent que les m\u00e8res attendent 4 heures entre la prise du m\u00e9dicament et l&rsquo;allaitement.<br>\n<br>\nLe budesonide oral (Entocort\u00ae, Rafton\u00ae) : <br>\nIl n\u2019y a pas beaucoup de donn\u00e9es disponibles sur son emploi pendant l\u2019allaitement, mais il est couramment utilis\u00e9.<br>\n<br>\nL&rsquo;Azathioprine (Imurel\u00ae) et le 6-mercatopurine (Purinethol\u00ae) : <br>\nIls sont th\u00e9oriquement contre-indiqu\u00e9s en raison du risque potentiel de my\u00e9lotoxicit\u00e9, d\u2019infections et de pancr\u00e9atite chez le nourrisson.<br>\nMais la majeure partie du produit est excr\u00e9t\u00e9e dans le lait maternel dans les 4 heures qui suivent la prise du traitement&nbsp;;&nbsp; on peut proposer de d\u00e9caler l\u2019allaitement de 6 heures par rapport \u00e0 la prise du traitement mais pas de le contre-indiquer. <br>\n<br>\nLe Methotrexate (imeth\u00ae) est hautement t\u00e9ratog\u00e9ne et formellement contre-indiqu\u00e9 pendant la grossesse et l\u2019allaitement.<br>\n<br>\nLa thalidomide (Thalidomid \u00ae)&nbsp; est \u00e9galement hautement t\u00e9ratog\u00e9ne et formellement contre-indiqu\u00e9 pendant la grossesse et l\u2019allaitement.<br>\n<br>\nLa Ciclosporine (Neoral\u00ae, Sandimmun\u00ae) est peu utilis\u00e9e et il y a peu de recul. Chez les enfants allait\u00e9s, les concentrations sanguines de ciclosporine sont ind\u00e9tectables. Aucun \u00e9v\u00e8nement particulier n\u2019a \u00e9t\u00e9 rapport\u00e9, \u00e0 ce jour chez des enfants allait\u00e9s de m\u00e8re trait\u00e9e par ciclosporine. Au vu de ces \u00e9l\u00e9ments, l\u2019utilisation de la ciclosporine est possible chez la femme qui allaite.<br>\n<br>\nL&rsquo;Infliximab (Remicade\u00ae), l&rsquo;Adalimumab (Humira\u00ae) et le Certolizumab (Cimzia\u00ae) sont compatibles avec l\u2019allaitement.<br>\n<br>\nLe Lop\u00e9ramide (ArestaL\u00ae, Imodium\u00ae) : <br>\nLa quantit\u00e9 de lop\u00e9ramide ing\u00e9r\u00e9e via le lait est tr\u00e8s faible : l\u2019enfant re\u00e7oit en moyenne environ 0,1% de la dose maternelle en mg\/kg. Au vu de ces donn\u00e9es, l\u2019utilisation du lop\u00e9ramide est possible en cours d\u2019allaitement.<br>\n<br>\nLa Ciprofloxacine (Ciflox\u00ae) est possible. La quantit\u00e9 de ciprofloxacine ing\u00e9r\u00e9e via le lait est tr\u00e8s faible : l\u2019enfant re\u00e7oit (en mg\/kg) environ 3% de la dose p\u00e9diatrique. Aucun \u00e9v\u00e8nement particulier n\u2019est retenu \u00e0 ce jour chez des enfants allait\u00e9s de m\u00e8res trait\u00e9es par ciprofloxacine.<\/p>\n\n\n\n<p><br>\nLe M\u00e9tronidazole (Flagyl\u00ae) :<br>\nLes donn\u00e9es publi\u00e9es chez les femmes enceintes expos\u00e9es au m\u00e9tronidazole en cours de grossesse sont tr\u00e8s nombreuses et rassurantes. Il existe de rares cas de diarrh\u00e9es b\u00e9nignes et de candidose buccale chez le nouveau-n\u00e9 dont les m\u00e8res recevaient du m\u00e9tronidazole par voie IV et de l\u2019ampicilline. L\u2019allaitement est possible lors d\u2019un traitement vaginal par m\u00e9tronidazole, en raison d\u2019un passage syst\u00e9mique faible. L\u2019allaitement est envisageable lors d\u2019un traitement court par m\u00e9tronidazole per os ou IV (7 \u00e0 10 jours). En cas de traitement monodose, et si l\u2019enfant ne prend plus le sein la nuit, on peut proposer de prendre le m\u00e9tronidazole juste avant la derni\u00e8re t\u00e9t\u00e9e du soir. En effet, le pic de concentration du m\u00e9tronidazole dans le lait se produit environ 2 \u00e0 4 heures apr\u00e8s la prise et sa demi-vie est d\u2019environ 9 heures dans le lait.<\/p>\n\n\n\n<h3 class=\"wp-block-heading\">\u00a0 \u00a0 <strong>D-Apr\u00e8s la grossesse<\/strong><\/h3>\n\n\n\n<p><br> <br> Il est habituellement consid\u00e9r\u00e9 que la grossesse n\u2019influence pas de mani\u00e8re significative l\u2019histoire naturelle de la maladie de Crohn.<br><\/p>\n","protected":false},"excerpt":{"rendered":"<p>La maladie de Crohn est une maladie&nbsp; inflammatoire chronique pouvant toucher tous les segments du tube digestif. L&rsquo;il\u00e9on, le c\u00f4lon et l&rsquo;anus sont les segments les plus fr\u00e8quemment atteints.&nbsp;Les l\u00e9sions sont segmentaires, asym\u00e9triques, g\u00e9n\u00e9ralement profondes, s\u00e9par\u00e9es par des zones saines, et peuvent parfois \u00eatre \u00e0 l&rsquo;origine de fissures, de&nbsp; fistules et de&nbsp; st\u00e9noses.&nbsp;La maladie&nbsp;\u00e9volue par [&hellip;]<\/p>\n","protected":false},"author":1,"featured_media":0,"parent":1127,"menu_order":10,"comment_status":"closed","ping_status":"closed","template":"","meta":{"_exactmetrics_skip_tracking":false,"_exactmetrics_sitenote_active":false,"_exactmetrics_sitenote_note":"","_exactmetrics_sitenote_category":0,"footnotes":""},"class_list":["post-1217","page","type-page","status-publish","hentry","post"],"_links":{"self":[{"href":"https:\/\/gyneobs.com\/site\/wp-json\/wp\/v2\/pages\/1217","targetHints":{"allow":["GET"]}}],"collection":[{"href":"https:\/\/gyneobs.com\/site\/wp-json\/wp\/v2\/pages"}],"about":[{"href":"https:\/\/gyneobs.com\/site\/wp-json\/wp\/v2\/types\/page"}],"author":[{"embeddable":true,"href":"https:\/\/gyneobs.com\/site\/wp-json\/wp\/v2\/users\/1"}],"replies":[{"embeddable":true,"href":"https:\/\/gyneobs.com\/site\/wp-json\/wp\/v2\/comments?post=1217"}],"version-history":[{"count":2,"href":"https:\/\/gyneobs.com\/site\/wp-json\/wp\/v2\/pages\/1217\/revisions"}],"predecessor-version":[{"id":2110,"href":"https:\/\/gyneobs.com\/site\/wp-json\/wp\/v2\/pages\/1217\/revisions\/2110"}],"up":[{"embeddable":true,"href":"https:\/\/gyneobs.com\/site\/wp-json\/wp\/v2\/pages\/1127"}],"wp:attachment":[{"href":"https:\/\/gyneobs.com\/site\/wp-json\/wp\/v2\/media?parent=1217"}],"curies":[{"name":"wp","href":"https:\/\/api.w.org\/{rel}","templated":true}]}}