{"id":1124,"date":"2019-07-04T06:30:02","date_gmt":"2019-07-04T04:30:02","guid":{"rendered":"http:\/\/gyneobs.com\/site\/?page_id=1124"},"modified":"2019-07-06T19:39:13","modified_gmt":"2019-07-06T17:39:13","slug":"grossesses-pathologiques","status":"publish","type":"page","link":"https:\/\/gyneobs.com\/site\/obstetrique\/grossesses-pathologiques\/","title":{"rendered":"GROSSESSES PATHOLOGIQUES"},"content":{"rendered":"<p><div id=\"ccchildpages-1\" class=\"ccchildpages  simple ccclearfix\"><ul class=\"ccchildpages_list ccclearfix\"><li class=\"page_item page-item-1129\"><a href=\"https:\/\/gyneobs.com\/site\/obstetrique\/grossesses-pathologiques\/les-saignements-du-premier-trimestre\/\">Les saignements du premier trimestre<\/a><\/li>\n<li class=\"page_item page-item-1131\"><a href=\"https:\/\/gyneobs.com\/site\/obstetrique\/grossesses-pathologiques\/la-grossesse-extra-uterine\/\">La grossesse extra-ut\u00e9rine<\/a><\/li>\n<li class=\"page_item page-item-1133\"><a href=\"https:\/\/gyneobs.com\/site\/obstetrique\/grossesses-pathologiques\/fausses-couches-a-repetition\/\">Fausses couches \u00e0 r\u00e9p\u00e9tition<\/a><\/li>\n<li class=\"page_item page-item-1207\"><a href=\"https:\/\/gyneobs.com\/site\/obstetrique\/grossesses-pathologiques\/chorio-amniotite\/\">Chorio-amniotite<\/a><\/li>\n<li class=\"page_item page-item-1141\"><a href=\"https:\/\/gyneobs.com\/site\/obstetrique\/grossesses-pathologiques\/le-risque-daccouchement-premature\/\">Le risque d&rsquo;accouchement pr\u00e9matur\u00e9<\/a><\/li>\n<li class=\"page_item page-item-1146\"><a href=\"https:\/\/gyneobs.com\/site\/obstetrique\/grossesses-pathologiques\/rupture-prematuree-des-membranes\/\">Rupture pr\u00e9matur\u00e9e des membranes<\/a><\/li>\n<li class=\"page_item page-item-1148\"><a href=\"https:\/\/gyneobs.com\/site\/obstetrique\/grossesses-pathologiques\/hydramnios\/\">Hydramnios<\/a><\/li>\n<li class=\"page_item page-item-1150\"><a href=\"https:\/\/gyneobs.com\/site\/obstetrique\/grossesses-pathologiques\/oligo-amnios\/\">Oligo-amnios<\/a><\/li>\n<li class=\"page_item page-item-1153\"><a href=\"https:\/\/gyneobs.com\/site\/obstetrique\/grossesses-pathologiques\/macrosomie-foetale\/\">Macrosomie foetale<\/a><\/li>\n<li class=\"page_item page-item-1155\"><a href=\"https:\/\/gyneobs.com\/site\/obstetrique\/grossesses-pathologiques\/placenta-praevia\/\">Placenta praevia<\/a><\/li>\n<li class=\"page_item page-item-1157\"><a href=\"https:\/\/gyneobs.com\/site\/obstetrique\/grossesses-pathologiques\/placenta-accreta\/\">Placenta accreta<\/a><\/li>\n<li class=\"page_item page-item-1100\"><a href=\"https:\/\/gyneobs.com\/site\/obstetrique\/grossesses-pathologiques\/les-grossesses-gemellaires\/\">Les grossesses g\u00e9mellaires<\/a><\/li>\n<li class=\"page_item page-item-1159\"><a href=\"https:\/\/gyneobs.com\/site\/obstetrique\/grossesses-pathologiques\/le-syndrome-des-antiphospholipides\/\">Le syndrome des antiphospholipides<\/a><\/li>\n<li class=\"page_item page-item-1135\"><a href=\"https:\/\/gyneobs.com\/site\/obstetrique\/grossesses-pathologiques\/hypertensionarterielle-et-pre-eclampsie\/\">Hypertensionart\u00e9rielle et pr\u00e9 \u00e9clampsie<\/a><\/li>\n<li class=\"page_item page-item-1138\"><a href=\"https:\/\/gyneobs.com\/site\/obstetrique\/grossesses-pathologiques\/1138-2\/\">Retards de croissance intra-ut\u00e9rins<\/a><\/li>\n<li class=\"page_item page-item-1281\"><a href=\"https:\/\/gyneobs.com\/site\/obstetrique\/grossesses-pathologiques\/les-grossesses-prolongees\/\">Les grossesses prolong\u00e9es<\/a><\/li>\n<li class=\"page_item page-item-1143\"><a href=\"https:\/\/gyneobs.com\/site\/obstetrique\/grossesses-pathologiques\/le-diabete-gestational\/\">Le diab\u00e8te gestationnel<\/a><\/li>\n<li class=\"page_item page-item-1161\"><a href=\"https:\/\/gyneobs.com\/site\/obstetrique\/grossesses-pathologiques\/allo-immunisation-rhesus\/\">Allo-immunisation Rh\u00e9sus<\/a><\/li>\n<li class=\"page_item page-item-1164\"><a href=\"https:\/\/gyneobs.com\/site\/obstetrique\/grossesses-pathologiques\/cholestase-gravidique\/\">Cholestase gravidique<\/a><\/li>\n<li class=\"page_item page-item-1169\"><a href=\"https:\/\/gyneobs.com\/site\/obstetrique\/grossesses-pathologiques\/prevention-des-accidents-trombe-emboliques\/\">Pr\u00e9vention des accidents thrombo-emboliques<\/a><\/li>\n<li class=\"page_item page-item-2447\"><a href=\"https:\/\/gyneobs.com\/site\/obstetrique\/grossesses-pathologiques\/mort-foetale-in-utero-mfiu\/\">Mort f\u0153tale in utero (MFIU)<\/a><\/li>\n<li class=\"page_item page-item-2445\"><a href=\"https:\/\/gyneobs.com\/site\/obstetrique\/grossesses-pathologiques\/linterruption-medicale-de-grossesse-img\/\">L&rsquo;interruption m\u00e9dicale de grossesse (IMG)<\/a><\/li><\/ul><\/div><br \/>\n<div id=\"ccchildpages-2\" class=\"ccchildpages threecol simple ccclearfix\"><div class=\"ccchildpage  ccfirst ccodd ccpage-count-1 ccpage-id-1129 ccpage-les-saignements-du-premier-trimestre ccpage-has-parent ccpage-pid-1124 ccpage-parent-grossesses-pathologiques\"><h3>Les saignements du premier trimestre<\/h3><div class=\"ccpages_excerpt\">La survenue de saignements (ou m\u00e9trorragies) au cours du premier trimestre de la grossesse est un ph\u00e9nom\u00e8ne extr\u00eamement fr\u00e9quent puisqu\u2019il concerne une grossesse sur quatre. Il s\u2019agit du motif de consultation le plus fr\u00e9quent dans le cadre des urgences gyn\u00e9cologiques.&nbsp; Devant ce sympt\u00f4me, la r\u00e9alisation d\u2019une \u00e9chographie est imp\u00e9rative, car sans elle aucune explication rationnelle...<\/div><p class=\"ccpages_more\"><a href=\"https:\/\/gyneobs.com\/site\/obstetrique\/grossesses-pathologiques\/les-saignements-du-premier-trimestre\/\"  title=\"Plus ...\">Plus ...<\/a><\/p><\/div><div class=\"ccchildpage  cceven ccpage-count-2 ccpage-id-1131 ccpage-la-grossesse-extra-uterine ccpage-has-parent ccpage-pid-1124 ccpage-parent-grossesses-pathologiques\"><h3>La grossesse extra-ut\u00e9rine<\/h3><div class=\"ccpages_excerpt\">La grossesse extra-ut\u00e9rine (GEU) se d\u00e9finit comme la nidation de l\u2019\u0153uf hors de la cavit\u00e9 ut\u00e9rine.\u00a0 Le diagnostic et le traitement des grossesses extra-ut\u00e9rines ont b\u00e9n\u00e9fici\u00e9 ces derni\u00e8res ann\u00e9es d\u2019importants progr\u00e8s autorisant une d\u00e9couverte de plus en plus pr\u00e9coce et la r\u00e9alisation d\u2019actes chirurgicaux plus conservateurs et beaucoup moins invasifs. Encore plus r\u00e9cemment sont apparus...<\/div><p class=\"ccpages_more\"><a href=\"https:\/\/gyneobs.com\/site\/obstetrique\/grossesses-pathologiques\/la-grossesse-extra-uterine\/\"  title=\"Plus ...\">Plus ...<\/a><\/p><\/div><div class=\"ccchildpage  cclast ccodd ccpage-count-3 ccpage-id-1133 ccpage-fausses-couches-a-repetition ccpage-has-parent ccpage-pid-1124 ccpage-parent-grossesses-pathologiques\"><h3>Fausses couches \u00e0 r\u00e9p\u00e9tition<\/h3><div class=\"ccpages_excerpt\">L'\u00e9limination plus ou moins pr\u00e9coce de la grossesse est un ph\u00e9nom\u00e8ne d'une grande banalit\u00e9, puisqu'il constitue l'\u00e9volution naturelle de plus de la moiti\u00e9 des \u0153ufs humains. Chaque grossesse diagnostiqu\u00e9e a entre 10 et 15 % de chance de se terminer de la sorte.&nbsp; Pour une patiente donn\u00e9e, toutefois les choses ne se pr\u00e9sentent pas exactement...<\/div><p class=\"ccpages_more\"><a href=\"https:\/\/gyneobs.com\/site\/obstetrique\/grossesses-pathologiques\/fausses-couches-a-repetition\/\"  title=\"Plus ...\">Plus ...<\/a><\/p><\/div><div class=\"ccchildpage  ccfirst cceven ccpage-count-4 ccpage-id-1207 ccpage-chorio-amniotite ccpage-has-parent ccpage-pid-1124 ccpage-parent-grossesses-pathologiques\"><h3>Chorio-amniotite<\/h3><div class=\"ccpages_excerpt\">Qu\u2019est-ce que la chorio-amniotite&nbsp;? La chorio-amniotite est une inflammation aigu\u00eb des membranes et du placenta, en g\u00e9n\u00e9ral&nbsp; faisant suite \u00e0 une colonisation ascendante en cas de rupture prolong\u00e9e de la poche des&nbsp; eaux. Elle peut cependant survenir m\u00eame en cas de membranes intactes, notamment dans&nbsp; les infections \u00e0 mycoplasmes g\u00e9nitaux tels Ureaplasma urealyticum et Mycoplasma...<\/div><p class=\"ccpages_more\"><a href=\"https:\/\/gyneobs.com\/site\/obstetrique\/grossesses-pathologiques\/chorio-amniotite\/\"  title=\"Plus ...\">Plus ...<\/a><\/p><\/div><div class=\"ccchildpage  ccodd ccpage-count-5 ccpage-id-1141 ccpage-le-risque-daccouchement-premature ccpage-has-parent ccpage-pid-1124 ccpage-parent-grossesses-pathologiques\"><h3>Le risque d&rsquo;accouchement pr\u00e9matur\u00e9<\/h3><div class=\"ccpages_excerpt\">Un accouchement est dit pr\u00e9matur\u00e9 lorsqu\u2019il survient&nbsp; entre 22 et 36 SA r\u00e9volues. Les risques pour le b\u00e9b\u00e9 sont un peu proportionnels \u00e0 la pr\u00e9cocit\u00e9 de la naissance. Le b\u00e9b\u00e9 qui na\u00eet entre la 35e et la 36e semaine est g\u00e9n\u00e9ralement peu expos\u00e9. Souvent, il est simplement fragile et est plac\u00e9 dans un centre ordinaire...<\/div><p class=\"ccpages_more\"><a href=\"https:\/\/gyneobs.com\/site\/obstetrique\/grossesses-pathologiques\/le-risque-daccouchement-premature\/\"  title=\"Plus ...\">Plus ...<\/a><\/p><\/div><div class=\"ccchildpage  cclast cceven ccpage-count-6 ccpage-id-1146 ccpage-rupture-prematuree-des-membranes ccpage-has-parent ccpage-pid-1124 ccpage-parent-grossesses-pathologiques\"><h3>Rupture pr\u00e9matur\u00e9e des membranes<\/h3><div class=\"ccpages_excerpt\">On parle de rupture pr\u00e9matur\u00e9e des membranes pour toute rupture survenantavant le d\u00e9but du travail. Cela concerne 5 \u00e0 10 % des grossesses. Dans les conditions physiologiques, les membranes de l\u2019\u0153uf (chorion et amnios) se rompent spontan\u00e9ment au cours du travail \u00e0 dilatation compl\u00e8te : c\u2019est la rupture tempestive.&nbsp; La rupture est dite pr\u00e9coce lorsqu\u2019elle...<\/div><p class=\"ccpages_more\"><a href=\"https:\/\/gyneobs.com\/site\/obstetrique\/grossesses-pathologiques\/rupture-prematuree-des-membranes\/\"  title=\"Plus ...\">Plus ...<\/a><\/p><\/div><div class=\"ccchildpage  ccfirst ccodd ccpage-count-7 ccpage-id-1148 ccpage-hydramnios ccpage-has-parent ccpage-pid-1124 ccpage-parent-grossesses-pathologiques\"><h3>Hydramnios<\/h3><div class=\"ccpages_excerpt\">I-D\u00e9finitions cliniques&nbsp; L\u2019hydramnios est un exc\u00e8s de liquide amniotique pendant la grossesse. Entre 1 et 2 litres de liquide amniotique, on parle d\u2019exc\u00e8s de liquide et au-del\u00e0 d\u2019hydramnios. On distingue&nbsp;: -l\u2019hydramnios chronique d\u2019installation lente, tardive (3eme trimestre) et en quantit\u00e9 habituellement mod\u00e9r\u00e9e et bien tol\u00e9r\u00e9. Il ne d\u00e9passe pas 5 litres.&nbsp; -l\u2019hydramnios aigu, d\u2019installation rapide,...<\/div><p class=\"ccpages_more\"><a href=\"https:\/\/gyneobs.com\/site\/obstetrique\/grossesses-pathologiques\/hydramnios\/\"  title=\"Plus ...\">Plus ...<\/a><\/p><\/div><div class=\"ccchildpage  cceven ccpage-count-8 ccpage-id-1150 ccpage-oligo-amnios ccpage-has-parent ccpage-pid-1124 ccpage-parent-grossesses-pathologiques\"><h3>Oligo-amnios<\/h3><div class=\"ccpages_excerpt\">I-D\u00e9finition L\u2019oligo-amnios correspond \u00e0 une quantit\u00e9 insuffisante de lquide amniotique. Le diagnostic d\u2019un oligoamnios est \u00e9chographique : mesure de la plus grande citerne (&lt; 2 centim\u00e8tre ) ou de l'index amniotique de Phelan (&lt;5eme percentile pour l\u2019\u00e2ge gestationnel (selon la courbe de Magann et al.). Voir le chapitre: Les annexes du foetus-Liquide amniotique.&nbsp; On distingue...<\/div><p class=\"ccpages_more\"><a href=\"https:\/\/gyneobs.com\/site\/obstetrique\/grossesses-pathologiques\/oligo-amnios\/\"  title=\"Plus ...\">Plus ...<\/a><\/p><\/div><div class=\"ccchildpage  cclast ccodd ccpage-count-9 ccpage-id-1153 ccpage-macrosomie-foetale ccpage-has-parent ccpage-pid-1124 ccpage-parent-grossesses-pathologiques\"><h3>Macrosomie foetale<\/h3><div class=\"ccpages_excerpt\">I-D\u00e9finition On d\u00e9finit la macrosomie d\u2019un foetus comme un poids de plus de 4&nbsp;000&nbsp;g \u00e0 terme. Cela recouvre: -les grandes statures constitutionnelles&nbsp;: g\u00e9niteurs de grande taille, pas d\u2019h\u00e9r\u00e9dit\u00e9 diab\u00e9tique, biom\u00e9trie harmonieusement \u00e9lev\u00e9e pour tous les segments corporels&nbsp;; -et les f\u0153tus trop gros (macrosomie vraie)&nbsp;: h\u00e9r\u00e9dit\u00e9 diab\u00e9tique \u00e9ventuelle, ou ob\u00e9sit\u00e9, diab\u00e8te connu ou \u00e0 rechercher, mensurations...<\/div><p class=\"ccpages_more\"><a href=\"https:\/\/gyneobs.com\/site\/obstetrique\/grossesses-pathologiques\/macrosomie-foetale\/\"  title=\"Plus ...\">Plus ...<\/a><\/p><\/div><div class=\"ccchildpage  ccfirst cceven ccpage-count-10 ccpage-id-1155 ccpage-placenta-praevia ccpage-has-parent ccpage-pid-1124 ccpage-parent-grossesses-pathologiques\"><h3>Placenta praevia<\/h3><div class=\"ccpages_excerpt\">I-D\u00e9finition Le placenta praevia ou placenta recouvrant, est une anomalie de la localisation du placenta dans l'ut\u00e9rus, qui s'ins\u00e8re dans le segment inf\u00e9rieur de l'ut\u00e9rus et recouvre partiellement ou enti\u00e8rement l'orifice interne du col de l'ut\u00e9rus. II-Physiopatahologie et classification On distingue: &nbsp; &nbsp; -Placenta praevia \u00e0 implantation lat\u00e9rale : insertion du placenta dans le segment...<\/div><p class=\"ccpages_more\"><a href=\"https:\/\/gyneobs.com\/site\/obstetrique\/grossesses-pathologiques\/placenta-praevia\/\"  title=\"Plus ...\">Plus ...<\/a><\/p><\/div><div class=\"ccchildpage  ccodd ccpage-count-11 ccpage-id-1157 ccpage-placenta-accreta ccpage-has-parent ccpage-pid-1124 ccpage-parent-grossesses-pathologiques\"><h3>Placenta accreta<\/h3><div class=\"ccpages_excerpt\">Le placenta accreta et sa forme extr\u00eame, le placenta percreta, sont des anomalies de l'insertion placentaire. Ils se caract\u00e9risent par une invasion du myom\u00e8tre par les villosit\u00e9s trophoblastiques. C\u2019est une pathologie rare, responsable d\u2019une importante morbi mortalit\u00e9 foeto-maternelle. La pr\u00e9valence est estim\u00e9e \u00e0 1\/2500. Histologiquement, le placenta accreta est d\u00fb \u00e0 l'absence de caduque d\u00e9ciduale...<\/div><p class=\"ccpages_more\"><a href=\"https:\/\/gyneobs.com\/site\/obstetrique\/grossesses-pathologiques\/placenta-accreta\/\"  title=\"Plus ...\">Plus ...<\/a><\/p><\/div><div class=\"ccchildpage  cclast cceven ccpage-count-12 ccpage-id-1100 ccpage-les-grossesses-gemellaires ccpage-has-parent ccpage-pid-1124 ccpage-parent-grossesses-pathologiques\"><h3>Les grossesses g\u00e9mellaires<\/h3><div class=\"ccpages_excerpt\">Le d\u00e9veloppement simultan\u00e9 de deux f\u0153tus dans un seul ut\u00e9rus d\u00e9finit la grossesse g\u00e9mellaire. Sa fr\u00e9quence est \u00e9valu\u00e9e \u00e0 1 % des accouchements, mais elle varie en fonction de la race et augmente avec la parit\u00e9 et l\u2019\u00e2ge maternel. Elle a connu une forte augmentation ces derni\u00e8res ann\u00e9es du fait du d\u00e9veloppement des techniques de...<\/div><p class=\"ccpages_more\"><a href=\"https:\/\/gyneobs.com\/site\/obstetrique\/grossesses-pathologiques\/les-grossesses-gemellaires\/\"  title=\"Plus ...\">Plus ...<\/a><\/p><\/div><div class=\"ccchildpage  ccfirst ccodd ccpage-count-13 ccpage-id-1159 ccpage-le-syndrome-des-antiphospholipides ccpage-has-parent ccpage-pid-1124 ccpage-parent-grossesses-pathologiques\"><h3>Le syndrome des antiphospholipides<\/h3><div class=\"ccpages_excerpt\">Le syndrome des anti-phospholipides (SAPL) est une maladie auto-immune (li\u00e9e \u00e0 un trouble des d\u00e9fenses immunitaires) caract\u00e9ris\u00e9e par la formation r\u00e9currente de caillots sanguins dans les vaisseaux (thromboses art\u00e9rielles et\/ou veineuses), par des fausses couches r\u00e9p\u00e9t\u00e9es chez les femmes et par la pr\u00e9sence d\u2019anticorps particuliers dans le sang, les anticorps&nbsp; anti-phospholipides. D\u2019autres manifestations cliniques, cutan\u00e9es,...<\/div><p class=\"ccpages_more\"><a href=\"https:\/\/gyneobs.com\/site\/obstetrique\/grossesses-pathologiques\/le-syndrome-des-antiphospholipides\/\"  title=\"Plus ...\">Plus ...<\/a><\/p><\/div><div class=\"ccchildpage  cceven ccpage-count-14 ccpage-id-1135 ccpage-hypertensionarterielle-et-pre-eclampsie ccpage-has-parent ccpage-pid-1124 ccpage-parent-grossesses-pathologiques\"><h3>Hypertensionart\u00e9rielle et pr\u00e9 \u00e9clampsie<\/h3><div class=\"ccpages_excerpt\">Quelques d\u00e9finitions &nbsp;&nbsp; L\u2019hypertension art\u00e9rielle&nbsp; (HTA) de la grossesse se d\u00e9finit comme une pression art\u00e9rielle&nbsp; &nbsp;&nbsp; \u2265 140\/90 mmHg. Elle concerne 10 \u00e0 15% des grossesses. Ce sympt\u00f4me hypertension est important \u00e0 d\u00e9pister et \u00e0 surveiller car il peut \u00eatre sorce de graves complications. Outre les cas d\u2019hypertension pr\u00e9\u00e9xistante \u00e0 la grossesse, on doit distinguer:...<\/div><p class=\"ccpages_more\"><a href=\"https:\/\/gyneobs.com\/site\/obstetrique\/grossesses-pathologiques\/hypertensionarterielle-et-pre-eclampsie\/\"  title=\"Plus ...\">Plus ...<\/a><\/p><\/div><div class=\"ccchildpage  cclast ccodd ccpage-count-15 ccpage-id-1138 ccpage-1138-2 ccpage-has-parent ccpage-pid-1124 ccpage-parent-grossesses-pathologiques\"><h3>Retards de croissance intra-ut\u00e9rins<\/h3><div class=\"ccpages_excerpt\">D\u00e9finitions Losrqu\u2019un foetus parait trop petit au cours de la grossesse, on parle aujourd\u2019hui de PAG, c\u2019est-\u00e0-dire de petit poids pour l\u2019\u00e2ge gestationnel. Cela se d\u00e9finit par un poids isol\u00e9 (estimation pond\u00e9rale in utero ou poids de naissance) inf\u00e9rieur au 10e percentile. Le PAG s\u00e9v\u00e8re correspond \u00e0 un PAG inf\u00e9rieur au 3e percentile.&nbsp; Parmi ces...<\/div><p class=\"ccpages_more\"><a href=\"https:\/\/gyneobs.com\/site\/obstetrique\/grossesses-pathologiques\/1138-2\/\"  title=\"Plus ...\">Plus ...<\/a><\/p><\/div><div class=\"ccchildpage  ccfirst cceven ccpage-count-16 ccpage-id-1281 ccpage-les-grossesses-prolongees ccpage-has-parent ccpage-pid-1124 ccpage-parent-grossesses-pathologiques\"><h3>Les grossesses prolong\u00e9es<\/h3><div class=\"ccpages_excerpt\">D\u00e9finir la grossesse prolong\u00e9e supposerait de conna\u00eetre la dur\u00e9e \u00abnormale\u00bb de la grossesse. Or la dur\u00e9e normale de la grossesse, cela n'existe pas, et nous verrons par la suite qu'il est n\u00e9cessaire de proc\u00e9der par des approches diff\u00e9rentes. S'il faut d\u00e9finir, nous donnerons deux types de d\u00e9finitions, I'une classique, fond\u00e9e sur des crit\u00e8res chronologiques, I'autre...<\/div><p class=\"ccpages_more\"><a href=\"https:\/\/gyneobs.com\/site\/obstetrique\/grossesses-pathologiques\/les-grossesses-prolongees\/\"  title=\"Plus ...\">Plus ...<\/a><\/p><\/div><div class=\"ccchildpage  ccodd ccpage-count-17 ccpage-id-1143 ccpage-le-diabete-gestational ccpage-has-parent ccpage-pid-1124 ccpage-parent-grossesses-pathologiques\"><h3>Le diab\u00e8te gestationnel<\/h3><div class=\"ccpages_excerpt\">Votre gyn\u00e9cologue&nbsp; va vous proposer au 6\u00e8me mois un d\u00e9pistage du diab\u00e8te gestationnel. Le diab\u00e8te gestationnel concerne environ entre 6 et 20% des grossesses (selon le mode de d\u00e9pistage et la population concern\u00e9e).&nbsp; On peut le d\u00e9finir comme&nbsp; un \u00e9tat diab\u00e9tique qui n'appara\u00eet que pendant la grossesse, favoris\u00e9 qu'il est par les hormones de la...<\/div><p class=\"ccpages_more\"><a href=\"https:\/\/gyneobs.com\/site\/obstetrique\/grossesses-pathologiques\/le-diabete-gestational\/\"  title=\"Plus ...\">Plus ...<\/a><\/p><\/div><div class=\"ccchildpage  cclast cceven ccpage-count-18 ccpage-id-1161 ccpage-allo-immunisation-rhesus ccpage-has-parent ccpage-pid-1124 ccpage-parent-grossesses-pathologiques\"><h3>Allo-immunisation Rh\u00e9sus<\/h3><div class=\"ccpages_excerpt\">\u00a0I-De quoi s'agit-il? Les incompatibilit\u00e9s sanguines \u00e9rythrocytairesf\u0153to-maternelles r\u00e9sultent de l\u2019\u00e9laboration par la m\u00e8re d\u2019anticorps capables de traverser la barri\u00e8re placentaire et de se fixer sur les globules rouges f\u0153taux provoquant leur destruction. Cela se produit lorsque le f\u0153tus a h\u00e9rit\u00e9 de son p\u00e8re des antig\u00e8nes de groupe sanguin que sa m\u00e8re ne poss\u00e8de pas et...<\/div><p class=\"ccpages_more\"><a href=\"https:\/\/gyneobs.com\/site\/obstetrique\/grossesses-pathologiques\/allo-immunisation-rhesus\/\"  title=\"Plus ...\">Plus ...<\/a><\/p><\/div><div class=\"ccchildpage  ccfirst ccodd ccpage-count-19 ccpage-id-1164 ccpage-cholestase-gravidique ccpage-has-parent ccpage-pid-1124 ccpage-parent-grossesses-pathologiques\"><h3>Cholestase gravidique<\/h3><div class=\"ccpages_excerpt\">La cholestase intrah\u00e9patique gravidique est une affection h\u00e9patique sp\u00e9cifique de la grossesse caract\u00e9ris\u00e9e par un prurit maternel du troisi\u00e8me trimestre et une \u00e9l\u00e9vation des acides biliaires s\u00e9riques pouvant mettre en en jeu le pronostic f\u0153tal.&nbsp; Etiologie L\u2019\u00e9tiologie en est complexe et non compl\u00e8tement \u00e9lucid\u00e9e. Cependant, elle semble r\u00e9sulter de l\u2019effet cholestatique des hormones st\u00e9ro\u00efdiennes de...<\/div><p class=\"ccpages_more\"><a href=\"https:\/\/gyneobs.com\/site\/obstetrique\/grossesses-pathologiques\/cholestase-gravidique\/\"  title=\"Plus ...\">Plus ...<\/a><\/p><\/div><div class=\"ccchildpage  cceven ccpage-count-20 ccpage-id-1169 ccpage-prevention-des-accidents-trombe-emboliques ccpage-has-parent ccpage-pid-1124 ccpage-parent-grossesses-pathologiques\"><h3>Pr\u00e9vention des accidents thrombo-emboliques<\/h3><div class=\"ccpages_excerpt\">La maladie thromboembolique veineuse est une complication rare mais grave de la grossesse. Un \u00e9v\u00e9nement thromboembolique veineux (ETEV) complique d\u2019une \u00e0 deux grossesses pour 1 000. Le risque d\u2019ETEV est environ cinq fois&nbsp; plus \u00e9lev\u00e9 chez la femme enceinte que dans la population g\u00e9n\u00e9rale. Ce risque est pr\u00e9sent d\u00e8s le premier trimestre de la grossesse...<\/div><p class=\"ccpages_more\"><a href=\"https:\/\/gyneobs.com\/site\/obstetrique\/grossesses-pathologiques\/prevention-des-accidents-trombe-emboliques\/\"  title=\"Plus ...\">Plus ...<\/a><\/p><\/div><div class=\"ccchildpage  cclast ccodd ccpage-count-21 ccpage-id-2447 ccpage-mort-foetale-in-utero-mfiu ccpage-has-parent ccpage-pid-1124 ccpage-parent-grossesses-pathologiques\"><h3>Mort f\u0153tale in utero (MFIU)<\/h3><div class=\"ccpages_excerpt\">C\u2019est le d\u00e9c\u00e8s du foetus avant le d\u00e9but de travail, au cours des deux derniers trimestres, c\u2019est-\u00e0-dire \u00e0 partir de 14 semaines +0 jours (d\u2019am\u00e9norrh\u00e9e). Le diagnostic est affirm\u00e9 par l\u2019\u00e9chographie qui montre l\u2019absence d\u2019activit\u00e9 cardiaque et \u00e9ventuellement des signes de mac\u00e9ration. La fr\u00e9quence est estim\u00e9e autour de 8 cas sur 1000. I-Les causes des...<\/div><p class=\"ccpages_more\"><a href=\"https:\/\/gyneobs.com\/site\/obstetrique\/grossesses-pathologiques\/mort-foetale-in-utero-mfiu\/\"  title=\"Plus ...\">Plus ...<\/a><\/p><\/div><div class=\"ccchildpage  ccfirst cceven ccpage-count-22 ccpage-id-2445 ccpage-linterruption-medicale-de-grossesse-img ccpage-has-parent ccpage-pid-1124 ccpage-parent-grossesses-pathologiques\"><h3>L&rsquo;interruption m\u00e9dicale de grossesse (IMG)<\/h3><div class=\"ccpages_excerpt\">L\u2019interruption m\u00e9dicale de grossesse ou IMG est \u00e0 ne pas confondre avec l\u2019IVG ou Interruption Volontaire de Grossesse (voir ce chapitre). L\u2019IMG peut \u00eatre indiqu\u00e9e dans deux situations : -soit dans le cadre de la loi du 17 janvier 1975 d\u00e9finie par l\u2019article L2213-1 modifi\u00e9 le 7 juillet 2011: \u00ab l\u2019interruption de grossesse peut \u00e0...<\/div><p class=\"ccpages_more\"><a href=\"https:\/\/gyneobs.com\/site\/obstetrique\/grossesses-pathologiques\/linterruption-medicale-de-grossesse-img\/\"  title=\"Plus ...\">Plus ...<\/a><\/p><\/div><\/div><\/p>\n","protected":false},"excerpt":{"rendered":"","protected":false},"author":1,"featured_media":0,"parent":864,"menu_order":2,"comment_status":"closed","ping_status":"closed","template":"","meta":{"_exactmetrics_skip_tracking":false,"_exactmetrics_sitenote_active":false,"_exactmetrics_sitenote_note":"","_exactmetrics_sitenote_category":0,"footnotes":""},"class_list":["post-1124","page","type-page","status-publish","hentry","post"],"_links":{"self":[{"href":"https:\/\/gyneobs.com\/site\/wp-json\/wp\/v2\/pages\/1124","targetHints":{"allow":["GET"]}}],"collection":[{"href":"https:\/\/gyneobs.com\/site\/wp-json\/wp\/v2\/pages"}],"about":[{"href":"https:\/\/gyneobs.com\/site\/wp-json\/wp\/v2\/types\/page"}],"author":[{"embeddable":true,"href":"https:\/\/gyneobs.com\/site\/wp-json\/wp\/v2\/users\/1"}],"replies":[{"embeddable":true,"href":"https:\/\/gyneobs.com\/site\/wp-json\/wp\/v2\/comments?post=1124"}],"version-history":[{"count":2,"href":"https:\/\/gyneobs.com\/site\/wp-json\/wp\/v2\/pages\/1124\/revisions"}],"predecessor-version":[{"id":1885,"href":"https:\/\/gyneobs.com\/site\/wp-json\/wp\/v2\/pages\/1124\/revisions\/1885"}],"up":[{"embeddable":true,"href":"https:\/\/gyneobs.com\/site\/wp-json\/wp\/v2\/pages\/864"}],"wp:attachment":[{"href":"https:\/\/gyneobs.com\/site\/wp-json\/wp\/v2\/media?parent=1124"}],"curies":[{"name":"wp","href":"https:\/\/api.w.org\/{rel}","templated":true}]}}