{"id":80,"date":"2019-06-30T15:10:44","date_gmt":"2019-06-30T13:10:57","guid":{"rendered":"http:\/\/gyneobs.com\/site\/?page_id=80"},"modified":"2019-07-06T19:47:21","modified_gmt":"2019-07-06T17:47:21","slug":"dr-j-peter","status":"publish","type":"page","link":"http:\/\/gyneobs.com\/site\/dr-j-peter\/","title":{"rendered":"Dr J. PETER"},"content":{"rendered":"\n<div class=\"wp-block-image\"><figure class=\"aligncenter is-resized\"><img loading=\"lazy\" decoding=\"async\" src=\"http:\/\/gyneobs.com\/site\/wp-content\/uploads\/2019\/06\/image-175.png\" alt=\"\" class=\"wp-image-487\" width=\"159\" height=\"179\"\/><\/figure><\/div>\n\n\n<div id=\"ccchildpages-1\" class=\"ccchildpages  simple ccclearfix\"><ul class=\"ccchildpages_list ccclearfix\"><li class=\"page_item page-item-93\"><a href=\"http:\/\/gyneobs.com\/site\/dr-j-peter\/titres-et-diplomes-parcours-professionnel\/\">Docteur Jacques PETER Titres et dipl\u00f4mes-Parcours professionnel<\/a><\/li>\n<li class=\"page_item page-item-87\"><a href=\"http:\/\/gyneobs.com\/site\/dr-j-peter\/domaine-dactivite\/\">Domaines d&rsquo;activit\u00e9<\/a><\/li>\n<li class=\"page_item page-item-1417\"><a href=\"http:\/\/gyneobs.com\/site\/dr-j-peter\/publications-revues-scientifiques\/\">Publications revues scientifiques<\/a><\/li>\n<li class=\"page_item page-item-1423\"><a href=\"http:\/\/gyneobs.com\/site\/dr-j-peter\/livres-medicaux\/\">Livres m\u00e9dicaux<\/a><\/li>\n<li class=\"page_item page-item-1739\"><a href=\"http:\/\/gyneobs.com\/site\/dr-j-peter\/societes-savantes\/\">Soci\u00e9t\u00e9s savantes<\/a><\/li><\/ul><\/div>\n\n\n<div id=\"ccchildpages-2\" class=\"ccchildpages threecol simple ccclearfix\"><div class=\"ccchildpage  ccfirst ccodd ccpage-count-1 ccpage-id-93 ccpage-titres-et-diplomes-parcours-professionnel ccpage-has-parent ccpage-pid-80 ccpage-parent-dr-j-peter\"><h3>Docteur Jacques PETER Titres et dipl\u00f4mes-Parcours professionnel<\/h3><div class=\"ccpages_excerpt\">Cursus universitaire &nbsp;&nbsp;&nbsp; -Etudes m\u00e9dicales: Facult\u00e9 de M\u00e9decine de Limoges de 1968 \u00e0 1974 &nbsp;&nbsp; -Re\u00e7u aux concours des H\u00f4pitaux Universitaires CHU de Tours, Nancy et Limoges. &nbsp;&nbsp;&nbsp; -Interne des H\u00f4pitaux de Limoges de 1976 \u00e0 1980 (re\u00e7u major de promotion au concours d\u2019internat) \u00a0\u00a0\u00a0 -Chef de Clinique \u00e0 la Facult\u00e9 de M\u00e9decine de Limoges.\u00a0...<\/div><p class=\"ccpages_more\"><a href=\"http:\/\/gyneobs.com\/site\/dr-j-peter\/titres-et-diplomes-parcours-professionnel\/\"  title=\"Plus ...\">Plus ...<\/a><\/p><\/div><div class=\"ccchildpage  cceven ccpage-count-2 ccpage-id-87 ccpage-domaine-dactivite ccpage-has-parent ccpage-pid-80 ccpage-parent-dr-j-peter\"><h3>Domaines d&rsquo;activit\u00e9<\/h3><div class=\"ccpages_excerpt\">Docteur Jacques Peter -Gyn\u00e9cologue-Obst\u00e9tricien, qualifi\u00e9 en chirurgie gyn\u00e9cologique et en chirurgie g\u00e9n\u00e9rale -De nationalit\u00e9 fran\u00e7aise. N\u00e9 en 1950 \u00e0 Limoges (France). Inscrit au conseil de l\u2019ordre des m\u00e9decins (Identifiant RPPS: 10001693448) -Langues parl\u00e9es: fran\u00e7ais, anglais, espagnol, russe. En gyn\u00e9cologie m\u00e9dicale&nbsp; &nbsp;&nbsp;&nbsp; -Consultations gyn\u00e9cologiques courantes &nbsp;&nbsp;&nbsp; -D\u00e9pistage des cancers gyn\u00e9cologiques &nbsp;&nbsp;&nbsp; -Endocrinologie gyn\u00e9cologique &nbsp;&nbsp;&nbsp; -Exploration et...<\/div><p class=\"ccpages_more\"><a href=\"http:\/\/gyneobs.com\/site\/dr-j-peter\/domaine-dactivite\/\"  title=\"Plus ...\">Plus ...<\/a><\/p><\/div><div class=\"ccchildpage  cclast ccodd ccpage-count-3 ccpage-id-1417 ccpage-publications-revues-scientifiques ccpage-has-parent ccpage-pid-80 ccpage-parent-dr-j-peter\"><h3>Publications revues scientifiques<\/h3><div class=\"ccpages_excerpt\">Que faire face \u00e0 une am\u00e9norrh\u00e9e primaire. PETER J.Nouveaux M\u00e9decins, suppl\u00e9ment du num\u00e9ro du 10 au 20 novembre 1978. Que faire face \u00e0 une am\u00e9norrh\u00e9e secondaire. PETER J.Nouveaux M\u00e9decins, suppl\u00e9ment du num\u00e9ro du 10 au 20 novembre 1978. Diagnostic et principes th\u00e9rapeutiques des fibromes ut\u00e9rins.&nbsp; ZAGO J. et PETER J. Gazette m\u00e9dicale de France, 1978,...<\/div><p class=\"ccpages_more\"><a href=\"http:\/\/gyneobs.com\/site\/dr-j-peter\/publications-revues-scientifiques\/\"  title=\"Plus ...\">Plus ...<\/a><\/p><\/div><div class=\"ccchildpage  ccfirst cceven ccpage-count-4 ccpage-id-1423 ccpage-livres-medicaux ccpage-has-parent ccpage-pid-80 ccpage-parent-dr-j-peter\"><h3>Livres m\u00e9dicaux<\/h3><div class=\"ccpages_excerpt\">L'OBST\u00c9TRIQUE ACTUELLE. PETER J. Un volume de 648 pages. La Roche Rigault, \u00e9ditions P.S.R., 1991. Destin\u00e9 \u00e0 tous ceux qui ont en charge la surveillance des grossesses et la responsabilit\u00e9 des accouchements, le pr\u00e9sent ouvrage se distingue des trait\u00e9s classiques par le fait qu'il met tout particuli\u00e8rement l'accent sur certains aspects nouveaux qui devraient caract\u00e9riser...<\/div><p class=\"ccpages_more\"><a href=\"http:\/\/gyneobs.com\/site\/dr-j-peter\/livres-medicaux\/\"  title=\"Plus ...\">Plus ...<\/a><\/p><\/div><div class=\"ccchildpage  ccodd ccpage-count-5 ccpage-id-1739 ccpage-societes-savantes ccpage-has-parent ccpage-pid-80 ccpage-parent-dr-j-peter\"><h3>Soci\u00e9t\u00e9s savantes<\/h3><div class=\"ccpages_excerpt\">Membre\u00a0 de\u00a0 la\u00a0 European\u00a0 Association\u00a0 of\u00a0 Gynaecologists\u00a0 andObstetricians (depuis 1990 jusqu\u2019\u00e0 et y compris 2001). Membre du SNUD (Syndicat&nbsp; National&nbsp; des Ultrasonologistes Diplom\u00e9s) depuis 1980&nbsp; jusqu\u2019\u00e0 et y compris 2001. Responsable&nbsp; r\u00e9gional&nbsp; du&nbsp; S.N.U.D.&nbsp; (Syndicat&nbsp; National&nbsp; desUltrasonologistes Diplom\u00e9s) pour la r\u00e9gion Poitou-Charentes (de 1985 \u00e0 1992). Membre du Club d\u2019Anesth\u00e9sie-R\u00e9animation en Obst\u00e9trique&nbsp;: 1995, 1996, 1997....<\/div><p class=\"ccpages_more\"><a href=\"http:\/\/gyneobs.com\/site\/dr-j-peter\/societes-savantes\/\"  title=\"Plus ...\">Plus ...<\/a><\/p><\/div><\/div>\n","protected":false},"excerpt":{"rendered":"","protected":false},"author":1,"featured_media":0,"parent":0,"menu_order":1,"comment_status":"closed","ping_status":"closed","template":"","meta":{"_exactmetrics_skip_tracking":false,"_exactmetrics_sitenote_active":false,"_exactmetrics_sitenote_note":"","_exactmetrics_sitenote_category":0,"footnotes":""},"class_list":["post-80","page","type-page","status-publish","hentry","post"],"_links":{"self":[{"href":"http:\/\/gyneobs.com\/site\/wp-json\/wp\/v2\/pages\/80","targetHints":{"allow":["GET"]}}],"collection":[{"href":"http:\/\/gyneobs.com\/site\/wp-json\/wp\/v2\/pages"}],"about":[{"href":"http:\/\/gyneobs.com\/site\/wp-json\/wp\/v2\/types\/page"}],"author":[{"embeddable":true,"href":"http:\/\/gyneobs.com\/site\/wp-json\/wp\/v2\/users\/1"}],"replies":[{"embeddable":true,"href":"http:\/\/gyneobs.com\/site\/wp-json\/wp\/v2\/comments?post=80"}],"version-history":[{"count":10,"href":"http:\/\/gyneobs.com\/site\/wp-json\/wp\/v2\/pages\/80\/revisions"}],"predecessor-version":[{"id":1895,"href":"http:\/\/gyneobs.com\/site\/wp-json\/wp\/v2\/pages\/80\/revisions\/1895"}],"wp:attachment":[{"href":"http:\/\/gyneobs.com\/site\/wp-json\/wp\/v2\/media?parent=80"}],"curies":[{"name":"wp","href":"https:\/\/api.w.org\/{rel}","templated":true}]}}