{"id":423,"date":"2019-06-30T22:15:40","date_gmt":"2019-06-30T20:15:40","guid":{"rendered":"http:\/\/gyneobs.com\/site\/?page_id=423"},"modified":"2019-07-02T15:14:22","modified_gmt":"2019-07-02T13:14:22","slug":"classification-des-malformations-uterines","status":"publish","type":"page","link":"http:\/\/gyneobs.com\/site\/articles\/uterus\/classification-des-malformations-uterines\/","title":{"rendered":"Classification des malformations ut\u00e9rines"},"content":{"rendered":"\n<p>La classification des malformations ut\u00e9rines a \u00e9t\u00e9 r\u00e9cemment simplifi\u00e9e de fa\u00e7on \u00e0 mieux correspondre aux possibilit\u00e9 th\u00e9rapeutiques. <em>(Images: J.-M. Levaillant, H. Fernandez, P. Capmas)<\/em>. L&rsquo;analyse de ces malformations est maintenant parfaitement possible  en \u00e9chographie.<\/p>\n\n\n\n<p>Classe U0 = ut\u00e9rus normal:<\/p>\n\n\n\n<figure class=\"wp-block-image\"><img loading=\"lazy\" decoding=\"async\" width=\"218\" height=\"176\" src=\"http:\/\/gyneobs.com\/site\/wp-content\/uploads\/2019\/06\/image-134.png\" alt=\"\" class=\"wp-image-424\"\/><\/figure>\n\n\n\n<figure class=\"wp-block-image\"><img loading=\"lazy\" decoding=\"async\" width=\"547\" height=\"180\" src=\"http:\/\/gyneobs.com\/site\/wp-content\/uploads\/2019\/06\/image-135.png\" alt=\"\" class=\"wp-image-425\" srcset=\"http:\/\/gyneobs.com\/site\/wp-content\/uploads\/2019\/06\/image-135.png 547w, http:\/\/gyneobs.com\/site\/wp-content\/uploads\/2019\/06\/image-135-300x99.png 300w\" sizes=\"auto, (max-width: 547px) 100vw, 547px\" \/><\/figure>\n\n\n\n<p>ClasseU1 = ut\u00e9rus dysmorphique:<\/p>\n\n\n\n<figure class=\"wp-block-image\"><img loading=\"lazy\" decoding=\"async\" width=\"303\" height=\"180\" src=\"http:\/\/gyneobs.com\/site\/wp-content\/uploads\/2019\/06\/image-136.png\" alt=\"\" class=\"wp-image-426\" srcset=\"http:\/\/gyneobs.com\/site\/wp-content\/uploads\/2019\/06\/image-136.png 303w, http:\/\/gyneobs.com\/site\/wp-content\/uploads\/2019\/06\/image-136-300x178.png 300w\" sizes=\"auto, (max-width: 303px) 100vw, 303px\" \/><\/figure>\n\n\n\n<figure class=\"wp-block-image\"><img loading=\"lazy\" decoding=\"async\" width=\"536\" height=\"180\" src=\"http:\/\/gyneobs.com\/site\/wp-content\/uploads\/2019\/06\/image-137.png\" alt=\"\" class=\"wp-image-427\" srcset=\"http:\/\/gyneobs.com\/site\/wp-content\/uploads\/2019\/06\/image-137.png 536w, http:\/\/gyneobs.com\/site\/wp-content\/uploads\/2019\/06\/image-137-300x101.png 300w\" sizes=\"auto, (max-width: 536px) 100vw, 536px\" \/><\/figure>\n\n\n\n<p>Classe U2 = ut\u00e9rus s\u00e9par\u00e9 o\u00f9 l\u2019\u00e9peron interne est sup\u00e9rieur \u00e0 50% de l\u2019\u00e9paisseur de la paroi ut\u00e9rine:<\/p>\n\n\n\n<figure class=\"wp-block-image\"><img loading=\"lazy\" decoding=\"async\" width=\"291\" height=\"178\" src=\"http:\/\/gyneobs.com\/site\/wp-content\/uploads\/2019\/06\/image-138.png\" alt=\"\" class=\"wp-image-428\"\/><\/figure>\n\n\n\n<figure class=\"wp-block-image\"><img loading=\"lazy\" decoding=\"async\" width=\"563\" height=\"187\" src=\"http:\/\/gyneobs.com\/site\/wp-content\/uploads\/2019\/06\/image-139.png\" alt=\"\" class=\"wp-image-429\" srcset=\"http:\/\/gyneobs.com\/site\/wp-content\/uploads\/2019\/06\/image-139.png 563w, http:\/\/gyneobs.com\/site\/wp-content\/uploads\/2019\/06\/image-139-300x100.png 300w\" sizes=\"auto, (max-width: 563px) 100vw, 563px\" \/><\/figure>\n\n\n\n<p>Classe U3 = ut\u00e9rus bicorpor\u00e9al o\u00f9 le sillon externe de la s\u00e9reuse est sup\u00e9rieur \u00e0 50% de l\u2019\u00e9paisseur de la paroi ut\u00e9rine avec une variante o\u00f9 la profondeur de ce sillon est sup\u00e9rieur \u00e0 150% de l\u2019\u00e9paisseur de la paroi ut\u00e9rine:<\/p>\n\n\n\n<figure class=\"wp-block-image\"><img loading=\"lazy\" decoding=\"async\" width=\"376\" height=\"179\" src=\"http:\/\/gyneobs.com\/site\/wp-content\/uploads\/2019\/06\/image-140.png\" alt=\"\" class=\"wp-image-430\" srcset=\"http:\/\/gyneobs.com\/site\/wp-content\/uploads\/2019\/06\/image-140.png 376w, http:\/\/gyneobs.com\/site\/wp-content\/uploads\/2019\/06\/image-140-300x143.png 300w\" sizes=\"auto, (max-width: 376px) 100vw, 376px\" \/><\/figure>\n\n\n\n<figure class=\"wp-block-image\"><img loading=\"lazy\" decoding=\"async\" width=\"540\" height=\"178\" src=\"http:\/\/gyneobs.com\/site\/wp-content\/uploads\/2019\/06\/image-141.png\" alt=\"\" class=\"wp-image-431\" srcset=\"http:\/\/gyneobs.com\/site\/wp-content\/uploads\/2019\/06\/image-141.png 540w, http:\/\/gyneobs.com\/site\/wp-content\/uploads\/2019\/06\/image-141-300x99.png 300w\" sizes=\"auto, (max-width: 540px) 100vw, 540px\" \/><\/figure>\n\n\n\n<p>Classe U4 = h\u00e9mi-ut\u00e9rus<br><\/p>\n\n\n\n<figure class=\"wp-block-image\"><img loading=\"lazy\" decoding=\"async\" width=\"382\" height=\"180\" src=\"http:\/\/gyneobs.com\/site\/wp-content\/uploads\/2019\/06\/image-142.png\" alt=\"\" class=\"wp-image-432\" srcset=\"http:\/\/gyneobs.com\/site\/wp-content\/uploads\/2019\/06\/image-142.png 382w, http:\/\/gyneobs.com\/site\/wp-content\/uploads\/2019\/06\/image-142-300x141.png 300w\" sizes=\"auto, (max-width: 382px) 100vw, 382px\" \/><\/figure>\n\n\n\n<figure class=\"wp-block-image\"><img loading=\"lazy\" decoding=\"async\" width=\"549\" height=\"182\" src=\"http:\/\/gyneobs.com\/site\/wp-content\/uploads\/2019\/06\/image-143.png\" alt=\"\" class=\"wp-image-433\" srcset=\"http:\/\/gyneobs.com\/site\/wp-content\/uploads\/2019\/06\/image-143.png 549w, http:\/\/gyneobs.com\/site\/wp-content\/uploads\/2019\/06\/image-143-300x99.png 300w\" sizes=\"auto, (max-width: 549px) 100vw, 549px\" \/><\/figure>\n","protected":false},"excerpt":{"rendered":"<p>La classification des malformations ut\u00e9rines a \u00e9t\u00e9 r\u00e9cemment simplifi\u00e9e de fa\u00e7on \u00e0 mieux correspondre aux possibilit\u00e9 th\u00e9rapeutiques. (Images: J.-M. Levaillant, H. Fernandez, P. Capmas). L&rsquo;analyse de ces malformations est maintenant parfaitement possible en \u00e9chographie. Classe U0 = ut\u00e9rus normal: ClasseU1 = ut\u00e9rus dysmorphique: Classe U2 = ut\u00e9rus s\u00e9par\u00e9 o\u00f9 l\u2019\u00e9peron interne est sup\u00e9rieur \u00e0 50% [&hellip;]<\/p>\n","protected":false},"author":1,"featured_media":0,"parent":1305,"menu_order":5,"comment_status":"closed","ping_status":"closed","template":"","meta":{"_exactmetrics_skip_tracking":false,"_exactmetrics_sitenote_active":false,"_exactmetrics_sitenote_note":"","_exactmetrics_sitenote_category":0,"footnotes":""},"class_list":["post-423","page","type-page","status-publish","hentry","post"],"_links":{"self":[{"href":"http:\/\/gyneobs.com\/site\/wp-json\/wp\/v2\/pages\/423","targetHints":{"allow":["GET"]}}],"collection":[{"href":"http:\/\/gyneobs.com\/site\/wp-json\/wp\/v2\/pages"}],"about":[{"href":"http:\/\/gyneobs.com\/site\/wp-json\/wp\/v2\/types\/page"}],"author":[{"embeddable":true,"href":"http:\/\/gyneobs.com\/site\/wp-json\/wp\/v2\/users\/1"}],"replies":[{"embeddable":true,"href":"http:\/\/gyneobs.com\/site\/wp-json\/wp\/v2\/comments?post=423"}],"version-history":[{"count":1,"href":"http:\/\/gyneobs.com\/site\/wp-json\/wp\/v2\/pages\/423\/revisions"}],"predecessor-version":[{"id":434,"href":"http:\/\/gyneobs.com\/site\/wp-json\/wp\/v2\/pages\/423\/revisions\/434"}],"up":[{"embeddable":true,"href":"http:\/\/gyneobs.com\/site\/wp-json\/wp\/v2\/pages\/1305"}],"wp:attachment":[{"href":"http:\/\/gyneobs.com\/site\/wp-json\/wp\/v2\/media?parent=423"}],"curies":[{"name":"wp","href":"https:\/\/api.w.org\/{rel}","templated":true}]}}