{"id":1093,"date":"2019-07-04T06:11:46","date_gmt":"2019-07-04T04:11:46","guid":{"rendered":"http:\/\/gyneobs.com\/site\/?page_id=1093"},"modified":"2019-12-12T17:43:25","modified_gmt":"2019-12-12T16:43:25","slug":"lamniocentese","status":"publish","type":"page","link":"http:\/\/gyneobs.com\/site\/obstetrique\/la-grossesse\/lamniocentese\/","title":{"rendered":"L&rsquo;amniocent\u00e8se"},"content":{"rendered":"\n<p class=\"has-drop-cap\">Il s&rsquo;agit d&rsquo;un pr\u00e9l\u00e8vement d\u2019une petite quantit\u00e9 du liquide qui entoure le b\u00e9b\u00e9 dans l&rsquo;ut\u00e9rus (le liquide amniotique) par ponction \u00e0 l&rsquo;aide d&rsquo;une aiguille \u00e0 travers le ventre de la m\u00e8re. Cet examen est r\u00e9alis\u00e9 le plus souvent pour \u00e9tudier les chromosomes de l&rsquo;enfant (caryotype).&nbsp;<br>\nCet examen est g\u00e9n\u00e9ralement pratiqu\u00e9 entre la 15\u00e8me et la 18\u00e8me semaine d\u2019am\u00e9norrh\u00e9e, voire plus tard dans la grossesse, jusqu\u2019au terme si l\u2019indication le justifie.&nbsp;<\/p>\n\n\n\n<p>Attention: l&rsquo;issue d&rsquo;une amniocent\u00e8se ne conduit pas obligatoirement \u00e0 une interruption m\u00e9dicale de grossesse. Seulement, l&rsquo;\u00e9tablissement du caryotype f\u0153tal, et les autres examens qui lui sont associ\u00e9s, permettent de poser un diagnostic tr\u00e8s pr\u00e9cis sur le d\u00e9veloppement du b\u00e9b\u00e9. C&rsquo;est uniquement en cas de malformation grave que le m\u00e9decin pourra vous proposer cette \u00e9ventualit\u00e9.<br>\n<\/p>\n\n\n\n<figure class=\"wp-block-image is-resized\"><img loading=\"lazy\" decoding=\"async\" src=\"http:\/\/gyneobs.com\/site\/wp-content\/uploads\/2019\/07\/Capture-d\u2019\u00e9cran-2019-07-07-\u00e0-09.21.14.png\" alt=\"\" class=\"wp-image-2033\" width=\"585\" height=\"320\" srcset=\"http:\/\/gyneobs.com\/site\/wp-content\/uploads\/2019\/07\/Capture-d\u2019\u00e9cran-2019-07-07-\u00e0-09.21.14.png 513w, http:\/\/gyneobs.com\/site\/wp-content\/uploads\/2019\/07\/Capture-d\u2019\u00e9cran-2019-07-07-\u00e0-09.21.14-300x164.png 300w\" sizes=\"auto, (max-width: 585px) 100vw, 585px\" \/><\/figure>\n\n\n\n<p>Il reste tr\u00e8s rare qu&rsquo;une amniocent\u00e8se r\u00e9v\u00e8le une anomalie chromosomique;<br> Le pr\u00e9l\u00e8vement est r\u00e9alis\u00e9 st\u00e9rilement sous \u00e9chographie apr\u00e8s d\u00e9sinfection de la paroi abdominale.<br> Il n\u2019est pas n\u00e9cessaire d\u2019\u00eatre \u00e0 jeun, ni d\u2019avoir une vessie pleine. Il est souhaitable d\u2019\u00e9viter pendant les 8 jours qui pr\u00e9c\u00e8dent le pr\u00e9l\u00e8vement toute application de cr\u00e8mes ou huiles qui peuvent parfois diminuer la qualit\u00e9 de l\u2019image \u00e9chographique.<\/p>\n\n\n\n<div class=\"wp-block-image\"><figure class=\"alignright is-resized\"><img loading=\"lazy\" decoding=\"async\" src=\"http:\/\/gyneobs.com\/site\/wp-content\/uploads\/2019\/07\/Capture-d\u2019\u00e9cran-2019-07-07-\u00e0-09.21.20.png\" alt=\"\" class=\"wp-image-2034\" width=\"359\" height=\"286\" srcset=\"http:\/\/gyneobs.com\/site\/wp-content\/uploads\/2019\/07\/Capture-d\u2019\u00e9cran-2019-07-07-\u00e0-09.21.20.png 319w, http:\/\/gyneobs.com\/site\/wp-content\/uploads\/2019\/07\/Capture-d\u2019\u00e9cran-2019-07-07-\u00e0-09.21.20-300x239.png 300w\" sizes=\"auto, (max-width: 359px) 100vw, 359px\" \/><\/figure><\/div>\n\n\n\n<div class=\"wp-block-image\"><figure class=\"alignright is-resized\"><img loading=\"lazy\" decoding=\"async\" src=\"http:\/\/gyneobs.com\/site\/wp-content\/uploads\/2019\/07\/Capture-d\u2019\u00e9cran-2019-07-07-\u00e0-09.21.28.png\" alt=\"\" class=\"wp-image-2035\" width=\"353\" height=\"618\" srcset=\"http:\/\/gyneobs.com\/site\/wp-content\/uploads\/2019\/07\/Capture-d\u2019\u00e9cran-2019-07-07-\u00e0-09.21.28.png 180w, http:\/\/gyneobs.com\/site\/wp-content\/uploads\/2019\/07\/Capture-d\u2019\u00e9cran-2019-07-07-\u00e0-09.21.28-171x300.png 171w\" sizes=\"auto, (max-width: 353px) 100vw, 353px\" \/><\/figure><\/div>\n\n\n\n<p><br> Une aspiration de liquide amniotique est r\u00e9alis\u00e9e avec une seringue \u00e0 l&rsquo;aide d&rsquo;une aiguille tr\u00e8s fine. On pr\u00e9l\u00e8ve ainsi 15 \u00e0 20cc. La ponction elle-m\u00eame n&rsquo;est pas plus douloureuse qu&rsquo;une prise de sang.<br> Apr\u00e8s le pr\u00e9l\u00e8vement il est normal de ressentir une l\u00e9g\u00e8re sensation de pesanteur au point de ponction. La pr\u00e9sence de contractions ut\u00e9rines apr\u00e8s une amniocent\u00e8se est tout \u00e0 fait exceptionnelle. La prescription d\u2019antispasmodique n\u2019est donc pas utile. Apr\u00e8s l\u2019amniocent\u00e8se, une sensation de tension des deux cot\u00e9s de l\u2019ut\u00e9rus est habituellement due au rel\u00e2chement ligamentaire qui suit un stress important\u2026.Le risque du pr\u00e9l\u00e8vement est avant tout celui d\u2019une fausse couche. Ce risque est g\u00e9n\u00e9ralement estim\u00e9 \u00e0 1%.&nbsp; Les fausses couches peuvent \u00eatre dues \u00e0 une rupture des membranes qui entourent le f\u0153tus, plus exceptionnellement \u00e0 une h\u00e9morragie f\u0153to-maternelle et de fa\u00e7on encore plus rare \u00e0 une infection. L\u2019\u00e9choguidage simultan\u00e9 permet de situer en permanence la position de l\u2019aiguille par rapport \u00e0 la position du f\u0153tus et le risque de blessure f\u0153tale peut \u00eatre consid\u00e9r\u00e9 comme quasi nul. Enfin, la technique d\u2019analyse demandant une mise en culture des cellules f\u0153tales, un \u00e9chec de celle ci est possible pouvant rendre n\u00e9cessaire un deuxi\u00e8me pr\u00e9l\u00e8vement.<br> L\u2019analyse du pr\u00e9l\u00e8vement n\u00e9cessite donc une technique de culture cellulaire et le r\u00e9sultat d\u00e9finitif n\u2019est obtenu qu\u2019au bout d\u2019une quinzaine de jours, parfois trois semaines. Il est cependant possible d\u2019obtenir une premier r\u00e9sultat rapide,en deux \u00e0 trois jours, concernant les anomalies num\u00e9riques les plus fr\u00e9quentes des chromosomes 21, 18, 13, X et Y avec une fiabilit\u00e9 de 97% par la technique F.I.S.H (Fluorescent In Situ Hybridization) ou par PCR&nbsp; (Polym\u00e9rase Chain Reaction). Il s\u2019agit d\u2019une technique d\u2019analyse compl\u00e9mentaire, non obligatoire,&nbsp; qui ne renseigne que sur 70% des anomalies chromosomiques et qui ne permet en aucun cas de se dispenser de la technique classique de culture cellulaire (pour les 30% restant).<br> Si votre groupe sanguin est Rh\u00e9sus n\u00e9gatif, une injection d\u2019immunoglobulines anti-RH vous sera administr\u00e9e dans les 72 heures suivant l\u2019examen afin d\u2019\u00e9viter la constitution d\u2019une iso-immunisation anti-Rh\u00e9sus.<br> &nbsp;<\/p>\n\n\n\n<div class=\"wp-block-image\"><figure class=\"aligncenter size-large\"><img loading=\"lazy\" decoding=\"async\" width=\"480\" height=\"317\" src=\"https:\/\/gyneobs.com\/site\/wp-content\/uploads\/2019\/12\/Capture-d\u2019\u00e9cran-2019-12-12-\u00e0-17.40.54.png\" alt=\"\" class=\"wp-image-2544\" srcset=\"http:\/\/gyneobs.com\/site\/wp-content\/uploads\/2019\/12\/Capture-d\u2019\u00e9cran-2019-12-12-\u00e0-17.40.54.png 480w, http:\/\/gyneobs.com\/site\/wp-content\/uploads\/2019\/12\/Capture-d\u2019\u00e9cran-2019-12-12-\u00e0-17.40.54-300x198.png 300w\" sizes=\"auto, (max-width: 480px) 100vw, 480px\" \/><figcaption><em><strong>Caryotype d&rsquo;un individu sain<\/strong><\/em><\/figcaption><\/figure><\/div>\n\n\n\n<div class=\"wp-block-image\"><figure class=\"aligncenter size-large is-resized\"><img loading=\"lazy\" decoding=\"async\" src=\"https:\/\/gyneobs.com\/site\/wp-content\/uploads\/2019\/12\/Capture-d\u2019\u00e9cran-2019-12-12-\u00e0-17.42.18.png\" alt=\"\" class=\"wp-image-2545\" width=\"462\" height=\"297\" srcset=\"http:\/\/gyneobs.com\/site\/wp-content\/uploads\/2019\/12\/Capture-d\u2019\u00e9cran-2019-12-12-\u00e0-17.42.18.png 362w, http:\/\/gyneobs.com\/site\/wp-content\/uploads\/2019\/12\/Capture-d\u2019\u00e9cran-2019-12-12-\u00e0-17.42.18-300x193.png 300w\" sizes=\"auto, (max-width: 462px) 100vw, 462px\" \/><figcaption><strong><em>Caryotype de trisomie 21<\/em><\/strong><\/figcaption><\/figure><\/div>\n\n\n\n<p><strong>Conseils pratiques:<\/strong><\/p>\n\n\n\n<p><strong>&nbsp; &nbsp; &#8211;<\/strong>Une \u00e9chographie quelques jours avant le pr\u00e9l\u00e8vement est n\u00e9cessaire&nbsp;<\/p>\n\n\n\n<p>&nbsp; &nbsp; -La pr\u00e9sence de votre conjoint est le plus souvent requise&nbsp;<\/p>\n\n\n\n<p>&nbsp; &nbsp; -La veille de l&rsquo;amniocent\u00e8se : prendre une douche et bien savonner le ventre.&nbsp;<\/p>\n\n\n\n<p>&nbsp; &nbsp; -Le jour de l&rsquo;amniocent\u00e8se : prendre une douche et bien savonner le ventre.&nbsp;<\/p>\n\n\n\n<p>&nbsp; &nbsp; -Pr\u00e9voir une journ\u00e9e de repos. Il n&rsquo;est pas n\u00e9cessaire que vous soyez \u00e0 jeun.&nbsp;<\/p>\n\n\n\n<p><strong>&nbsp; &nbsp; &#8211;<\/strong>Venir avec votre carte de groupe sanguin et votre attestation d&rsquo;assurance sociale&nbsp;<\/p>\n\n\n\n<p>&nbsp; &nbsp; -Dans les 72 heures qui suivent la biopsie :&nbsp;<\/p>\n\n\n\n<p>&nbsp; &nbsp; &nbsp; &nbsp; &nbsp; &nbsp; &nbsp; &nbsp; &nbsp; -Si vous \u00eates de rh\u00e9sus n\u00e9gatif, vous devrez faire une injection intra veineuse d&rsquo;un produit destin\u00e9 \u00e0 \u00e9viter une incompatibilit\u00e9 sanguine avec votre enfant.&nbsp;<\/p>\n\n\n\n<p>&nbsp; &nbsp; &nbsp; &nbsp; &nbsp; &nbsp; &nbsp; &nbsp; &nbsp; -Si votre f\u0153tus est Rh\u00e9sus n\u00e9gatif (comme vous), cette injection n&rsquo;est pas n\u00e9cessaire.&nbsp;<\/p>\n\n\n\n<p>Consulter d&rsquo;urgence en cas de:<\/p>\n\n\n\n<p>&nbsp; &nbsp; -douleurs, en cas de perte de sang,&nbsp;<\/p>\n\n\n\n<p>&nbsp; &nbsp; -perte de liquide,&nbsp;&nbsp;<\/p>\n\n\n\n<p>&nbsp; &nbsp; -fi\u00e8vre&nbsp;<\/p>\n\n\n\n<p>&nbsp; &nbsp; -cas de signe inhabituel&nbsp;&nbsp;<\/p>\n\n\n\n<figure class=\"wp-block-image\"><img decoding=\"async\" src=\"blob:http:\/\/gyneobs.com\/8f88df27-4f78-4569-8a10-f2990ea8b59c\" alt=\"pastedGraphic.pdf\"\/><\/figure>\n","protected":false},"excerpt":{"rendered":"<p>Il s&rsquo;agit d&rsquo;un pr\u00e9l\u00e8vement d\u2019une petite quantit\u00e9 du liquide qui entoure le b\u00e9b\u00e9 dans l&rsquo;ut\u00e9rus (le liquide amniotique) par ponction \u00e0 l&rsquo;aide d&rsquo;une aiguille \u00e0 travers le ventre de la m\u00e8re. Cet examen est r\u00e9alis\u00e9 le plus souvent pour \u00e9tudier les chromosomes de l&rsquo;enfant (caryotype).&nbsp; Cet examen est g\u00e9n\u00e9ralement pratiqu\u00e9 entre la 15\u00e8me et la [&hellip;]<\/p>\n","protected":false},"author":1,"featured_media":0,"parent":1067,"menu_order":4,"comment_status":"closed","ping_status":"closed","template":"","meta":{"_exactmetrics_skip_tracking":false,"_exactmetrics_sitenote_active":false,"_exactmetrics_sitenote_note":"","_exactmetrics_sitenote_category":0,"footnotes":""},"class_list":["post-1093","page","type-page","status-publish","hentry","post"],"_links":{"self":[{"href":"http:\/\/gyneobs.com\/site\/wp-json\/wp\/v2\/pages\/1093","targetHints":{"allow":["GET"]}}],"collection":[{"href":"http:\/\/gyneobs.com\/site\/wp-json\/wp\/v2\/pages"}],"about":[{"href":"http:\/\/gyneobs.com\/site\/wp-json\/wp\/v2\/types\/page"}],"author":[{"embeddable":true,"href":"http:\/\/gyneobs.com\/site\/wp-json\/wp\/v2\/users\/1"}],"replies":[{"embeddable":true,"href":"http:\/\/gyneobs.com\/site\/wp-json\/wp\/v2\/comments?post=1093"}],"version-history":[{"count":3,"href":"http:\/\/gyneobs.com\/site\/wp-json\/wp\/v2\/pages\/1093\/revisions"}],"predecessor-version":[{"id":2546,"href":"http:\/\/gyneobs.com\/site\/wp-json\/wp\/v2\/pages\/1093\/revisions\/2546"}],"up":[{"embeddable":true,"href":"http:\/\/gyneobs.com\/site\/wp-json\/wp\/v2\/pages\/1067"}],"wp:attachment":[{"href":"http:\/\/gyneobs.com\/site\/wp-json\/wp\/v2\/media?parent=1093"}],"curies":[{"name":"wp","href":"https:\/\/api.w.org\/{rel}","templated":true}]}}