{"id":1078,"date":"2019-07-04T05:56:01","date_gmt":"2019-07-04T03:56:01","guid":{"rendered":"http:\/\/gyneobs.com\/site\/?page_id=1078"},"modified":"2019-07-07T09:34:38","modified_gmt":"2019-07-07T07:34:38","slug":"le-developpement-du-bebe-semaine-par-semaine","status":"publish","type":"page","link":"http:\/\/gyneobs.com\/site\/obstetrique\/la-grossesse\/le-developpement-du-bebe-semaine-par-semaine\/","title":{"rendered":"Le d\u00e9veloppement du b\u00e9b\u00e9, semaine par semaine"},"content":{"rendered":"\n<figure class=\"wp-block-image\"><img loading=\"lazy\" decoding=\"async\" width=\"643\" height=\"292\" src=\"http:\/\/gyneobs.com\/site\/wp-content\/uploads\/2019\/07\/Capture-d\u2019\u00e9cran-2019-07-07-\u00e0-09.32.01.png\" alt=\"\" class=\"wp-image-2043\" srcset=\"http:\/\/gyneobs.com\/site\/wp-content\/uploads\/2019\/07\/Capture-d\u2019\u00e9cran-2019-07-07-\u00e0-09.32.01.png 643w, http:\/\/gyneobs.com\/site\/wp-content\/uploads\/2019\/07\/Capture-d\u2019\u00e9cran-2019-07-07-\u00e0-09.32.01-300x136.png 300w\" sizes=\"auto, (max-width: 643px) 100vw, 643px\" \/><\/figure>\n\n\n\n<p><strong>Premi\u00e8re semaine de grossesse=3<\/strong><sup><strong>\u00e8me<\/strong><\/sup><strong> semaine d\u2019am\u00e9norrh\u00e9e<\/strong><br> Apr\u00e8s la f\u00e9condation, les cellules commencent \u00e0 se diviser. Il faut 4 jours \u00e0 l&rsquo;ovule f\u00e9cond\u00e9 pour atteindre l&rsquo;ut\u00e9rus, o\u00f9 il va se fixer. <br> Votre futur b\u00e9b\u00e9 est pour le moment \u00ab\u00a0un blastocyte\u00a0\u00bb, c&rsquo;est \u00e0 dire un amas d&rsquo;environ 100 cellules. <br> La partie externe du blastocyte deviendra le placenta.<br> Cette partie du blastocyte va s&rsquo;implanter dans la paroi ut\u00e9rine. C&rsquo;est \u00e0 ce moment pr\u00e9cis que votre corps va commencer \u00e0 produire l&rsquo;hormone b\u00e9ta-HCG, \u00e0 la fin de cette premi\u00e8re semaine. L&rsquo;hormone ne sera en concentration suffisante qu&rsquo;\u00e0 la fin de la prochaine semaine pour \u00eatre d\u00e9tect\u00e9e par les tests de grossesse.<br> La partie interne deviendra l&#8217;embryon. <br> Il n&rsquo; y a pas encore d&rsquo;indices biologiques qui permettent de confirmer votre grossesse, les \u00df-hCG ne sont s\u00e9cr\u00e9t\u00e9es qu&rsquo;\u00e0 partir du 8e jour, au moment o\u00f9 l\u2019\u0153uf se fixe dans la paroi ut\u00e9rine, mais elle n&rsquo;est pas encore d\u00e9celable par les dosages&#8230;<br> A cette date, on ne peut pas d\u00e9terminer le poids de votre futur b\u00e9b\u00e9.<br> Mais, du stade la morula, au stade du blastocyte, ce tout petit amas de cellules mesure 25 milli\u00e8mes de millim\u00e8tres!<\/p>\n\n\n\n<p><strong>\u00a02<\/strong><sup><strong>\u00e8me<\/strong><\/sup><strong> semaine de grossesse=4<\/strong><sup><strong>\u00e8me<\/strong><\/sup><strong> semaine d\u2019am\u00e9norrh\u00e9e<\/strong><\/p>\n\n\n\n<p>C&rsquo;est cette semaine que d\u00e9bute la p\u00e9riode embryonnaire, et ce pour les 10 prochaines semaines. <br>\nLe test de grossesse devient positif.<\/p>\n\n\n\n<p>L\u2019embryon mesure 0.1 \u00e0 0.2 mm <br> <br> <strong>3<\/strong><sup><strong>\u00e8me<\/strong><\/sup><strong> semaine de grossesse=5<\/strong><sup><strong>\u00e8me<\/strong><\/sup><strong> semaine d\u2019am\u00e9norrh\u00e9e<\/strong><br> \u00a0Il mesure 0.2 \u00e0 0.5 mm.<\/p>\n\n\n\n<p>\u00a0<strong>4\u00e8me semaine de grossesse=6\u00e8me semaine d&rsquo;am\u00e9norrh\u00e9e\u00a0<\/strong><\/p>\n\n\n\n<p>Le coeur de votre futur b\u00e9b\u00e9 commence \u00e0 battre d\u00e8s 6 semaines et 0 jours d\u2019am\u00e9norrh\u00e9e. Il bat r\u00e9guli\u00e8rement entre 100 et 130 battements par minute. Il bat deux fois plus vite que le votre. Le sang commence donc \u00e0 circuler dans son corps&#8230; <br>\nVotre b\u00e9b\u00e9 mesure mois de 3 millim\u00e8tres en moyenne, de la t\u00eate au coccyx.<\/p>\n\n\n\n<p>En fait au 21e jour, il mesure 1.5mm, et au 28e jour, il mesure 5mm.&nbsp;<\/p>\n\n\n\n<p><strong>5\u00e8me semaine de grossesse=7\u00e8me semaine d&rsquo;am\u00e9norrh\u00e9e <\/strong><br> A la fin de la semaine, les bases du cerveau, de la moelle \u00e9pini\u00e8re, et du syst\u00e8me nerveux de votre b\u00e9b\u00e9 sont en place. Les yeux, les oreilles, la bouche se forment progressivement. Ses paupi\u00e8res apparaissent, ainsi que l&rsquo;\u00e9bauche de son petit nez. Ses membres commencent \u00e0 grandir, m\u00eame si ils ne sont pas encore tr\u00e8s finement dessin\u00e9s. Se d\u00e9veloppent parall\u00e8lement les tissus qui donneront la colonne vert\u00e9brale, ses c\u00f4tes et ses muscles abdominaux.<br> Son cordon ombilical a maintenant des vaisseaux bien distincts qui permettent de faire circuler nutriments et oxyg\u00e8ne dans tout son corps.<br> Il mesure de 5 \u00e0 7mm.<\/p>\n\n\n\n<p>\u00a0<strong>6\u00e8me semaine de grossesse=8\u00e8me semaine d&rsquo;am\u00e9norrh\u00e9e<\/strong><\/p>\n\n\n\n<p>La t\u00eate commence \u00e0 prendre forme. La colonne vert\u00e9brale se diff\u00e9rencie, le canal rachidien est ferm\u00e9.<br>\nIl p\u00e8se 1,5 grammes et mesure de 10 \u00e0 14mm.<\/p>\n\n\n\n<p>\u00a0<strong>7\u00e8me semaine de grossesse=9\u00e8me semaine d&rsquo;am\u00e9norrh\u00e9e <\/strong><br> Ses muscles et ses nerfs fonctionnent. Votre b\u00e9b\u00e9 a d\u00e9sormais des r\u00e9flexes et remue spontan\u00e9ment. Son thorax et son abdomen sont enti\u00e8rement form\u00e9s. Les poumons commencent leur lent d\u00e9veloppement. Le c\u0153ur est \u00e0 pr\u00e9sent dans la cavit\u00e9 thoracique, il bat avec force.<br> Si vous voyez votre enfant \u00e0 l&rsquo;\u00e9chographie, il a d\u00e9j\u00e0 la forme d&rsquo;un tout petit b\u00e9b\u00e9 avec une t\u00eate tr\u00e8s pro\u00e9minente, inclin\u00e9e sur le corps.<br> Il p\u00e8se 2 grammes et mesure de 17 \u00e0 22mm.<\/p>\n\n\n\n<p><strong>8\u00e8me semaine de grossesse=10\u00e8me semaine d&rsquo;am\u00e9norrh\u00e9e<\/strong><\/p>\n\n\n\n<p>Cette semaine, votre futur b\u00e9b\u00e9 quitte le stade d&#8217;embryon pour devenir un foetus.<br>\nLe 47e jour de votre grossesse, les premi\u00e8res cellules osseuses commencent \u00e0 remplacer les cartilages qui constituaient jusqu&rsquo;\u00e0 pr\u00e9sent l&rsquo;ossature de votre b\u00e9b\u00e9. Les os des bras et des jambes commencent \u00e0 durcir et \u00e0 s&rsquo;allonger. Le visage et la m\u00e2choire sont form\u00e9s, mais les dents et les muscles faciaux sont encore \u00e0 l&rsquo;\u00e9tat d&rsquo;\u00e9bauche. Tous les organes vitaux sont \u00e9bauch\u00e9s: le c\u0153ur, les poumons, le cerveau, le foie, les intestins, mais ils restent encore tr\u00e8s immatures.&nbsp; Sa t\u00eate prend proportionnellement moins de place, mais elle repr\u00e9sente encore la moiti\u00e9 de la longueur cranio-caudale (de la t\u00eate au coccyx)!<br>\nSes doigts commencent \u00e0 se s\u00e9parer, ses bras et ses jambes grandissent et&#8230; bougent beaucoup! <br>\nIl p\u00e8se 3 grammes et mesure 3 cm.<\/p>\n\n\n\n<div class=\"wp-block-image\"><figure class=\"alignright\"><img loading=\"lazy\" decoding=\"async\" width=\"361\" height=\"269\" src=\"http:\/\/gyneobs.com\/site\/wp-content\/uploads\/2019\/07\/Capture-d\u2019\u00e9cran-2019-07-07-\u00e0-09.32.36.png\" alt=\"\" class=\"wp-image-2044\" srcset=\"http:\/\/gyneobs.com\/site\/wp-content\/uploads\/2019\/07\/Capture-d\u2019\u00e9cran-2019-07-07-\u00e0-09.32.36.png 361w, http:\/\/gyneobs.com\/site\/wp-content\/uploads\/2019\/07\/Capture-d\u2019\u00e9cran-2019-07-07-\u00e0-09.32.36-300x224.png 300w\" sizes=\"auto, (max-width: 361px) 100vw, 361px\" \/><\/figure><\/div>\n\n\n\n<p>\u00a0<strong>9\u00e8me semaine de grossesse=11\u00e8me semaine d&rsquo;am\u00e9norrh\u00e9e <\/strong><br> C&rsquo;est cette semaine qu&rsquo;il ouvrira la bouche pour la premi\u00e8re fois. Les bourgeons dentaires prennent place dans ses gencives. Sa l\u00e8vre sup\u00e9rieure est form\u00e9e. La vo\u00fbte de son palais est presque ferm\u00e9e. Les papilles et les glandes salivaires font leur apparition, ainsi que l&rsquo;\u00e9bauche des cordes vocales.<br> Ses yeux sont compl\u00e8tement form\u00e9s, mais la membrane des futures paupi\u00e8res n&rsquo;est pas encore termin\u00e9e. Cette semaine se sont les mains et les pieds qui se d\u00e9veloppent le plus vite. Ses doigts sont d\u00e9tach\u00e9s, il va bient\u00f4t pouvoir ouvrir et fermer ses poings.<br> Son c\u0153ur bat au rythme de 150 pulsations par minute (en moyenne). <br> Il p\u00e8se 10 grammes et mesure 5.5 cm.<\/p>\n\n\n\n<p>\u00a0<strong>10\u00e8me semaine de grossesse=12\u00e8me semaine d&rsquo;am\u00e9norrh<\/strong>\u00e9e <br> Le cerveau s&rsquo;\u00e9tant consid\u00e9rablement d\u00e9velopp\u00e9, la t\u00eate de votre b\u00e9b\u00e9 est encore tr\u00e8s grosse par rapport au reste du corps. Son visage se dessine. Les muscles de la paroi abdominale se forment, les reins prennent leur place d\u00e9finitive, les poumons continuent leur d\u00e9veloppement. <br> Votre b\u00e9b\u00e9 mesure maintenant 5 cm (longueur cranio-caudale) et 7.5 cm si on compte les jambes&#8230; et il p\u00e8se 20 grammes.<\/p>\n\n\n\n<p><strong>11\u00e8me semaine de grossesse=13\u00e8me semaine d&rsquo;am\u00e9norrh\u00e9e<\/strong><\/p>\n\n\n\n<p>A la fin de cette semaine, tous les organes vitaux sont form\u00e9s, et la plupart d&rsquo;entre eux fonctionnent. Maintenant, ils vont grandir. Et non seulement tout le corps de votre b\u00e9b\u00e9 est en \u00e9tat de marche, mais il a \u00e9galement des proportions de plus en plus harmonieuses.<br>\nSa t\u00eate ne repr\u00e9sente maintenant qu&rsquo;un tiers de son corps.<br>\nIl p\u00e8se 30 grammes et mesure 8.5 cm.<\/p>\n\n\n\n<p><strong>12\u00e8me semaine de grossesse=14\u00e8me semaine d&rsquo;am\u00e9norrh\u00e9e<\/strong><\/p>\n\n\n\n<p>Les muscles r\u00e9pondent au cerveau. Ce ne sont encore que des mouvements r\u00e9flexes, le cerveau n&rsquo;\u00e9tant pas encore suffisamment mature pour les contr\u00f4ler. Son visage devient mobile, lui permettant de froncer les sourcils ou de serrer les l\u00e8vres.<br>\nIl p\u00e8se 45 grammes et mesure10 cm.&nbsp;<\/p>\n\n\n\n<p>\u00a0<strong>13\u00e8me semaine de grossesse=15\u00e8me semaine d&rsquo;am\u00e9norrh\u00e9e<\/strong><br> A la fin de cette semaine, votre b\u00e9b\u00e9 est bien form\u00e9.<br> Le d\u00e9veloppement de son cou lui permet de tourner le t\u00eate librement.<br> Ses poumons se perfectionnent, des petits mouvements respiratoires s&rsquo;amorcent en entra\u00eenement.<br> Vous pouvez commencer \u00e0 le sentir bouger, surtout si vous avez l\u2019exp\u00e9rience d\u2019une pr\u00e9c\u00e9dente grossesse. Si ce n\u2019est pas le cas vous r\u00e9aliserez de quoi il s\u2019agit qu\u2019un peu plus tard, peut-\u00eatre dans 3 ou 4 semaines. Les mouvements sont presque imperceptibles au d\u00e9but.<br> Il p\u00e8se 65 grammes et mesure12 cm.<\/p>\n\n\n\n<p>\u00a0<strong>14\u00e8me semaine de grossesse=16\u00e8me semaine d&rsquo;am\u00e9norrh\u00e9e<\/strong><br> Cette semaine d\u00e9bute le second trimestre de votre grossesse. Pendant les 3 prochains mois votre b\u00e9b\u00e9 va essentiellement grandir et ses organes sont en pleine maturation. <br> En l&rsquo;espace d&rsquo;une semaine, il a quasiment doubl\u00e9 son poids, il p\u00e8se environ 110 grammes et mesure 14cm. <br> <br> <strong>15\u00e8me semaine de grossesse=17\u00e8me semaine d&rsquo;am\u00e9norrh\u00e9e<\/strong><br> Votre b\u00e9b\u00e9 commence \u00e0 entendre. Le liquide conduisant bien le son, il entend, \u00e0 travers le liquide amniotique, votre c\u0153ur, votre estomac et surtout votre voix. Certains sons ext\u00e9rieurs lui sont \u00e9galement perceptibles. Par contre, son cerveau n&rsquo;est pas encore suffisamment mature pour interpr\u00e9ter ces informations sonores. Ses premiers cheveux font leur apparition, il a \u00e9galement quelques sourcils.<br> Le lanugo, petit duvet de poils, commence \u00e0 pousser, lui permettant de maintenir son corps \u00e0 temp\u00e9rature constante. La plus grande partie de ces petits poils partiront avant la naissance. <br> Il p\u00e8se 135 grammes et mesure 16 cm.<\/p>\n\n\n\n<p><strong>\u00a016\u00e8me semaine de grossesse=18\u00e8me semaine d&rsquo;am\u00e9norrh\u00e9e <\/strong><br> Il a acquis le r\u00e9flexe de succion. Il r\u00e9agit aux stimulations visuelles. Il se prot\u00e8ge les yeux avec ses mains \u00e0 une lumi\u00e8re trop violente. Votre b\u00e9b\u00e9 remue beaucoup.<br> Son travail quotidien: bouger, se retourner, exercer ses bras, ses jambes, ses articulations&#8230; vous commencez peut-\u00eatre \u00e0 le sentir bouger d&rsquo;ailleurs!<br> Il p\u00e8se 160 grammes et mesure 17.5cm<\/p>\n\n\n\n<p>\u00a0<strong>17\u00e8me semaine de grossesse=19\u00e8me semaine d&rsquo;am\u00e9norrh\u00e9e <\/strong><br> La peau de votre b\u00e9b\u00e9 se d\u00e9veloppe. Elle est toujours transparente. Une sorte d&rsquo;enduit commence \u00e0 recouvrir votre b\u00e9b\u00e9: le vernix, lui permettant de prot\u00e9ger sa peau.<br> Ses bras et ses jambes sont en parfaites proportions avec le reste de son corps.<br> Cette semaine est une v\u00e9ritable explosion pour ses sens gr\u00e2ce \u00e0 la consolidation des r\u00e9seaux de neurones, les aires sp\u00e9cialis\u00e9es de l&rsquo;odeur, du go\u00fbt, de l&rsquo;ou\u00efe, de la vision et du toucher se mettent en place dans son cerveau.<br> Le sexe de votre b\u00e9b\u00e9 est maintenant suffisamment d\u00e9velopp\u00e9 pour qu&rsquo;on puisse le reconna\u00eetre \u00e0 l&rsquo;\u00e9chographie. <br> Il p\u00e8se 200 grammes et sa taille est de 19 cm.<\/p>\n\n\n\n<p><strong>\u00a018\u00e8me semaine de grossesse=20\u00e8me semaine d&rsquo;am\u00e9norrh\u00e9e<\/strong><br> Votre b\u00e9b\u00e9 entend d\u00e9sormais les sons ext\u00e9rieurs \u00e0 votre corps. Si un bruit violent retentit, il l\u00e8ve les mains pour couvrir ses oreilles, il peut m\u00eame sursauter dans votre ventre, ou s&rsquo;enfouir pour s&rsquo;en prot\u00e9ger. Il remue la plupart du temps, il donne beaucoup de coup de poings et de pieds, vous le sentirez certainement cette semaine, si ce n&rsquo;est d\u00e9j\u00e0 fait.<br> Il p\u00e8se maintenant 250 grammes et mesure 20 cm.<\/p>\n\n\n\n<p>\u00a0<strong>19\u00e8me semaine de grossesse=21\u00e8me semaine d&rsquo;am\u00e9norrh\u00e9e<\/strong><br> Il dort beaucoup (20 heures par jour), et se r\u00e9veille plus particuli\u00e8rement lorsque vous vous reposez.<\/p>\n\n\n\n<p>Il p\u00e8se 300 grammes et mesure 21.5 cm<\/p>\n\n\n\n<p><strong>20\u00e8me semaine de grossesse=22\u00e8me semaine d&rsquo;am\u00e9norrh\u00e9e<\/strong><br> Cette semaine et la suivante sont la p\u00e9riode id\u00e9ale pour r\u00e9aliser l\u2019\u00e9chographie morphologique destin\u00e9e \u00e0 v\u00e9rifier l\u2019absence de malformation.\u00a0 Son poids est de 380 grammes et il mesure 22.5 cm, mais l\u2019\u00e9chographie ne permet plus de le mesurer dans toute sa longueur car il est repli\u00e9 sur lui-m\u00eame\u00a0; elle ne mesure que des segments particuliers comme la t\u00eate, l\u2019abdomen, le f\u00e9mur, le cervelet, etc.<\/p>\n\n\n\n<p><strong>21\u00e8me semaine de grossesse= 23\u00e8me semaine d&rsquo;am\u00e9norrh<\/strong>\u00e9e<br> Le vernix a d\u00e9sormais compl\u00e8tement recouvert son corps, il le prot\u00e9gera durant les 3 derniers mois qu&rsquo;il passera dans le liquide amniotique, dont la teneur en urine est croissante&#8230;<br> Ce vernix va se dissoudre avant la naissance, il en restera juste assez pour jouer le r\u00f4le de lubrifiant au moment de l&rsquo;accouchement pour faciliter sa naissance.Votre b\u00e9b\u00e9 peut sucer son pouce! Votre b\u00e9b\u00e9 entend bien les sons, notamment les sons graves, qu&rsquo;il m\u00e9morise. Ces sons profonds, qu&rsquo;il aura entendu pendant votre grossesse, ne le surprendront pas apr\u00e8s sa naissance.<br> Il p\u00e8se 450 grammes et mesure 24 cm.\u00a0<\/p>\n\n\n\n<div class=\"wp-block-image\"><figure class=\"alignright\"><img loading=\"lazy\" decoding=\"async\" width=\"222\" height=\"222\" src=\"http:\/\/gyneobs.com\/site\/wp-content\/uploads\/2019\/07\/Capture-d\u2019\u00e9cran-2019-07-07-\u00e0-09.33.12.png\" alt=\"\" class=\"wp-image-2045\" srcset=\"http:\/\/gyneobs.com\/site\/wp-content\/uploads\/2019\/07\/Capture-d\u2019\u00e9cran-2019-07-07-\u00e0-09.33.12.png 222w, http:\/\/gyneobs.com\/site\/wp-content\/uploads\/2019\/07\/Capture-d\u2019\u00e9cran-2019-07-07-\u00e0-09.33.12-150x150.png 150w\" sizes=\"auto, (max-width: 222px) 100vw, 222px\" \/><\/figure><\/div>\n\n\n\n<p><strong>22\u00e8me semaine de grossesse=24\u00e8me semaine d&rsquo;am\u00e9norrh\u00e9e<\/strong><br> L&rsquo;organisme de votre b\u00e9b\u00e9 commence \u00e0 produire des globules blancs, qui lui permettront de lutter contre les maladies et les infections. Il r\u00e9agit \u00e0 vos caresses et aux sons qui l&rsquo;atteignent. Ses cils et ses sourcils ont \u00e9galement fait leur apparition.<br> Il p\u00e8se 500 grammes et mesure 26 cm.<\/p>\n\n\n\n<p>\u00a0<strong>23\u00e8me semaine de grossesse=25\u00e8me semaine d&rsquo;am\u00e9norrh\u00e9e<\/strong><\/p>\n\n\n\n<p>Il p\u00e8se 550 grammes et mesure 28 cm.<\/p>\n\n\n\n<p>&nbsp;24\u00e8me semaine de grossesse=26\u00e8me semaine d&rsquo;am\u00e9norrh\u00e9e<br>\nL&rsquo;appareil auditif de votre b\u00e9b\u00e9 est achev\u00e9: les organes de l&rsquo;\u00e9quilibre ont pris leur taille d\u00e9finitive!<br>\nIl entend tr\u00e8s bien les sons, une petite musique lui est tout \u00e0 fait agr\u00e9able.<br>\nSes ongles commencent \u00e0 pousser.&nbsp;Les ongles des mains seront pr\u00eats avant les ongles des pieds.<br>\nSi vous avez un gar\u00e7on, ses testicules descendent dans le scrotum&#8230; voyage qui va durer environ 3 jours! <br>\nMaintenant il p\u00e8se 630 grammes et sa taille est de 30 cm.<\/p>\n\n\n\n<p>\u00a0<strong>25\u00e8me semaine de grossesse=27\u00e8me semaine d&rsquo;am\u00e9norrh\u00e9e<\/strong><br> Il peut mettre son pouce dans la bouche. Cette semaine il acquiert une fonction essentielle: il peut pleurer. Ses os commencent \u00e0 durcir.\u00a0 Sa croissance se ralentit et devient r\u00e9guli\u00e8re. Il alterne ses phases de veille et de sommeil \u00e0 un rythme r\u00e9gulier.<br> Il p\u00e8se 750 grammes et mesure 32 cm.<\/p>\n\n\n\n<p>\u00a0<strong>26\u00e8me semaine de grossesse=28\u00e8me semaine d&rsquo;am\u00e9norrh\u00e9e<\/strong> <br> Vous entamez votre dernier trimestre de grossesse.<br> Votre b\u00e9b\u00e9 peut-\u00eatre en train de r\u00eaver. On observe \u00e0 cette phase des ondes qui sont identiques \u00e0 celle du sommeil paradoxal chez l&rsquo;adulte! Le volume du liquide amniotique diminue au fur et \u00e0 mesure que votre b\u00e9b\u00e9 grandit. Il ouvre ses yeux, et regarde avec int\u00e9r\u00eat les sources lumineuses qui traversent votre ventre. Si cette lumi\u00e8re est trop violente, il se d\u00e9tournera vivement pour se prot\u00e9ger!<\/p>\n\n\n\n<p>Il p\u00e8se 850 grammes et sa taille est de 33 cm.&nbsp;<\/p>\n\n\n\n<p><strong>\u00a027\u00e8me semaine de grossesse=29\u00e8me semaine d&rsquo;am\u00e9norrh\u00e9e<\/strong> <br> A ce stade, les yeux de votre b\u00e9b\u00e9 sont probablement bleus, il ne prendront leur v\u00e9ritable couleur que quelques mois apr\u00e8s la naissance.<br> Il p\u00e8se 1 kg et mesure 34 cm.<\/p>\n\n\n\n<p>\u00a0<strong>28\u00e8me semaine de grossesse=30\u00e8me semaine d&rsquo;am\u00e9norrh\u00e9e<\/strong><br> Poids: 1 kg 150<br> Taille: 35 cm.<\/p>\n\n\n\n<p>\u00a0<strong>29\u00e8me semaine de grossesse=31\u00e8me semaine d&rsquo;am\u00e9norrh\u00e9e<\/strong><br> Votre b\u00e9b\u00e9 entend de mieux en mieux. De la perception de vibrations, il distingue maintenant de v\u00e9ritables sons. Il reconna\u00eet les voix qu&rsquo;il a m\u00e9moris\u00e9 ces derni\u00e8res semaines. On sait que son rythme cardiaque s&rsquo;acc\u00e9l\u00e8re quand il entend le son de votre voix ou celle de son papa.<br> Il entend aussi la musique, \u00e0 condition qu&rsquo;elle soit suffisamment forte; elle doit traverser le liquide et le vernix! Des airs que vous aurez \u00e9cout\u00e9 \u00e0 partir de maintenant, il pourra les reconna\u00eetre apr\u00e8s sa naissance, vous le verrez cesser de bouger pour mieux l&rsquo;\u00e9couter.<br> Il prend en ce moment presque 200 grammes par semaine, mais ne grandit que de quelques millim\u00e8tres.\u00a0<\/p>\n\n\n\n<p>Il p\u00e8se environ 1300g et mesure 36cm.&nbsp;<\/p>\n\n\n\n<p>\u00a0<strong>30\u00e8me semaine de grossesse=32\u00e8me semaine d&rsquo;am\u00e9norrh\u00e9e<\/strong><br> Il p\u00e8se autour de 1500g et mesure 37 cm.<\/p>\n\n\n\n<p><strong>31\u00e8me semaine de grossesse=33\u00e8me semaine d&rsquo;am\u00e9norrh\u00e9e<\/strong><br> Il remue moins, car il commence \u00e0 manquer de place. Il se tient en g\u00e9n\u00e9ral les genoux repli\u00e9s, les bras et les jambes crois\u00e9s, le menton reposant sur la poitrine. Vers\u00a0 cette p\u00e9riode se situe la derni\u00e8re \u00e9chographie. Elle permet de s&rsquo;assurer de la croissance du b\u00e9b\u00e9, de v\u00e9rifier que tout va bien au niveau des \u00e9changes avec le placenta&#8230; bref, elle permet de s&rsquo;assurer que la grossesse va bien se terminer.<br> Il p\u00e8se 1700g et mesure 39 cm.<\/p>\n\n\n\n<p>\u00a0<strong>32\u00e8me semaine de grossesse=34\u00e8me semaine d&rsquo;am\u00e9norrh\u00e9e<\/strong><br> Son poids se situe en moyenne autour de 1900g et il mesure 40cm.<\/p>\n\n\n\n<p><strong>\u00a033\u00e8me semaine de grossesse=35\u00e8me semaine d&rsquo;am\u00e9norrh<\/strong>\u00e9e <br> Il bouge beaucoup moins, par manque de place. Son d\u00e9veloppement est quasi complet. <br> Le poids est autour de 2100g et la taille de 42cm.<\/p>\n\n\n\n<div class=\"wp-block-image\"><figure class=\"alignright\"><img loading=\"lazy\" decoding=\"async\" width=\"218\" height=\"224\" src=\"http:\/\/gyneobs.com\/site\/wp-content\/uploads\/2019\/07\/Capture-d\u2019\u00e9cran-2019-07-07-\u00e0-09.33.48.png\" alt=\"\" class=\"wp-image-2046\"\/><\/figure><\/div>\n\n\n\n<p>\u00a0<br> <strong>34\u00e8me semaine de grossesse=36\u00e8me semaine d&rsquo;am\u00e9norrh\u00e9e<\/strong><br> Les plupart des organes de votre b\u00e9b\u00e9 sont matures \u00e0 l\u2019exception peut-\u00eatre des poumons.<br> Il s&rsquo;entra\u00eene \u00e0 respirer avec fr\u00e9n\u00e9sie, mais comme il n&rsquo;y a pas d&rsquo;air, il inspire du liquide ce qui lui donne de fr\u00e9quentes crises de hoquet. Ses yeux sont bleu ardoise, et il s&rsquo;essaye \u00e0 cligner des paupi\u00e8res.<br> Ses cheveux ont pouss\u00e9, ils sont peut-\u00eatre tr\u00e8s longs (jusqu&rsquo;\u00e0 5 centim\u00e8tres).<br> Il r\u00e9agit aux voix famili\u00e8res.<br> Il dort beaucoup, comme vous, il attend&#8230;<br> Son poids est en moyenne de 2300 grammes, mais d\u2019un b\u00e9b\u00e9 \u00e0 l\u2019autre il commence a y avoir de grandes diff\u00e9rences. Il existe en effet des b\u00e9b\u00e9s plut\u00f4t gros et d\u2019autres plut\u00f4t petits. Sa taille est de 43cm.<\/p>\n\n\n\n<p><strong>35\u00e8me semaine de grossesse=37\u00e8me semaine d&rsquo;am\u00e9norrh\u00e9e<\/strong><br> Cette semaine, il prend surtout du poids, il devient de plus en plus potel\u00e9.\u00a0<br> Le lanugo, petite protection de poils tombe, le vernix quant \u00e0 lui subsiste encore, d&rsquo;ailleurs, il en aura certainement un peu \u00e0 la naissance, ce sont ces petites plaques blanches que l&rsquo;on voit sur sa peau alors qu&rsquo;il vient juste d&rsquo;arriver dans vos bras.\u00a0 <br> Cette semaine, si votre b\u00e9b\u00e9 naissait, il ne serait plus consid\u00e9r\u00e9 comme pr\u00e9matur\u00e9. En particulier, ses poumons\u00a0 peuvent lui permettre de respirer sans probl\u00e8me.<br> Il est suffisamment fort pour affronter la vie a\u00e9rienne!<br> Le poids moyen est de 2500grammes et la taille de 45 cm.<\/p>\n\n\n\n<p><strong>36\u00e8me semaine de grossesse=38\u00e8me semaine d&rsquo;am\u00e9norrh\u00e9e<\/strong><\/p>\n\n\n\n<p>Votre b\u00e9b\u00e9 au cours de ce trimestre a re\u00e7u de vous, des anticorps. Il est de ce fait prot\u00e9g\u00e9 contre toutes les maladies que vous avez eues, et b\u00e9n\u00e9ficie de l&rsquo;immunit\u00e9 des vaccins que vous avez re\u00e7us.<br>\nSon rythme de croissance se ralentit, mais il prend encore du poids.<br>\nLe poids moyen est de 2700 grammes et il mesure dans les 46,5 cm.<\/p>\n\n\n\n<p><strong>\u00a037\u00e8me semaine de grossesse=39\u00e8me semaine d&rsquo;am\u00e9norrh\u00e9e<\/strong>\u00a0<\/p>\n\n\n\n<p>Vous \u00eates dans la p\u00e9riode o\u00f9 l\u2019accouchement peut parfaitement survenir. Vous pouvez sentir des contractions r\u00e9guli\u00e8res, avec un rythme de plus en plus rapproch\u00e9&#8230; mais si elles s&rsquo;arr\u00eatent c\u2019est que vous n\u2019\u00eates pas en travail.<\/p>\n\n\n\n<p>Le poids moyen est de 2900 grammes et il mesure 48 cm.<\/p>\n\n\n\n<p>\u00a0<strong>38\u00e8me semaine de grossesse=40\u00e8me semaine d&rsquo;am\u00e9norrh\u00e9e<\/strong><\/p>\n\n\n\n<p>Maintenant, votre b\u00e9b\u00e9 peut arriver d&rsquo;un moment \u00e0 l&rsquo;autre.<\/p>\n\n\n\n<p>Il peut peser dans les 3000 \u00e0 3300g et mesure souvent 50cm.<\/p>\n","protected":false},"excerpt":{"rendered":"<p>Premi\u00e8re semaine de grossesse=3\u00e8me semaine d\u2019am\u00e9norrh\u00e9e Apr\u00e8s la f\u00e9condation, les cellules commencent \u00e0 se diviser. Il faut 4 jours \u00e0 l&rsquo;ovule f\u00e9cond\u00e9 pour atteindre l&rsquo;ut\u00e9rus, o\u00f9 il va se fixer. Votre futur b\u00e9b\u00e9 est pour le moment \u00ab\u00a0un blastocyte\u00a0\u00bb, c&rsquo;est \u00e0 dire un amas d&rsquo;environ 100 cellules. La partie externe du blastocyte deviendra le placenta. [&hellip;]<\/p>\n","protected":false},"author":1,"featured_media":0,"parent":1067,"menu_order":2,"comment_status":"closed","ping_status":"closed","template":"","meta":{"_exactmetrics_skip_tracking":false,"_exactmetrics_sitenote_active":false,"_exactmetrics_sitenote_note":"","_exactmetrics_sitenote_category":0,"footnotes":""},"class_list":["post-1078","page","type-page","status-publish","hentry","post"],"_links":{"self":[{"href":"http:\/\/gyneobs.com\/site\/wp-json\/wp\/v2\/pages\/1078","targetHints":{"allow":["GET"]}}],"collection":[{"href":"http:\/\/gyneobs.com\/site\/wp-json\/wp\/v2\/pages"}],"about":[{"href":"http:\/\/gyneobs.com\/site\/wp-json\/wp\/v2\/types\/page"}],"author":[{"embeddable":true,"href":"http:\/\/gyneobs.com\/site\/wp-json\/wp\/v2\/users\/1"}],"replies":[{"embeddable":true,"href":"http:\/\/gyneobs.com\/site\/wp-json\/wp\/v2\/comments?post=1078"}],"version-history":[{"count":2,"href":"http:\/\/gyneobs.com\/site\/wp-json\/wp\/v2\/pages\/1078\/revisions"}],"predecessor-version":[{"id":2047,"href":"http:\/\/gyneobs.com\/site\/wp-json\/wp\/v2\/pages\/1078\/revisions\/2047"}],"up":[{"embeddable":true,"href":"http:\/\/gyneobs.com\/site\/wp-json\/wp\/v2\/pages\/1067"}],"wp:attachment":[{"href":"http:\/\/gyneobs.com\/site\/wp-json\/wp\/v2\/media?parent=1078"}],"curies":[{"name":"wp","href":"https:\/\/api.w.org\/{rel}","templated":true}]}}