{"id":1067,"date":"2019-07-03T22:21:28","date_gmt":"2019-07-03T20:21:28","guid":{"rendered":"http:\/\/gyneobs.com\/site\/?page_id=1067"},"modified":"2019-07-06T19:38:11","modified_gmt":"2019-07-06T17:38:11","slug":"la-grossesse","status":"publish","type":"page","link":"http:\/\/gyneobs.com\/site\/obstetrique\/la-grossesse\/","title":{"rendered":"GROSSESSE ET ACCOUCHEMENT PHYSIOLOGIQUE"},"content":{"rendered":"<p><div id=\"ccchildpages-1\" class=\"ccchildpages  simple ccclearfix\"><ul class=\"ccchildpages_list ccclearfix\"><li class=\"page_item page-item-1069\"><a href=\"http:\/\/gyneobs.com\/site\/obstetrique\/la-grossesse\/le-bilan-preconceptionnel\/\">Le bilan pr\u00e9conceptionnel<\/a><\/li>\n<li class=\"page_item page-item-1073\"><a href=\"http:\/\/gyneobs.com\/site\/obstetrique\/la-grossesse\/les-consultations-prenatales\/\">Les consultations pr\u00e9natales<\/a><\/li>\n<li class=\"page_item page-item-1078\"><a href=\"http:\/\/gyneobs.com\/site\/obstetrique\/la-grossesse\/le-developpement-du-bebe-semaine-par-semaine\/\">Le d\u00e9veloppement du b\u00e9b\u00e9, semaine par semaine<\/a><\/li>\n<li class=\"page_item page-item-2529\"><a href=\"http:\/\/gyneobs.com\/site\/obstetrique\/la-grossesse\/le-depistage-des-anomalies-chromosomiques-au-premier-trimestre\/\">Le d\u00e9pistage des anomalies chromosomiques au premier trimestre<\/a><\/li>\n<li class=\"page_item page-item-1093\"><a href=\"http:\/\/gyneobs.com\/site\/obstetrique\/la-grossesse\/lamniocentese\/\">L&rsquo;amniocent\u00e8se<\/a><\/li>\n<li class=\"page_item page-item-1089\"><a href=\"http:\/\/gyneobs.com\/site\/obstetrique\/la-grossesse\/la-biopsie-de-trophoblaste\/\">La biopsie de trophoblaste<\/a><\/li>\n<li class=\"page_item page-item-1097\"><a href=\"http:\/\/gyneobs.com\/site\/obstetrique\/la-grossesse\/vomissements-gravidiques\/\">Vomissements gravidiques<\/a><\/li>\n<li class=\"page_item page-item-1106\"><a href=\"http:\/\/gyneobs.com\/site\/obstetrique\/la-grossesse\/hygiene-et-petits-ennuis-de-la-grossesse\/\">Hygi\u00e8ne et petits ennuis de la grossesse<\/a><\/li>\n<li class=\"page_item page-item-1109\"><a href=\"http:\/\/gyneobs.com\/site\/obstetrique\/la-grossesse\/alimentation-et-grossesse\/\">Alimentation et grossesse<\/a><\/li>\n<li class=\"page_item page-item-1115\"><a href=\"http:\/\/gyneobs.com\/site\/obstetrique\/la-grossesse\/voyages-et-grossesse\/\">Voyages et grossesse<\/a><\/li>\n<li class=\"page_item page-item-1231\"><a href=\"http:\/\/gyneobs.com\/site\/obstetrique\/la-grossesse\/laccouchement-phenomenes-dynamiques\/\">L&rsquo;accouchement: ph\u00e9nom\u00e8nes dynamiques<\/a><\/li>\n<li class=\"page_item page-item-1233\"><a href=\"http:\/\/gyneobs.com\/site\/obstetrique\/la-grossesse\/laccouchement-phenomenes-mecaniques\/\">L&rsquo;accouchement: ph\u00e9nom\u00e8nes m\u00e9caniques<\/a><\/li>\n<li class=\"page_item page-item-1235\"><a href=\"http:\/\/gyneobs.com\/site\/obstetrique\/la-grossesse\/la-cardiotocographie\/\">La cardiotocographie<\/a><\/li>\n<li class=\"page_item page-item-1283\"><a href=\"http:\/\/gyneobs.com\/site\/obstetrique\/la-grossesse\/la-programmation-de-laccouchement\/\">La programmation de l&rsquo;accouchement<\/a><\/li>\n<li class=\"page_item page-item-1285\"><a href=\"http:\/\/gyneobs.com\/site\/obstetrique\/la-grossesse\/participer-a-son-propre-accouchement\/\">Participer \u00e0 son propre accouchement<\/a><\/li>\n<li class=\"page_item page-item-1269\"><a href=\"http:\/\/gyneobs.com\/site\/obstetrique\/la-grossesse\/gaz-du-sang-au-cordon-ombilical\/\">Gaz du sang au cordon ombilical<\/a><\/li>\n<li class=\"page_item page-item-1117\"><a href=\"http:\/\/gyneobs.com\/site\/obstetrique\/la-grossesse\/vaccinations-et-grossesse\/\">Vaccinations et grossesse<\/a><\/li>\n<li class=\"page_item page-item-1201\"><a href=\"http:\/\/gyneobs.com\/site\/obstetrique\/la-grossesse\/la-radiopelvimetrie\/\">La radiopelvim\u00e9trie<\/a><\/li>\n<li class=\"page_item page-item-1271\"><a href=\"http:\/\/gyneobs.com\/site\/obstetrique\/la-grossesse\/lanalgesie-peridurale\/\">L&rsquo;analg\u00e9sie p\u00e9ridurale<\/a><\/li>\n<li class=\"page_item page-item-1287\"><a href=\"http:\/\/gyneobs.com\/site\/obstetrique\/la-grossesse\/la-delivrance\/\">La d\u00e9livrance<\/a><\/li>\n<li class=\"page_item page-item-1363\"><a href=\"http:\/\/gyneobs.com\/site\/obstetrique\/la-grossesse\/lallaitement-maternel\/\">L&rsquo;allaitement maternel<\/a><\/li>\n<li class=\"page_item page-item-1373\"><a href=\"http:\/\/gyneobs.com\/site\/obstetrique\/la-grossesse\/la-reeducation-perineale\/\">La r\u00e9\u00e9ducation p\u00e9rin\u00e9ale<\/a><\/li><\/ul><\/div><br \/>\n<div id=\"ccchildpages-2\" class=\"ccchildpages threecol simple ccclearfix\"><div class=\"ccchildpage  ccfirst ccodd ccpage-count-1 ccpage-id-1069 ccpage-le-bilan-preconceptionnel ccpage-has-parent ccpage-pid-1067 ccpage-parent-la-grossesse\"><h3>Le bilan pr\u00e9conceptionnel<\/h3><div class=\"ccpages_excerpt\">Le certificat p\u00e9nuptial et la consultation pr\u00e9nuptiale ont \u00e9t\u00e9 supprim\u00e9s en 2007. Il n\u2019en reste pas moins que ce que l\u2019on va appeler un bilan pr\u00e9conceptionnel reste utile et conseill\u00e9 lors d\u2019une demande d\u2019arr\u00eat d\u2019une contraception, en cas de projet de mariage ou en r\u00e9ponse aux demandes spontan\u00e9es d\u2019une femme ou d\u2019un couple qui a...<\/div><p class=\"ccpages_more\"><a href=\"http:\/\/gyneobs.com\/site\/obstetrique\/la-grossesse\/le-bilan-preconceptionnel\/\"  title=\"Plus ...\">Plus ...<\/a><\/p><\/div><div class=\"ccchildpage  cceven ccpage-count-2 ccpage-id-1073 ccpage-les-consultations-prenatales ccpage-has-parent ccpage-pid-1067 ccpage-parent-la-grossesse\"><h3>Les consultations pr\u00e9natales<\/h3><div class=\"ccpages_excerpt\">Elles sont en g\u00e9n\u00e9ral faites au rythme de une par mois. La tension art\u00e9rielle est prise syst\u00e9matiquement \u00e0 chaque visite. Elle est plus basse pendant la grossesse et doit rester inf\u00e9rieure \u00e0 13\/8.&nbsp;La prise de poids doit \u00eatre en moyenne de 8 \u00e0 12 kg au total. Cette prise de poids ne se fait pas...<\/div><p class=\"ccpages_more\"><a href=\"http:\/\/gyneobs.com\/site\/obstetrique\/la-grossesse\/les-consultations-prenatales\/\"  title=\"Plus ...\">Plus ...<\/a><\/p><\/div><div class=\"ccchildpage  cclast ccodd ccpage-count-3 ccpage-id-1078 ccpage-le-developpement-du-bebe-semaine-par-semaine ccpage-has-parent ccpage-pid-1067 ccpage-parent-la-grossesse\"><h3>Le d\u00e9veloppement du b\u00e9b\u00e9, semaine par semaine<\/h3><div class=\"ccpages_excerpt\">Premi\u00e8re semaine de grossesse=3\u00e8me semaine d\u2019am\u00e9norrh\u00e9e Apr\u00e8s la f\u00e9condation, les cellules commencent \u00e0 se diviser. Il faut 4 jours \u00e0 l'ovule f\u00e9cond\u00e9 pour atteindre l'ut\u00e9rus, o\u00f9 il va se fixer. Votre futur b\u00e9b\u00e9 est pour le moment \"un blastocyte\", c'est \u00e0 dire un amas d'environ 100 cellules. La partie externe du blastocyte deviendra le placenta....<\/div><p class=\"ccpages_more\"><a href=\"http:\/\/gyneobs.com\/site\/obstetrique\/la-grossesse\/le-developpement-du-bebe-semaine-par-semaine\/\"  title=\"Plus ...\">Plus ...<\/a><\/p><\/div><div class=\"ccchildpage  ccfirst cceven ccpage-count-4 ccpage-id-2529 ccpage-le-depistage-des-anomalies-chromosomiques-au-premier-trimestre ccpage-has-parent ccpage-pid-1067 ccpage-parent-la-grossesse\"><h3>Le d\u00e9pistage des anomalies chromosomiques au premier trimestre<\/h3><div class=\"ccpages_excerpt\">On appelle anomalie chromosomique toute modification du nombre ou de la structure des chromosomes. La plus connue et la plus fr\u00e9quente est la trisomie 21 ou syndrome de Down (Down syndrome) ou mongolisme. Il en existe aussi beaucoup d\u2019autres; certaines \u00e9tant incompatibles avec la vie et provoquent g\u00e9n\u00e9ralement des fausses couches, d\u2019autres sont responsables de...<\/div><p class=\"ccpages_more\"><a href=\"http:\/\/gyneobs.com\/site\/obstetrique\/la-grossesse\/le-depistage-des-anomalies-chromosomiques-au-premier-trimestre\/\"  title=\"Plus ...\">Plus ...<\/a><\/p><\/div><div class=\"ccchildpage  ccodd ccpage-count-5 ccpage-id-1093 ccpage-lamniocentese ccpage-has-parent ccpage-pid-1067 ccpage-parent-la-grossesse\"><h3>L&rsquo;amniocent\u00e8se<\/h3><div class=\"ccpages_excerpt\">Il s'agit d'un pr\u00e9l\u00e8vement d\u2019une petite quantit\u00e9 du liquide qui entoure le b\u00e9b\u00e9 dans l'ut\u00e9rus (le liquide amniotique) par ponction \u00e0 l'aide d'une aiguille \u00e0 travers le ventre de la m\u00e8re. Cet examen est r\u00e9alis\u00e9 le plus souvent pour \u00e9tudier les chromosomes de l'enfant (caryotype).&nbsp; Cet examen est g\u00e9n\u00e9ralement pratiqu\u00e9 entre la 15\u00e8me et la...<\/div><p class=\"ccpages_more\"><a href=\"http:\/\/gyneobs.com\/site\/obstetrique\/la-grossesse\/lamniocentese\/\"  title=\"Plus ...\">Plus ...<\/a><\/p><\/div><div class=\"ccchildpage  cclast cceven ccpage-count-6 ccpage-id-1089 ccpage-la-biopsie-de-trophoblaste ccpage-has-parent ccpage-pid-1067 ccpage-parent-la-grossesse\"><h3>La biopsie de trophoblaste<\/h3><div class=\"ccpages_excerpt\">Le diagnostic pr\u00e9natal par biopsie de trophoblaste (\u00e9galement appel\u00e9 biopsie de villosit\u00e9s choriales, ou chorionic villus sampling (CVS) en anglais) au premier trimestre de la grossesse est devenu une alternative possible aux techniques traditionnelles du deuxi\u00e8me trimestre. Il est r\u00e9alisable \u00e0 partir de 10 semaines. Sa pr\u00e9cocit\u00e9 permet : - d\u2019\u00eatre rassur\u00e9e plus t\u00f4t, -...<\/div><p class=\"ccpages_more\"><a href=\"http:\/\/gyneobs.com\/site\/obstetrique\/la-grossesse\/la-biopsie-de-trophoblaste\/\"  title=\"Plus ...\">Plus ...<\/a><\/p><\/div><div class=\"ccchildpage  ccfirst ccodd ccpage-count-7 ccpage-id-1097 ccpage-vomissements-gravidiques ccpage-has-parent ccpage-pid-1067 ccpage-parent-la-grossesse\"><h3>Vomissements gravidiques<\/h3><div class=\"ccpages_excerpt\">Les vomissements gravidiques incoercibles compliquent 0,5 \u00e0 2 % des grossesses et repr\u00e9sentent la premi\u00e8re cause d\u2019hospitalisation en premi\u00e8re partie de grossesse. Ils sont responsables d'une perte de poids (sup\u00e9rieure \u00e0 5 % du poids initial) avec d\u00e9shydratation, acidoc\u00e9tose et hypokali\u00e9mie. La physiopathologie exacte reste encore inconnue \u00e0 ce jour mais elle est certainement multifactorielle...<\/div><p class=\"ccpages_more\"><a href=\"http:\/\/gyneobs.com\/site\/obstetrique\/la-grossesse\/vomissements-gravidiques\/\"  title=\"Plus ...\">Plus ...<\/a><\/p><\/div><div class=\"ccchildpage  cceven ccpage-count-8 ccpage-id-1106 ccpage-hygiene-et-petits-ennuis-de-la-grossesse ccpage-has-parent ccpage-pid-1067 ccpage-parent-la-grossesse\"><h3>Hygi\u00e8ne et petits ennuis de la grossesse<\/h3><div class=\"ccpages_excerpt\">&nbsp;Un certain nombre de conseils peuvent vous \u00eatre prodigu\u00e9s. Mais, conseils ne signifie pas obligation, et on gardera pr\u00e9sent \u00e0 l\u2019esprit que le plus souvent ce sont les contrari\u00e9t\u00e9s qui sont n\u00e9fastes pour les femmes enceintes. Concernant les petits ennuis de la femme enceinte, la liste est longue et non exhaustive mais, rassurez-vous, vous ne...<\/div><p class=\"ccpages_more\"><a href=\"http:\/\/gyneobs.com\/site\/obstetrique\/la-grossesse\/hygiene-et-petits-ennuis-de-la-grossesse\/\"  title=\"Plus ...\">Plus ...<\/a><\/p><\/div><div class=\"ccchildpage  cclast ccodd ccpage-count-9 ccpage-id-1109 ccpage-alimentation-et-grossesse ccpage-has-parent ccpage-pid-1067 ccpage-parent-la-grossesse\"><h3>Alimentation et grossesse<\/h3><div class=\"ccpages_excerpt\">\u00c0 l\u2019exception de certains cas particuliers, il n\u2019est pas n\u00e9cessaire de prescrire de v\u00e9ritable r\u00e9gime \u00e0 la femme enceinte. L\u2019app\u00e9tit \u00e9tant stimul\u00e9 \u00e0 partir du deuxi\u00e8me trimestre, il est plut\u00f4t n\u00e9cessaire dans nos contr\u00e9es de lutter contre la boulimie et d\u2019expliquer qu\u2019il ne faut pas \u00abmanger pour deux\u00bb, les besoins caloriques du f\u0153tus en fin...<\/div><p class=\"ccpages_more\"><a href=\"http:\/\/gyneobs.com\/site\/obstetrique\/la-grossesse\/alimentation-et-grossesse\/\"  title=\"Plus ...\">Plus ...<\/a><\/p><\/div><div class=\"ccchildpage  ccfirst cceven ccpage-count-10 ccpage-id-1115 ccpage-voyages-et-grossesse ccpage-has-parent ccpage-pid-1067 ccpage-parent-la-grossesse\"><h3>Voyages et grossesse<\/h3><div class=\"ccpages_excerpt\">La grossesse n'est pas une contre-indication au voyage. \u00e0 condition que tout se passe parfaitement bien, et que vous ne pr\u00e9sentiez aucun facteur de risque. Si votre m\u00e9decin vous a prescrit le repos, pas question de bouger. De m\u00eame si vous attendez des jumeaux, il vaudra mieux vous abstenir. La grossesse g\u00e9mellaire est consid\u00e9r\u00e9e comme...<\/div><p class=\"ccpages_more\"><a href=\"http:\/\/gyneobs.com\/site\/obstetrique\/la-grossesse\/voyages-et-grossesse\/\"  title=\"Plus ...\">Plus ...<\/a><\/p><\/div><div class=\"ccchildpage  ccodd ccpage-count-11 ccpage-id-1231 ccpage-laccouchement-phenomenes-dynamiques ccpage-has-parent ccpage-pid-1067 ccpage-parent-la-grossesse\"><h3>L&rsquo;accouchement: ph\u00e9nom\u00e8nes dynamiques<\/h3><div class=\"ccpages_excerpt\">L\u2019accouchement est l\u2019aboutissement de ph\u00e9nom\u00e8nes dynamiques et m\u00e9caniques. Les ph\u00e9nom\u00e8nes dynamiques sont le fait des tissus mous et regroupent : les contractions ut\u00e9rines, la dilatation du col et les modifications p\u00e9rin\u00e9ales li\u00e9es au passage de l\u2019enfant. On appelle ph\u00e9nom\u00e8nes m\u00e9caniques la n\u00e9cessaire adaptation du f\u0153tus, et en particulier de sa t\u00eate, \u00e0 la forme de...<\/div><p class=\"ccpages_more\"><a href=\"http:\/\/gyneobs.com\/site\/obstetrique\/la-grossesse\/laccouchement-phenomenes-dynamiques\/\"  title=\"Plus ...\">Plus ...<\/a><\/p><\/div><div class=\"ccchildpage  cclast cceven ccpage-count-12 ccpage-id-1233 ccpage-laccouchement-phenomenes-mecaniques ccpage-has-parent ccpage-pid-1067 ccpage-parent-la-grossesse\"><h3>L&rsquo;accouchement: ph\u00e9nom\u00e8nes m\u00e9caniques<\/h3><div class=\"ccpages_excerpt\">Les ph\u00e9nom\u00e8nes m\u00e9caniques de l\u2019accouchement sont d\u00e9termin\u00e9s par la forme et les dimensions de la t\u00eate f\u0153tale, la forme et les dimensions du bassin maternel et les rapports que doivent contracter ces deux \u00e9l\u00e9ments au cours&nbsp; du travail et de l\u2019expulsion. I-Le mobile foetal \u00a0 \u00a0 A-La t\u00eate &nbsp; &nbsp; &nbsp; &nbsp; 1-Description La t\u00eate...<\/div><p class=\"ccpages_more\"><a href=\"http:\/\/gyneobs.com\/site\/obstetrique\/la-grossesse\/laccouchement-phenomenes-mecaniques\/\"  title=\"Plus ...\">Plus ...<\/a><\/p><\/div><div class=\"ccchildpage  ccfirst ccodd ccpage-count-13 ccpage-id-1235 ccpage-la-cardiotocographie ccpage-has-parent ccpage-pid-1067 ccpage-parent-la-grossesse\"><h3>La cardiotocographie<\/h3><div class=\"ccpages_excerpt\">I-G\u00e9n\u00e9ralit\u00e9s La cardiotocographie, apparue dans les ann\u00e9es 60 est la m\u00e9thode de surveillance f\u0153tale de r\u00e9f\u00e9rence. permet de r\u00e9aliser un enregistrement du rythme cardiaque f\u0153tal&nbsp; (RCF) \u00e0 l\u2019aide d\u2019un appareil appel\u00e9 \u00ab&nbsp;cardiotocographe&nbsp;\u00bb. Il permet de r\u00e9aliser \u00e0 la fois un enregistrement du rythme cardiaque f\u0153tal et un enregistrement des contractions ut\u00e9rines \u00e0 l\u2019aide de capteurs...<\/div><p class=\"ccpages_more\"><a href=\"http:\/\/gyneobs.com\/site\/obstetrique\/la-grossesse\/la-cardiotocographie\/\"  title=\"Plus ...\">Plus ...<\/a><\/p><\/div><div class=\"ccchildpage  cceven ccpage-count-14 ccpage-id-1283 ccpage-la-programmation-de-laccouchement ccpage-has-parent ccpage-pid-1067 ccpage-parent-la-grossesse\"><h3>La programmation de l&rsquo;accouchement<\/h3><div class=\"ccpages_excerpt\">La programmation de l\u2019accouchement , r\u00e9alis\u00e9e \u00e0 titre syst\u00e9matique, est une technique obst\u00e9tricale de pointe qui vise \u00e0 am\u00e9liorer la s\u00e9curit\u00e9 materno-foetale tout en am\u00e9liorant la qualit\u00e9 organisationnelle de la prise en charge des parturientes. Il ne s\u2019agit en aucun cas d\u2019une solution de facilit\u00e9 mais d\u2019une m\u00e9thode qui demande une grande rigueur et un...<\/div><p class=\"ccpages_more\"><a href=\"http:\/\/gyneobs.com\/site\/obstetrique\/la-grossesse\/la-programmation-de-laccouchement\/\"  title=\"Plus ...\">Plus ...<\/a><\/p><\/div><div class=\"ccchildpage  cclast ccodd ccpage-count-15 ccpage-id-1285 ccpage-participer-a-son-propre-accouchement ccpage-has-parent ccpage-pid-1067 ccpage-parent-la-grossesse\"><h3>Participer \u00e0 son propre accouchement<\/h3><div class=\"ccpages_excerpt\">Plut\u00f4t que de rester passive et laisser tout faire \u00e0 l\u2019\u00e9quipe m\u00e9dicale, il est parfaitement possible pour les femmes qui le souhaitent de personnaliser un peu l\u2019accouchement. J\u2019entends par \u00abpersonnaliser\u00bb le fait d\u2019opter pour des positions diff\u00e9rentes, le fait de sortir le b\u00e9b\u00e9 soi-m\u00eame, et de favoriser la participation du p\u00e8re. Tout cel\u00e0, bien s\u00fbr...<\/div><p class=\"ccpages_more\"><a href=\"http:\/\/gyneobs.com\/site\/obstetrique\/la-grossesse\/participer-a-son-propre-accouchement\/\"  title=\"Plus ...\">Plus ...<\/a><\/p><\/div><div class=\"ccchildpage  ccfirst cceven ccpage-count-16 ccpage-id-1269 ccpage-gaz-du-sang-au-cordon-ombilical ccpage-has-parent ccpage-pid-1067 ccpage-parent-la-grossesse\"><h3>Gaz du sang au cordon ombilical<\/h3><div class=\"ccpages_excerpt\">Les infirmit\u00e9s motrices c\u00e9r\u00e9brales surviennent chez 1-2% des enfants n\u00e9s \u00e0 terme. Dans 10 \u00e0 20% des cas, elles font suite \u00e0 une asphyxie per partum. L\u2019analyse des gaz du sang au cordon ombilical apr\u00e8s l\u2019accouchement\u00a0permet de diagnostiquer ou d\u2019infirmer une \u00e9ventuelle asphyxie f\u0153tale et d\u2019\u00e9tablir un lien avec les \u00e9v\u00e9nements survenus en cours de...<\/div><p class=\"ccpages_more\"><a href=\"http:\/\/gyneobs.com\/site\/obstetrique\/la-grossesse\/gaz-du-sang-au-cordon-ombilical\/\"  title=\"Plus ...\">Plus ...<\/a><\/p><\/div><div class=\"ccchildpage  ccodd ccpage-count-17 ccpage-id-1117 ccpage-vaccinations-et-grossesse ccpage-has-parent ccpage-pid-1067 ccpage-parent-la-grossesse\"><h3>Vaccinations et grossesse<\/h3><div class=\"ccpages_excerpt\">Les diff\u00e9rents types de vaccins On peut distinguer deux grands types de vaccins ce qui rev\u00eat une grande importance en cas de grossesse &nbsp; &nbsp; -Les vaccins dits \"vivants\" att\u00e9nu\u00e9s parce qu\u2019ils sont produits avec des virus dont la virulence a \u00e9t\u00e9 diminu\u00e9e par des proc\u00e9d\u00e9s particuliers. Ils donnent une infection asymptomatique ou \u00e0 peine...<\/div><p class=\"ccpages_more\"><a href=\"http:\/\/gyneobs.com\/site\/obstetrique\/la-grossesse\/vaccinations-et-grossesse\/\"  title=\"Plus ...\">Plus ...<\/a><\/p><\/div><div class=\"ccchildpage  cclast cceven ccpage-count-18 ccpage-id-1201 ccpage-la-radiopelvimetrie ccpage-has-parent ccpage-pid-1067 ccpage-parent-la-grossesse\"><h3>La radiopelvim\u00e9trie<\/h3><div class=\"ccpages_excerpt\">I-D\u00e9finition L\u2019\u00e9tude du bssin a pour but est d\u2019essayer de pr\u00e9voir le succ\u00e8s ou non de l\u2019accouchement par voie basse. Elle peut se faire par des proc\u00e9d\u00e9s cliniques (toucher vaginal ou compas obst\u00e9trical) ou des proc\u00e9d\u00e9s radiologiques, c\u2019est la radiopelvim\u00e9trie. II-Les diff\u00e9rentes m\u00e9thodes \u00a0 \u00a0 A-La pelvim\u00e9trie conventionnelle C\u2019est une radio utilisant des rayons X....<\/div><p class=\"ccpages_more\"><a href=\"http:\/\/gyneobs.com\/site\/obstetrique\/la-grossesse\/la-radiopelvimetrie\/\"  title=\"Plus ...\">Plus ...<\/a><\/p><\/div><div class=\"ccchildpage  ccfirst ccodd ccpage-count-19 ccpage-id-1271 ccpage-lanalgesie-peridurale ccpage-has-parent ccpage-pid-1067 ccpage-parent-la-grossesse\"><h3>L&rsquo;analg\u00e9sie p\u00e9ridurale<\/h3><div class=\"ccpages_excerpt\">La p\u00e9ridurale est une technique d'anesth\u00e9sie locale et r\u00e9gionale. C'est la plus utilis\u00e9e en ce qui concerne les accouchements. Le principe&nbsp; L'anesth\u00e9sie par p\u00e9ridurale permet de bloquer la transmission des sensations douloureuses au niveau des nerfs de la moelle \u00e9pini\u00e8re. Ce blocage est tr\u00e8s localis\u00e9, puisque l'anesth\u00e9sie se pratique au niveau de la 3e et...<\/div><p class=\"ccpages_more\"><a href=\"http:\/\/gyneobs.com\/site\/obstetrique\/la-grossesse\/lanalgesie-peridurale\/\"  title=\"Plus ...\">Plus ...<\/a><\/p><\/div><div class=\"ccchildpage  cceven ccpage-count-20 ccpage-id-1287 ccpage-la-delivrance ccpage-has-parent ccpage-pid-1067 ccpage-parent-la-grossesse\"><h3>La d\u00e9livrance<\/h3><div class=\"ccpages_excerpt\">La d\u00e9livrance est l\u2019expulsion du placenta et des membranes. Il faut y apporter la plus grande attention car elle expose \u00e0 des complications domin\u00e9es par des h\u00e9morragies aussi brutales que graves. M\u00e9canisme physiologique de la d\u00e9livrance Le d\u00e9roulement naturel de la d\u00e9livrance n\u00e9cessite la r\u00e9alisation de trois ph\u00e9nom\u00e8nes : \u2014 un d\u00e9collement du placenta ;...<\/div><p class=\"ccpages_more\"><a href=\"http:\/\/gyneobs.com\/site\/obstetrique\/la-grossesse\/la-delivrance\/\"  title=\"Plus ...\">Plus ...<\/a><\/p><\/div><div class=\"ccchildpage  cclast ccodd ccpage-count-21 ccpage-id-1363 ccpage-lallaitement-maternel ccpage-has-parent ccpage-pid-1067 ccpage-parent-la-grossesse\"><h3>L&rsquo;allaitement maternel<\/h3><div class=\"ccpages_excerpt\">Le post-partum imm\u00e9diat est une p\u00e9riode critique. La femme enceinte, objet de tous soins, se m\u00e9tamorphose brutalement en m\u00e8re, confront\u00e9e \u00e0 un nouveau-n\u00e9 qu\u2019il lui faut \u00abadopter\u00bb. L\u2019attention m\u00e9dicale se rel\u00e2che, se fait plus distante face \u00e0 cette jeune femme, vuln\u00e9rable, fatigu\u00e9e. C\u2019est pourtant au cours de cette \u00abcrise\u00bb que va se jouer la qualit\u00e9...<\/div><p class=\"ccpages_more\"><a href=\"http:\/\/gyneobs.com\/site\/obstetrique\/la-grossesse\/lallaitement-maternel\/\"  title=\"Plus ...\">Plus ...<\/a><\/p><\/div><div class=\"ccchildpage  ccfirst cceven ccpage-count-22 ccpage-id-1373 ccpage-la-reeducation-perineale ccpage-has-parent ccpage-pid-1067 ccpage-parent-la-grossesse\"><h3>La r\u00e9\u00e9ducation p\u00e9rin\u00e9ale<\/h3><div class=\"ccpages_excerpt\">La r\u00e9\u00e9ducation p\u00e9rin\u00e9ale vise \u00e0 obtenir : \u2014 une prise de conscience de la musculature du p\u00e9rin\u00e9e ; \u2014 une int\u00e9gration de cette musculature dans la vie quotidienne comme muscles compl\u00e9tant la continence,&nbsp; comme un moyen d\u2019am\u00e9liorer la g\u00e8ne fonctionnelle due \u00e0 la tendance au prolapsus et pour am\u00e9liorer la qualit\u00e9 de la fonction sexuelle....<\/div><p class=\"ccpages_more\"><a href=\"http:\/\/gyneobs.com\/site\/obstetrique\/la-grossesse\/la-reeducation-perineale\/\"  title=\"Plus ...\">Plus ...<\/a><\/p><\/div><\/div><\/p>\n","protected":false},"excerpt":{"rendered":"","protected":false},"author":1,"featured_media":0,"parent":864,"menu_order":0,"comment_status":"closed","ping_status":"closed","template":"","meta":{"_exactmetrics_skip_tracking":false,"_exactmetrics_sitenote_active":false,"_exactmetrics_sitenote_note":"","_exactmetrics_sitenote_category":0,"footnotes":""},"class_list":["post-1067","page","type-page","status-publish","hentry","post"],"_links":{"self":[{"href":"http:\/\/gyneobs.com\/site\/wp-json\/wp\/v2\/pages\/1067","targetHints":{"allow":["GET"]}}],"collection":[{"href":"http:\/\/gyneobs.com\/site\/wp-json\/wp\/v2\/pages"}],"about":[{"href":"http:\/\/gyneobs.com\/site\/wp-json\/wp\/v2\/types\/page"}],"author":[{"embeddable":true,"href":"http:\/\/gyneobs.com\/site\/wp-json\/wp\/v2\/users\/1"}],"replies":[{"embeddable":true,"href":"http:\/\/gyneobs.com\/site\/wp-json\/wp\/v2\/comments?post=1067"}],"version-history":[{"count":4,"href":"http:\/\/gyneobs.com\/site\/wp-json\/wp\/v2\/pages\/1067\/revisions"}],"predecessor-version":[{"id":1883,"href":"http:\/\/gyneobs.com\/site\/wp-json\/wp\/v2\/pages\/1067\/revisions\/1883"}],"up":[{"embeddable":true,"href":"http:\/\/gyneobs.com\/site\/wp-json\/wp\/v2\/pages\/864"}],"wp:attachment":[{"href":"http:\/\/gyneobs.com\/site\/wp-json\/wp\/v2\/media?parent=1067"}],"curies":[{"name":"wp","href":"https:\/\/api.w.org\/{rel}","templated":true}]}}