{"id":1020,"date":"2019-07-03T21:31:15","date_gmt":"2019-07-03T19:31:15","guid":{"rendered":"http:\/\/gyneobs.com\/site\/?page_id=1020"},"modified":"2019-07-03T21:31:15","modified_gmt":"2019-07-03T19:31:15","slug":"la-gestation-pour-autrui-gpa","status":"publish","type":"page","link":"http:\/\/gyneobs.com\/site\/infertilite-et-procreation-medicalement-assistee\/les-dons\/la-gestation-pour-autrui-gpa\/","title":{"rendered":"La gestation pour autrui (GPA)"},"content":{"rendered":"\n<p class=\"has-drop-cap\">La gestation pour autrui ou maternit\u00e9 de substitution est une m\u00e9thode d&rsquo;Assistance m\u00e9dicale \u00e0 la Procr\u00e9ation qui se pratique g\u00e9n\u00e9ralement en cas d&rsquo;infertilit\u00e9 f\u00e9minine li\u00e9e \u00e0 l&rsquo;absence d\u2019ut\u00e9rus ou \u00e0 sa d\u00e9formation. La m\u00e8re porteuse porte l&rsquo;enfant d&rsquo;un couple qui a fourni ses embryons. Elle ne fournit pas une contribution g\u00e9n\u00e9tique, c&rsquo;est-\u00e0-dire un ovule, mais elle prend en charge le d\u00e9veloppement in utero d&rsquo;un embryon, et \u00e0 la naissance elle remet l&rsquo;enfant \u00e0 la \u00ab&nbsp;m\u00e8re g\u00e9n\u00e9tique&nbsp;\u00bb (ou \u00ab&nbsp;sociale&nbsp;\u00bb en cas de don d\u2019ovocytes) et \u00e0 son p\u00e8re. C&rsquo;est \u00e9galement une voie utilis\u00e9e par des couples homosexuels dans le cadre d&rsquo;une homoparentalit\u00e9 (deux p\u00e8res homosexuels \u00e9levant un enfant). Si les ovocytes ne sont pas ceux de la m\u00e8re porteuse, mais d&rsquo;une autre femme, on sera alors bien dans un cas de \u00ab&nbsp;gestation pour autrui&nbsp;\u00bb. Inversement, il s&rsquo;agira d&rsquo;une procr\u00e9ation pour autrui.<\/p>\n\n\n\n<p>Interdite dans certains pays, dont la France, autoris\u00e9e dans d\u2019autres, les l\u00e9gislations dans ce domaines sont tr\u00e8s variables, source de \u00abtourisme m\u00e9dical\u00bb.<\/p>\n","protected":false},"excerpt":{"rendered":"<p>La gestation pour autrui ou maternit\u00e9 de substitution est une m\u00e9thode d&rsquo;Assistance m\u00e9dicale \u00e0 la Procr\u00e9ation qui se pratique g\u00e9n\u00e9ralement en cas d&rsquo;infertilit\u00e9 f\u00e9minine li\u00e9e \u00e0 l&rsquo;absence d\u2019ut\u00e9rus ou \u00e0 sa d\u00e9formation. La m\u00e8re porteuse porte l&rsquo;enfant d&rsquo;un couple qui a fourni ses embryons. Elle ne fournit pas une contribution g\u00e9n\u00e9tique, c&rsquo;est-\u00e0-dire un ovule, mais [&hellip;]<\/p>\n","protected":false},"author":1,"featured_media":0,"parent":1387,"menu_order":2,"comment_status":"closed","ping_status":"closed","template":"","meta":{"_exactmetrics_skip_tracking":false,"_exactmetrics_sitenote_active":false,"_exactmetrics_sitenote_note":"","_exactmetrics_sitenote_category":0,"footnotes":""},"class_list":["post-1020","page","type-page","status-publish","hentry","post"],"_links":{"self":[{"href":"http:\/\/gyneobs.com\/site\/wp-json\/wp\/v2\/pages\/1020","targetHints":{"allow":["GET"]}}],"collection":[{"href":"http:\/\/gyneobs.com\/site\/wp-json\/wp\/v2\/pages"}],"about":[{"href":"http:\/\/gyneobs.com\/site\/wp-json\/wp\/v2\/types\/page"}],"author":[{"embeddable":true,"href":"http:\/\/gyneobs.com\/site\/wp-json\/wp\/v2\/users\/1"}],"replies":[{"embeddable":true,"href":"http:\/\/gyneobs.com\/site\/wp-json\/wp\/v2\/comments?post=1020"}],"version-history":[{"count":1,"href":"http:\/\/gyneobs.com\/site\/wp-json\/wp\/v2\/pages\/1020\/revisions"}],"predecessor-version":[{"id":1021,"href":"http:\/\/gyneobs.com\/site\/wp-json\/wp\/v2\/pages\/1020\/revisions\/1021"}],"up":[{"embeddable":true,"href":"http:\/\/gyneobs.com\/site\/wp-json\/wp\/v2\/pages\/1387"}],"wp:attachment":[{"href":"http:\/\/gyneobs.com\/site\/wp-json\/wp\/v2\/media?parent=1020"}],"curies":[{"name":"wp","href":"https:\/\/api.w.org\/{rel}","templated":true}]}}